192.0.102.40 - - [03/Mar/2023:21:00:39 -0800] "HEAD /HolyCross HTTP/1.1" 301 - "-" "jetmon/1.0 (Jetpack Site Uptime Monitor by WordPress.com)" "njcca.net"
192.0.102.40 - - [03/Mar/2023:21:00:41 -0800] "HEAD /BibleStudy HTTP/1.1" 301 - "-" "jetmon/1.0 (Jetpack Site Uptime Monitor by WordPress.com)" "njcca.net"
192.0.102.40 - - [03/Mar/2023:21:00:39 -0800] "HEAD /HolyCross/ HTTP/1.1" 200 - "-" "jetmon/1.0 (Jetpack Site Uptime Monitor by WordPress.com)" "njcca.net"
192.0.102.40 - - [03/Mar/2023:21:00:41 -0800] "HEAD /BibleStudy/ HTTP/1.1" 200 - "-" "jetmon/1.0 (Jetpack Site Uptime Monitor by WordPress.com)" "njcca.net"
10.247.24.79 - - [03/Mar/2023:21:00:45 -0800] "POST /HolyCross/wp-cron.php?doing_wp_cron=1677906045.4836330413818359375000 HTTP/1.1" 200 - "https://njcca.net/HolyCross/wp-cron.php?doing_wp_cron=1677906045.4836330413818359375000" "WordPress/6.1.1; https://njcca.net/HolyCross" "njcca.net"
72.88.221.226 - - [03/Mar/2023:21:01:09 -0800] "POST /HolyCross/wp-admin/admin-ajax.php HTTP/1.1" 200 1 "https://njcca.net/HolyCross/wp-admin/post.php?post=6351&action=edit" "Mozilla/5.0 (Windows NT 10.0; Win64; x64) AppleWebKit/537.36 (KHTML, like Gecko) Chrome/110.0.0.0 Safari/537.36" "njcca.net"
207.241.236.58 - - [03/Mar/2023:21:01:55 -0800] "GET /HolyCross/?p=6351 HTTP/1.1" 200 27576 "-" "Mozilla/5.0 (compatible; archive.org_bot +http://archive.org/details/archive.org_bot)" "njcca.net"
10.247.24.81 - - [03/Mar/2023:21:00:46 -0800] "POST /BibleStudy/wp-cron.php?doing_wp_cron=1677906046.3942489624023437500000 HTTP/1.1" 500 100 "https://njcca.net/BibleStudy/wp-cron.php?doing_wp_cron=1677906046.3942489624023437500000" "WordPress/6.0.3; https://njcca.net/BibleStudy" "njcca.net"
185.119.81.107 - - [03/Mar/2023:21:04:35 -0800] "GET /HolyCross/wp-login.php HTTP/1.1" 200 7250 "-" "Mozilla/5.0 (Windows NT 10.0; Win64; x64) AppleWebKit/537.36 (KHTML, like Gecko) Chrome/95.0.4638.54 Safari/537.36" "njcca.net"
10.247.24.79 - - [03/Mar/2023:21:04:40 -0800] "POST /HolyCross/wp-cron.php?doing_wp_cron=1677906280.0714819431304931640625 HTTP/1.1" 200 - "https://njcca.net/HolyCross/wp-cron.php?doing_wp_cron=1677906280.0714819431304931640625" "WordPress/6.1.1; https://njcca.net/HolyCross" "njcca.net"
185.119.81.107 - - [03/Mar/2023:21:04:41 -0800] "POST /HolyCross/wp-login.php HTTP/1.1" 200 7641 "https://njcca.net/HolyCross/wp-login.php" "Mozilla/5.0 (Windows NT 10.0; Win64; x64) AppleWebKit/537.36 (KHTML, like Gecko) Chrome/95.0.4638.54 Safari/537.36" "njcca.net"
192.0.102.40 - - [03/Mar/2023:21:09:20 -0800] "HEAD /BibleStudy HTTP/1.1" 301 - "-" "jetmon/1.0 (Jetpack Site Uptime Monitor by WordPress.com)" "njcca.net"
192.0.102.40 - - [03/Mar/2023:21:09:22 -0800] "HEAD /HolyCross HTTP/1.1" 301 - "-" "jetmon/1.0 (Jetpack Site Uptime Monitor by WordPress.com)" "njcca.net"
192.0.102.40 - - [03/Mar/2023:21:09:22 -0800] "HEAD /HolyCross/ HTTP/1.1" 200 - "-" "jetmon/1.0 (Jetpack Site Uptime Monitor by WordPress.com)" "njcca.net"
192.0.102.40 - - [03/Mar/2023:21:09:20 -0800] "HEAD /BibleStudy/ HTTP/1.1" 200 - "-" "jetmon/1.0 (Jetpack Site Uptime Monitor by WordPress.com)" "njcca.net"
10.247.24.81 - - [03/Mar/2023:21:09:26 -0800] "POST /HolyCross/wp-cron.php?doing_wp_cron=1677906566.5523400306701660156250 HTTP/1.1" 200 - "https://njcca.net/HolyCross/wp-cron.php?doing_wp_cron=1677906566.5523400306701660156250" "WordPress/6.1.1; https://njcca.net/HolyCross" "njcca.net"
10.247.24.79 - - [03/Mar/2023:21:09:26 -0800] "POST /BibleStudy/wp-cron.php?doing_wp_cron=1677906566.8823568820953369140625 HTTP/1.1" 500 100 "https://njcca.net/BibleStudy/wp-cron.php?doing_wp_cron=1677906566.8823568820953369140625" "WordPress/6.0.3; https://njcca.net/BibleStudy" "njcca.net"
37.220.87.5 - - [03/Mar/2023:21:13:17 -0800] "GET /praiseyeshua/2015/06/28/video/ HTTP/1.1" 404 73 "https://njcca.net/praiseyeshua/2015/06/28/video/" "Mozilla/5.0 (Windows NT 6.3) AppleWebKit/537.36 (KHTML, like Gecko) Chrome/90.0.4430.72 Safari/537.36" "njcca.net"
37.220.87.5 - - [03/Mar/2023:21:13:17 -0800] "GET / HTTP/1.1" 200 51100 "https://njcca.net/" "Mozilla/5.0 (Windows NT 6.3) AppleWebKit/537.36 (KHTML, like Gecko) Chrome/90.0.4430.72 Safari/537.36" "njcca.net"
10.247.24.79 - - [03/Mar/2023:21:13:21 -0800] "POST /HolyCross/wp-cron.php?doing_wp_cron=1677906801.4078619480133056640625 HTTP/1.1" 200 - "https://njcca.net/HolyCross/wp-cron.php?doing_wp_cron=1677906801.4078619480133056640625" "WordPress/6.1.1; https://njcca.net/HolyCross" "njcca.net"
37.220.87.5 - - [03/Mar/2023:21:13:23 -0800] "GET /HolyCross/?page_id=1147 HTTP/1.1" 200 33264 "https://njcca.net/HolyCross/?page_id=1147" "Mozilla/5.0 (Windows NT 6.3) AppleWebKit/537.36 (KHTML, like Gecko) Chrome/90.0.4430.72 Safari/537.36" "njcca.net"
192.0.102.40 - - [03/Mar/2023:21:16:17 -0800] "HEAD /BibleStudy HTTP/1.1" 301 - "-" "jetmon/1.0 (Jetpack Site Uptime Monitor by WordPress.com)" "njcca.net"
192.0.102.40 - - [03/Mar/2023:21:16:17 -0800] "HEAD /BibleStudy/ HTTP/1.1" 200 - "-" "jetmon/1.0 (Jetpack Site Uptime Monitor by WordPress.com)" "njcca.net"
207.241.236.58 - - [03/Mar/2023:21:16:57 -0800] "GET /HolyCross/?p=6351 HTTP/1.1" 200 27576 "-" "Mozilla/5.0 (compatible; archive.org_bot +http://archive.org/details/archive.org_bot)" "njcca.net"
192.0.102.40 - - [03/Mar/2023:21:17:02 -0800] "HEAD /HolyCross HTTP/1.1" 301 - "-" "jetmon/1.0 (Jetpack Site Uptime Monitor by WordPress.com)" "njcca.net"
10.247.24.81 - - [03/Mar/2023:21:17:00 -0800] "POST /HolyCross/wp-cron.php?doing_wp_cron=1677907020.6071040630340576171875 HTTP/1.1" 200 - "https://njcca.net/HolyCross/wp-cron.php?doing_wp_cron=1677907020.6071040630340576171875" "WordPress/6.1.1; https://njcca.net/HolyCross" "njcca.net"
192.0.102.40 - - [03/Mar/2023:21:17:02 -0800] "HEAD /HolyCross/ HTTP/1.1" 200 - "-" "jetmon/1.0 (Jetpack Site Uptime Monitor by WordPress.com)" "njcca.net"
10.247.24.81 - - [03/Mar/2023:21:16:23 -0800] "POST /BibleStudy/wp-cron.php?doing_wp_cron=1677906983.4981930255889892578125 HTTP/1.1" 500 100 "https://njcca.net/BibleStudy/wp-cron.php?doing_wp_cron=1677906983.4981930255889892578125" "WordPress/6.0.3; https://njcca.net/BibleStudy" "njcca.net"
192.0.102.40 - - [03/Mar/2023:21:24:58 -0800] "HEAD /BibleStudy HTTP/1.1" 301 - "-" "jetmon/1.0 (Jetpack Site Uptime Monitor by WordPress.com)" "njcca.net"
192.0.102.40 - - [03/Mar/2023:21:25:00 -0800] "HEAD /HolyCross HTTP/1.1" 301 - "-" "jetmon/1.0 (Jetpack Site Uptime Monitor by WordPress.com)" "njcca.net"
192.0.102.40 - - [03/Mar/2023:21:24:58 -0800] "HEAD /BibleStudy/ HTTP/1.1" 200 - "-" "jetmon/1.0 (Jetpack Site Uptime Monitor by WordPress.com)" "njcca.net"
192.0.102.40 - - [03/Mar/2023:21:25:00 -0800] "HEAD /HolyCross/ HTTP/1.1" 200 - "-" "jetmon/1.0 (Jetpack Site Uptime Monitor by WordPress.com)" "njcca.net"
10.247.24.80 - - [03/Mar/2023:21:25:04 -0800] "POST /HolyCross/wp-cron.php?doing_wp_cron=1677907504.1560308933258056640625 HTTP/1.1" 200 - "https://njcca.net/HolyCross/wp-cron.php?doing_wp_cron=1677907504.1560308933258056640625" "WordPress/6.1.1; https://njcca.net/HolyCross" "njcca.net"
10.247.24.79 - - [03/Mar/2023:21:25:03 -0800] "POST /BibleStudy/wp-cron.php?doing_wp_cron=1677907503.8724939823150634765625 HTTP/1.1" 500 100 "https://njcca.net/BibleStudy/wp-cron.php?doing_wp_cron=1677907503.8724939823150634765625" "WordPress/6.0.3; https://njcca.net/BibleStudy" "njcca.net"
207.241.236.58 - - [03/Mar/2023:21:31:59 -0800] "GET /HolyCross/?p=6351 HTTP/1.1" 200 27576 "-" "Mozilla/5.0 (compatible; archive.org_bot +http://archive.org/details/archive.org_bot)" "njcca.net"
10.247.24.79 - - [03/Mar/2023:21:32:05 -0800] "POST /HolyCross/wp-cron.php?doing_wp_cron=1677907925.0665891170501708984375 HTTP/1.1" 200 - "https://njcca.net/HolyCross/wp-cron.php?doing_wp_cron=1677907925.0665891170501708984375" "WordPress/6.1.1; https://njcca.net/HolyCross" "njcca.net"
192.0.102.40 - - [03/Mar/2023:21:32:18 -0800] "HEAD /BibleStudy HTTP/1.1" 301 - "-" "jetmon/1.0 (Jetpack Site Uptime Monitor by WordPress.com)" "njcca.net"
192.0.102.40 - - [03/Mar/2023:21:32:18 -0800] "HEAD /BibleStudy/ HTTP/1.1" 200 - "-" "jetmon/1.0 (Jetpack Site Uptime Monitor by WordPress.com)" "njcca.net"
192.0.102.40 - - [03/Mar/2023:21:32:40 -0800] "HEAD /HolyCross HTTP/1.1" 301 - "-" "jetmon/1.0 (Jetpack Site Uptime Monitor by WordPress.com)" "njcca.net"
192.0.102.40 - - [03/Mar/2023:21:32:40 -0800] "HEAD /HolyCross/ HTTP/1.1" 200 - "-" "jetmon/1.0 (Jetpack Site Uptime Monitor by WordPress.com)" "njcca.net"
10.247.24.81 - - [03/Mar/2023:21:32:23 -0800] "POST /BibleStudy/wp-cron.php?doing_wp_cron=1677907943.0634729862213134765625 HTTP/1.1" 500 100 "https://njcca.net/BibleStudy/wp-cron.php?doing_wp_cron=1677907943.0634729862213134765625" "WordPress/6.0.3; https://njcca.net/BibleStudy" "njcca.net"
192.0.102.40 - - [03/Mar/2023:21:40:48 -0800] "HEAD /HolyCross HTTP/1.1" 301 - "-" "jetmon/1.0 (Jetpack Site Uptime Monitor by WordPress.com)" "njcca.net"
192.0.102.40 - - [03/Mar/2023:21:40:48 -0800] "HEAD /HolyCross/ HTTP/1.1" 200 - "-" "jetmon/1.0 (Jetpack Site Uptime Monitor by WordPress.com)" "njcca.net"
10.247.24.80 - - [03/Mar/2023:21:40:53 -0800] "POST /HolyCross/wp-cron.php?doing_wp_cron=1677908453.7936849594116210937500 HTTP/1.1" 200 - "https://njcca.net/HolyCross/wp-cron.php?doing_wp_cron=1677908453.7936849594116210937500" "WordPress/6.1.1; https://njcca.net/HolyCross" "njcca.net"
192.0.102.40 - - [03/Mar/2023:21:40:58 -0800] "HEAD /BibleStudy HTTP/1.1" 301 - "-" "jetmon/1.0 (Jetpack Site Uptime Monitor by WordPress.com)" "njcca.net"
192.0.102.40 - - [03/Mar/2023:21:40:58 -0800] "HEAD /BibleStudy/ HTTP/1.1" 200 - "-" "jetmon/1.0 (Jetpack Site Uptime Monitor by WordPress.com)" "njcca.net"
10.247.24.80 - - [03/Mar/2023:21:41:02 -0800] "POST /BibleStudy/wp-cron.php?doing_wp_cron=1677908462.6271960735321044921875 HTTP/1.1" 500 100 "https://njcca.net/BibleStudy/wp-cron.php?doing_wp_cron=1677908462.6271960735321044921875" "WordPress/6.0.3; https://njcca.net/BibleStudy" "njcca.net"
207.241.236.58 - - [03/Mar/2023:21:47:02 -0800] "GET /HolyCross/?p=6351 HTTP/1.1" 200 27576 "-" "Mozilla/5.0 (compatible; archive.org_bot +http://archive.org/details/archive.org_bot)" "njcca.net"
10.247.24.79 - - [03/Mar/2023:21:47:06 -0800] "POST /HolyCross/wp-cron.php?doing_wp_cron=1677908826.3869431018829345703125 HTTP/1.1" 200 - "https://njcca.net/HolyCross/wp-cron.php?doing_wp_cron=1677908826.3869431018829345703125" "WordPress/6.1.1; https://njcca.net/HolyCross" "njcca.net"
192.0.102.40 - - [03/Mar/2023:21:48:04 -0800] "HEAD /HolyCross HTTP/1.1" 301 - "-" "jetmon/1.0 (Jetpack Site Uptime Monitor by WordPress.com)" "njcca.net"
192.0.102.40 - - [03/Mar/2023:21:48:07 -0800] "HEAD /BibleStudy HTTP/1.1" 301 - "-" "jetmon/1.0 (Jetpack Site Uptime Monitor by WordPress.com)" "njcca.net"
192.0.102.40 - - [03/Mar/2023:21:48:04 -0800] "HEAD /HolyCross/ HTTP/1.1" 200 - "-" "jetmon/1.0 (Jetpack Site Uptime Monitor by WordPress.com)" "njcca.net"
10.247.24.79 - - [03/Mar/2023:21:48:07 -0800] "POST /HolyCross/wp-cron.php?doing_wp_cron=1677908887.7353019714355468750000 HTTP/1.1" 200 - "https://njcca.net/HolyCross/wp-cron.php?doing_wp_cron=1677908887.7353019714355468750000" "WordPress/6.1.1; https://njcca.net/HolyCross" "njcca.net"
192.0.102.40 - - [03/Mar/2023:21:48:07 -0800] "HEAD /BibleStudy/ HTTP/1.1" 200 - "-" "jetmon/1.0 (Jetpack Site Uptime Monitor by WordPress.com)" "njcca.net"
10.247.24.80 - - [03/Mar/2023:21:48:11 -0800] "POST /BibleStudy/wp-cron.php?doing_wp_cron=1677908891.7375199794769287109375 HTTP/1.1" 500 100 "https://njcca.net/BibleStudy/wp-cron.php?doing_wp_cron=1677908891.7375199794769287109375" "WordPress/6.0.3; https://njcca.net/BibleStudy" "njcca.net"
49.7.20.123 - - [03/Mar/2023:21:52:33 -0800] "GET / HTTP/1.1" 200 51141 "-" "Sogou web spider/4.0(+http://www.sogou.com/docs/help/webmasters.htm#07)" "njcca.net"
10.247.24.79 - - [03/Mar/2023:21:52:37 -0800] "POST /HolyCross/wp-cron.php?doing_wp_cron=1677909157.5016620159149169921875 HTTP/1.1" 200 - "https://njcca.net/HolyCross/wp-cron.php?doing_wp_cron=1677909157.5016620159149169921875" "WordPress/6.1.1; https://njcca.net/HolyCross" "njcca.net"
192.0.102.40 - - [03/Mar/2023:21:56:11 -0800] "HEAD /HolyCross HTTP/1.1" 301 - "-" "jetmon/1.0 (Jetpack Site Uptime Monitor by WordPress.com)" "njcca.net"
192.0.102.40 - - [03/Mar/2023:21:56:12 -0800] "HEAD /HolyCross/ HTTP/1.1" 200 - "-" "jetmon/1.0 (Jetpack Site Uptime Monitor by WordPress.com)" "njcca.net"
10.247.24.80 - - [03/Mar/2023:21:56:15 -0800] "POST /HolyCross/wp-cron.php?doing_wp_cron=1677909375.8792889118194580078125 HTTP/1.1" 200 - "https://njcca.net/HolyCross/wp-cron.php?doing_wp_cron=1677909375.8792889118194580078125" "WordPress/6.1.1; https://njcca.net/HolyCross" "njcca.net"
192.0.102.40 - - [03/Mar/2023:21:56:26 -0800] "HEAD /BibleStudy HTTP/1.1" 301 - "-" "jetmon/1.0 (Jetpack Site Uptime Monitor by WordPress.com)" "njcca.net"
192.0.102.40 - - [03/Mar/2023:21:56:26 -0800] "HEAD /BibleStudy/ HTTP/1.1" 200 - "-" "jetmon/1.0 (Jetpack Site Uptime Monitor by WordPress.com)" "njcca.net"
10.247.24.81 - - [03/Mar/2023:21:56:30 -0800] "POST /BibleStudy/wp-cron.php?doing_wp_cron=1677909390.5093140602111816406250 HTTP/1.1" 500 100 "https://njcca.net/BibleStudy/wp-cron.php?doing_wp_cron=1677909390.5093140602111816406250" "WordPress/6.0.3; https://njcca.net/BibleStudy" "njcca.net"
27.53.65.167 - - [03/Mar/2023:21:58:54 -0800] "GET /favicon.ico HTTP/1.1" 404 88 "-" "Mozilla/5.0 (Windows NT 6.1; Win64; x64) AppleWebKit/537.36 (KHTML, like Gecko) Chrome/95.0.4638.69 Safari/537.36" "praise.njcca.net"
49.7.20.123 - - [03/Mar/2023:22:01:34 -0800] "GET / HTTP/1.1" 200 51100 "-" "Sogou web spider/4.0(+http://www.sogou.com/docs/help/webmasters.htm#07)" "njcca.net"
10.247.24.81 - - [03/Mar/2023:22:01:38 -0800] "POST /HolyCross/wp-cron.php?doing_wp_cron=1677909698.8366138935089111328125 HTTP/1.1" 200 - "https://njcca.net/HolyCross/wp-cron.php?doing_wp_cron=1677909698.8366138935089111328125" "WordPress/6.1.1; https://njcca.net/HolyCross" "njcca.net"
207.241.236.58 - - [03/Mar/2023:22:02:04 -0800] "GET /HolyCross/?p=6351 HTTP/1.1" 200 27576 "-" "Mozilla/5.0 (compatible; archive.org_bot +http://archive.org/details/archive.org_bot)" "njcca.net"
192.0.102.40 - - [03/Mar/2023:22:03:24 -0800] "HEAD /HolyCross HTTP/1.1" 301 - "-" "jetmon/1.0 (Jetpack Site Uptime Monitor by WordPress.com)" "njcca.net"
192.0.102.40 - - [03/Mar/2023:22:03:24 -0800] "HEAD /HolyCross/ HTTP/1.1" 200 - "-" "jetmon/1.0 (Jetpack Site Uptime Monitor by WordPress.com)" "njcca.net"
192.0.102.40 - - [03/Mar/2023:22:04:05 -0800] "HEAD /BibleStudy HTTP/1.1" 301 - "-" "jetmon/1.0 (Jetpack Site Uptime Monitor by WordPress.com)" "njcca.net"
192.0.102.40 - - [03/Mar/2023:22:04:05 -0800] "HEAD /BibleStudy/ HTTP/1.1" 200 - "-" "jetmon/1.0 (Jetpack Site Uptime Monitor by WordPress.com)" "njcca.net"
10.247.24.79 - - [03/Mar/2023:22:04:10 -0800] "POST /BibleStudy/wp-cron.php?doing_wp_cron=1677909850.0296630859375000000000 HTTP/1.1" 500 100 "https://njcca.net/BibleStudy/wp-cron.php?doing_wp_cron=1677909850.0296630859375000000000" "WordPress/6.0.3; https://njcca.net/BibleStudy" "njcca.net"
192.0.102.40 - - [03/Mar/2023:22:12:12 -0800] "HEAD /BibleStudy HTTP/1.1" 301 - "-" "jetmon/1.0 (Jetpack Site Uptime Monitor by WordPress.com)" "njcca.net"
192.0.102.40 - - [03/Mar/2023:22:12:12 -0800] "HEAD /BibleStudy/ HTTP/1.1" 200 - "-" "jetmon/1.0 (Jetpack Site Uptime Monitor by WordPress.com)" "njcca.net"
192.0.102.40 - - [03/Mar/2023:22:12:28 -0800] "HEAD /HolyCross HTTP/1.1" 301 - "-" "jetmon/1.0 (Jetpack Site Uptime Monitor by WordPress.com)" "njcca.net"
192.0.102.40 - - [03/Mar/2023:22:12:28 -0800] "HEAD /HolyCross/ HTTP/1.1" 200 - "-" "jetmon/1.0 (Jetpack Site Uptime Monitor by WordPress.com)" "njcca.net"
10.247.24.79 - - [03/Mar/2023:22:12:32 -0800] "POST /HolyCross/wp-cron.php?doing_wp_cron=1677910352.8833889961242675781250 HTTP/1.1" 200 - "https://njcca.net/HolyCross/wp-cron.php?doing_wp_cron=1677910352.8833889961242675781250" "WordPress/6.1.1; https://njcca.net/HolyCross" "njcca.net"
10.247.24.81 - - [03/Mar/2023:22:12:17 -0800] "POST /BibleStudy/wp-cron.php?doing_wp_cron=1677910337.7317759990692138671875 HTTP/1.1" 500 100 "https://njcca.net/BibleStudy/wp-cron.php?doing_wp_cron=1677910337.7317759990692138671875" "WordPress/6.0.3; https://njcca.net/BibleStudy" "njcca.net"
207.241.236.58 - - [03/Mar/2023:22:17:06 -0800] "GET /HolyCross/?p=6351 HTTP/1.1" 200 27576 "-" "Mozilla/5.0 (compatible; archive.org_bot +http://archive.org/details/archive.org_bot)" "njcca.net"
10.247.24.79 - - [03/Mar/2023:22:17:10 -0800] "POST /HolyCross/wp-cron.php?doing_wp_cron=1677910630.6875889301300048828125 HTTP/1.1" 200 - "https://njcca.net/HolyCross/wp-cron.php?doing_wp_cron=1677910630.6875889301300048828125" "WordPress/6.1.1; https://njcca.net/HolyCross" "njcca.net"
192.0.102.40 - - [03/Mar/2023:22:19:07 -0800] "HEAD /BibleStudy HTTP/1.1" 301 - "-" "jetmon/1.0 (Jetpack Site Uptime Monitor by WordPress.com)" "njcca.net"
192.0.102.40 - - [03/Mar/2023:22:19:07 -0800] "HEAD /BibleStudy/ HTTP/1.1" 200 - "-" "jetmon/1.0 (Jetpack Site Uptime Monitor by WordPress.com)" "njcca.net"
192.0.102.40 - - [03/Mar/2023:22:19:13 -0800] "HEAD /HolyCross HTTP/1.1" 301 - "-" "jetmon/1.0 (Jetpack Site Uptime Monitor by WordPress.com)" "njcca.net"
192.0.102.40 - - [03/Mar/2023:22:19:13 -0800] "HEAD /HolyCross/ HTTP/1.1" 200 - "-" "jetmon/1.0 (Jetpack Site Uptime Monitor by WordPress.com)" "njcca.net"
10.247.24.80 - - [03/Mar/2023:22:19:18 -0800] "POST /HolyCross/wp-cron.php?doing_wp_cron=1677910758.0589289665222167968750 HTTP/1.1" 200 - "https://njcca.net/HolyCross/wp-cron.php?doing_wp_cron=1677910758.0589289665222167968750" "WordPress/6.1.1; https://njcca.net/HolyCross" "njcca.net"
10.247.24.79 - - [03/Mar/2023:22:19:11 -0800] "POST /BibleStudy/wp-cron.php?doing_wp_cron=1677910751.8565390110015869140625 HTTP/1.1" 500 100 "https://njcca.net/BibleStudy/wp-cron.php?doing_wp_cron=1677910751.8565390110015869140625" "WordPress/6.0.3; https://njcca.net/BibleStudy" "njcca.net"
193.235.141.152 - - [03/Mar/2023:22:21:40 -0800] "GET / HTTP/1.1" 200 51100 "-" "Mozilla/5.0 (Windows NT 10.0; Win64; x64) AppleWebKit/537.36 (KHTML, like Gecko) Chrome/105.0.0.0 Safari/537.36" "njcca.net"
193.235.141.152 - - [03/Mar/2023:22:21:47 -0800] "GET /HolyCross/wp-content/uploads/2021/10/HolyRosaryChurch-scaled.jpeg HTTP/1.1" 200 597205 "-" "Mozilla/5.0 (Windows NT 10.0; Win64; x64) AppleWebKit/537.36 (KHTML, like Gecko) Chrome/105.0.0.0 Safari/537.36" "njcca.net"
10.247.24.80 - - [03/Mar/2023:22:21:44 -0800] "POST /HolyCross/wp-cron.php?doing_wp_cron=1677910904.3263819217681884765625 HTTP/1.1" 200 - "https://njcca.net/HolyCross/wp-cron.php?doing_wp_cron=1677910904.3263819217681884765625" "WordPress/6.1.1; https://njcca.net/HolyCross" "njcca.net"
192.0.102.40 - - [03/Mar/2023:22:27:47 -0800] "HEAD /BibleStudy HTTP/1.1" 301 - "-" "jetmon/1.0 (Jetpack Site Uptime Monitor by WordPress.com)" "njcca.net"
192.0.102.40 - - [03/Mar/2023:22:27:48 -0800] "HEAD /BibleStudy/ HTTP/1.1" 200 - "-" "jetmon/1.0 (Jetpack Site Uptime Monitor by WordPress.com)" "njcca.net"
10.247.24.79 - - [03/Mar/2023:22:27:54 -0800] "POST /BibleStudy/wp-cron.php?doing_wp_cron=1677911274.4956099987030029296875 HTTP/1.1" 500 2565 "https://njcca.net/BibleStudy/wp-cron.php?doing_wp_cron=1677911274.4956099987030029296875" "WordPress/6.0.3; https://njcca.net/BibleStudy" "njcca.net"
192.0.102.40 - - [03/Mar/2023:22:28:09 -0800] "HEAD /HolyCross HTTP/1.1" 301 - "-" "jetmon/1.0 (Jetpack Site Uptime Monitor by WordPress.com)" "njcca.net"
192.0.102.40 - - [03/Mar/2023:22:28:09 -0800] "HEAD /HolyCross/ HTTP/1.1" 200 - "-" "jetmon/1.0 (Jetpack Site Uptime Monitor by WordPress.com)" "njcca.net"
10.247.24.81 - - [03/Mar/2023:22:28:13 -0800] "POST /HolyCross/wp-cron.php?doing_wp_cron=1677911293.8743679523468017578125 HTTP/1.1" 200 - "https://njcca.net/HolyCross/wp-cron.php?doing_wp_cron=1677911293.8743679523468017578125" "WordPress/6.1.1; https://njcca.net/HolyCross" "njcca.net"
10.247.24.79 - - [03/Mar/2023:22:31:09 -0800] "POST /HolyCross/wp-cron.php?doing_wp_cron=1677911469.2425010204315185546875 HTTP/1.1" 200 - "https://njcca.net/HolyCross/wp-cron.php?doing_wp_cron=1677911469.2425010204315185546875" "WordPress/6.1.1; https://njcca.net/HolyCross" "njcca.net"
66.249.66.41 - - [03/Mar/2023:22:31:17 -0800] "GET /favicon.ico HTTP/1.1" 404 88 "-" "Googlebot-Image/1.0" "njcca.net"
207.241.236.58 - - [03/Mar/2023:22:32:09 -0800] "GET /HolyCross/?p=6351 HTTP/1.1" 200 27576 "-" "Mozilla/5.0 (compatible; archive.org_bot +http://archive.org/details/archive.org_bot)" "njcca.net"
192.0.102.40 - - [03/Mar/2023:22:35:03 -0800] "HEAD /BibleStudy HTTP/1.1" 301 - "-" "jetmon/1.0 (Jetpack Site Uptime Monitor by WordPress.com)" "njcca.net"
192.0.102.40 - - [03/Mar/2023:22:35:03 -0800] "HEAD /BibleStudy/ HTTP/1.1" 200 - "-" "jetmon/1.0 (Jetpack Site Uptime Monitor by WordPress.com)" "njcca.net"
192.0.102.40 - - [03/Mar/2023:22:35:27 -0800] "HEAD /HolyCross HTTP/1.1" 301 - "-" "jetmon/1.0 (Jetpack Site Uptime Monitor by WordPress.com)" "njcca.net"
192.0.102.40 - - [03/Mar/2023:22:35:27 -0800] "HEAD /HolyCross/ HTTP/1.1" 200 - "-" "jetmon/1.0 (Jetpack Site Uptime Monitor by WordPress.com)" "njcca.net"
10.247.24.79 - - [03/Mar/2023:22:35:31 -0800] "POST /HolyCross/wp-cron.php?doing_wp_cron=1677911731.8800580501556396484375 HTTP/1.1" 200 - "https://njcca.net/HolyCross/wp-cron.php?doing_wp_cron=1677911731.8800580501556396484375" "WordPress/6.1.1; https://njcca.net/HolyCross" "njcca.net"
10.247.24.81 - - [03/Mar/2023:22:35:07 -0800] "POST /BibleStudy/wp-cron.php?doing_wp_cron=1677911707.6949410438537597656250 HTTP/1.1" 500 100 "https://njcca.net/BibleStudy/wp-cron.php?doing_wp_cron=1677911707.6949410438537597656250" "WordPress/6.0.3; https://njcca.net/BibleStudy" "njcca.net"
171.224.178.43 - - [03/Mar/2023:22:42:30 -0800] "GET /phpmyadmin/ HTTP/1.1" 404 88 "-" "Mozilla/5.0 (Windows NT 6.0; rv:34.0) Gecko/20100101 Firefox/34.0" "njcca.net"
171.224.178.43 - - [03/Mar/2023:22:42:31 -0800] "GET /administrator/ HTTP/1.1" 404 88 "-" "Mozilla/5.0 (Windows NT 6.0; rv:34.0) Gecko/20100101 Firefox/34.0" "njcca.net"
171.224.178.43 - - [03/Mar/2023:22:42:31 -0800] "GET /administrator/index.php HTTP/1.1" 404 88 "https://njcca.net/administrator/" "Mozilla/5.0 (Windows NT 6.0; rv:34.0) Gecko/20100101 Firefox/34.0" "njcca.net"
171.224.178.43 - - [03/Mar/2023:22:42:32 -0800] "GET /phpmyadmin/ HTTP/1.1" 404 88 "-" "Mozilla/5.0 (Windows NT 6.0; rv:34.0) Gecko/20100101 Firefox/34.0" "njcca.net"
171.224.178.43 - - [03/Mar/2023:22:42:33 -0800] "GET /wp-login.php HTTP/1.1" 404 88 "-" "Mozilla/5.0 (Windows NT 6.0; rv:34.0) Gecko/20100101 Firefox/34.0" "njcca.net"
171.224.178.43 - - [03/Mar/2023:22:42:34 -0800] "GET /wp-admin/ HTTP/1.1" 404 88 "https://njcca.net/wp-login.php" "Mozilla/5.0 (Windows NT 6.0; rv:34.0) Gecko/20100101 Firefox/34.0" "njcca.net"
171.224.178.43 - - [03/Mar/2023:22:42:34 -0800] "GET /phpMyAdmin/ HTTP/1.1" 200 3563 "-" "Mozilla/5.0 (Windows NT 6.0; rv:34.0) Gecko/20100101 Firefox/34.0" "njcca.net"
171.224.178.43 - - [03/Mar/2023:22:42:35 -0800] "GET /admin.php HTTP/1.1" 404 88 "-" "Mozilla/5.0 (Windows NT 6.0; rv:34.0) Gecko/20100101 Firefox/34.0" "njcca.net"
171.224.178.43 - - [03/Mar/2023:22:42:35 -0800] "POST /phpMyAdmin/index.php HTTP/1.1" 200 3538 "https://njcca.net/phpMyAdmin/" "Mozilla/5.0 (Windows NT 6.0; rv:34.0) Gecko/20100101 Firefox/34.0" "njcca.net"
171.224.178.43 - - [03/Mar/2023:22:42:37 -0800] "GET /admin HTTP/1.1" 404 88 "-" "Mozilla/5.0 (Windows NT 6.0; rv:34.0) Gecko/20100101 Firefox/34.0" "njcca.net"
171.224.178.43 - - [03/Mar/2023:22:42:38 -0800] "GET /phpMyAdmin/ HTTP/1.1" 200 3553 "-" "Mozilla/5.0 (Windows NT 6.0; rv:34.0) Gecko/20100101 Firefox/34.0" "njcca.net"
171.224.178.43 - - [03/Mar/2023:22:42:39 -0800] "GET /admin HTTP/1.1" 404 88 "-" "Mozilla/5.0 (Windows NT 6.0; rv:34.0) Gecko/20100101 Firefox/34.0" "njcca.net"
171.224.178.43 - - [03/Mar/2023:22:42:41 -0800] "GET /admin/ HTTP/1.1" 404 88 "-" "Mozilla/5.0 (Windows NT 6.0; rv:34.0) Gecko/20100101 Firefox/34.0" "njcca.net"
171.224.178.43 - - [03/Mar/2023:22:42:39 -0800] "POST /phpMyAdmin/index.php HTTP/1.1" 200 3636 "https://njcca.net/phpMyAdmin/" "Mozilla/5.0 (Windows NT 6.0; rv:34.0) Gecko/20100101 Firefox/34.0" "njcca.net"
171.224.178.43 - - [03/Mar/2023:22:42:43 -0800] "GET /phpMyAdmin/ HTTP/1.1" 200 3553 "-" "Mozilla/5.0 (Windows NT 6.0; rv:34.0) Gecko/20100101 Firefox/34.0" "njcca.net"
171.224.178.43 - - [03/Mar/2023:22:42:44 -0800] "POST /phpMyAdmin/index.php HTTP/1.1" 200 3646 "https://njcca.net/phpMyAdmin/" "Mozilla/5.0 (Windows NT 6.0; rv:34.0) Gecko/20100101 Firefox/34.0" "njcca.net"
171.224.178.43 - - [03/Mar/2023:22:42:47 -0800] "GET /phpMyAdmin/ HTTP/1.1" 200 3559 "-" "Mozilla/5.0 (Windows NT 6.0; rv:34.0) Gecko/20100101 Firefox/34.0" "njcca.net"
171.224.178.43 - - [03/Mar/2023:22:42:47 -0800] "POST /phpMyAdmin/index.php HTTP/1.1" 200 3539 "https://njcca.net/phpMyAdmin/" "Mozilla/5.0 (Windows NT 6.0; rv:34.0) Gecko/20100101 Firefox/34.0" "njcca.net"
199.249.230.72 - - [03/Mar/2023:22:42:50 -0800] "GET /administrator/ HTTP/1.1" 404 88 "-" "Mozilla/5.0 (Windows NT 6.0; rv:34.0) Gecko/20100101 Firefox/34.0" "njcca.net"
171.224.178.43 - - [03/Mar/2023:22:42:50 -0800] "GET /phpMyAdmin/ HTTP/1.1" 200 3554 "-" "Mozilla/5.0 (Windows NT 6.0; rv:34.0) Gecko/20100101 Firefox/34.0" "njcca.net"
171.224.178.43 - - [03/Mar/2023:22:42:51 -0800] "POST /phpMyAdmin/index.php HTTP/1.1" 200 3639 "https://njcca.net/phpMyAdmin/" "Mozilla/5.0 (Windows NT 6.0; rv:34.0) Gecko/20100101 Firefox/34.0" "njcca.net"
199.249.230.72 - - [03/Mar/2023:22:42:52 -0800] "GET /administrator/index.php HTTP/1.1" 404 88 "https://njcca.net/administrator/" "Mozilla/5.0 (Windows NT 6.0; rv:34.0) Gecko/20100101 Firefox/34.0" "njcca.net"
171.224.178.43 - - [03/Mar/2023:22:42:53 -0800] "GET /phpMyAdmin/ HTTP/1.1" 200 3555 "-" "Mozilla/5.0 (Windows NT 6.0; rv:34.0) Gecko/20100101 Firefox/34.0" "njcca.net"
171.224.178.43 - - [03/Mar/2023:22:42:54 -0800] "POST /phpMyAdmin/index.php HTTP/1.1" 200 3544 "https://njcca.net/phpMyAdmin/" "Mozilla/5.0 (Windows NT 6.0; rv:34.0) Gecko/20100101 Firefox/34.0" "njcca.net"
171.224.178.43 - - [03/Mar/2023:22:42:56 -0800] "GET /PhpMyAdmin/ HTTP/1.1" 404 88 "-" "Mozilla/5.0 (Windows NT 6.0; rv:34.0) Gecko/20100101 Firefox/34.0" "njcca.net"
109.70.100.86 - - [03/Mar/2023:22:42:57 -0800] "GET /wp-login.php HTTP/1.1" 404 88 "-" "Mozilla/5.0 (Windows NT 6.0; rv:34.0) Gecko/20100101 Firefox/34.0" "njcca.net"
171.224.178.43 - - [03/Mar/2023:22:42:58 -0800] "GET /pma/ HTTP/1.1" 404 88 "-" "Mozilla/5.0 (Windows NT 6.0; rv:34.0) Gecko/20100101 Firefox/34.0" "njcca.net"
109.70.100.86 - - [03/Mar/2023:22:42:58 -0800] "GET /wp-admin/ HTTP/1.1" 404 88 "https://njcca.net/wp-login.php" "Mozilla/5.0 (Windows NT 6.0; rv:34.0) Gecko/20100101 Firefox/34.0" "njcca.net"
185.220.101.141 - - [03/Mar/2023:22:43:04 -0800] "GET /admin.php HTTP/1.1" 404 88 "-" "Mozilla/5.0 (Windows NT 6.0; rv:34.0) Gecko/20100101 Firefox/34.0" "njcca.net"
185.220.102.244 - - [03/Mar/2023:22:43:08 -0800] "GET /admin HTTP/1.1" 404 88 "-" "Mozilla/5.0 (Windows NT 6.0; rv:34.0) Gecko/20100101 Firefox/34.0" "njcca.net"
192.0.102.40 - - [03/Mar/2023:22:43:12 -0800] "HEAD /HolyCross HTTP/1.1" 301 - "-" "jetmon/1.0 (Jetpack Site Uptime Monitor by WordPress.com)" "njcca.net"
192.0.102.40 - - [03/Mar/2023:22:43:12 -0800] "HEAD /HolyCross/ HTTP/1.1" 200 - "-" "jetmon/1.0 (Jetpack Site Uptime Monitor by WordPress.com)" "njcca.net"
23.137.249.150 - - [03/Mar/2023:22:43:17 -0800] "GET /admin HTTP/1.1" 404 88 "-" "Mozilla/5.0 (Windows NT 6.0; rv:34.0) Gecko/20100101 Firefox/34.0" "njcca.net"
10.247.24.81 - - [03/Mar/2023:22:43:16 -0800] "POST /HolyCross/wp-cron.php?doing_wp_cron=1677912196.3318450450897216796875 HTTP/1.1" 200 - "https://njcca.net/HolyCross/wp-cron.php?doing_wp_cron=1677912196.3318450450897216796875" "WordPress/6.1.1; https://njcca.net/HolyCross" "njcca.net"
185.220.101.3 - - [03/Mar/2023:22:43:26 -0800] "GET /admin/ HTTP/1.1" 404 88 "-" "Mozilla/5.0 (Windows NT 6.0; rv:34.0) Gecko/20100101 Firefox/34.0" "njcca.net"
192.0.102.40 - - [03/Mar/2023:22:44:09 -0800] "HEAD /BibleStudy HTTP/1.1" 301 - "-" "jetmon/1.0 (Jetpack Site Uptime Monitor by WordPress.com)" "njcca.net"
192.0.102.40 - - [03/Mar/2023:22:44:09 -0800] "HEAD /BibleStudy/ HTTP/1.1" 200 - "-" "jetmon/1.0 (Jetpack Site Uptime Monitor by WordPress.com)" "njcca.net"
10.247.24.80 - - [03/Mar/2023:22:44:13 -0800] "POST /BibleStudy/wp-cron.php?doing_wp_cron=1677912253.6559009552001953125000 HTTP/1.1" 500 100 "https://njcca.net/BibleStudy/wp-cron.php?doing_wp_cron=1677912253.6559009552001953125000" "WordPress/6.0.3; https://njcca.net/BibleStudy" "njcca.net"
207.241.236.58 - - [03/Mar/2023:22:47:11 -0800] "GET /HolyCross/?p=6351 HTTP/1.1" 200 27576 "-" "Mozilla/5.0 (compatible; archive.org_bot +http://archive.org/details/archive.org_bot)" "njcca.net"
10.247.24.81 - - [03/Mar/2023:22:47:17 -0800] "POST /HolyCross/wp-cron.php?doing_wp_cron=1677912437.2145240306854248046875 HTTP/1.1" 200 - "https://njcca.net/HolyCross/wp-cron.php?doing_wp_cron=1677912437.2145240306854248046875" "WordPress/6.1.1; https://njcca.net/HolyCross" "njcca.net"
192.0.102.40 - - [03/Mar/2023:22:50:28 -0800] "HEAD /HolyCross HTTP/1.1" 301 - "-" "jetmon/1.0 (Jetpack Site Uptime Monitor by WordPress.com)" "njcca.net"
192.0.102.40 - - [03/Mar/2023:22:50:28 -0800] "HEAD /HolyCross/ HTTP/1.1" 200 - "-" "jetmon/1.0 (Jetpack Site Uptime Monitor by WordPress.com)" "njcca.net"
10.247.24.80 - - [03/Mar/2023:22:50:32 -0800] "POST /HolyCross/wp-cron.php?doing_wp_cron=1677912632.5082619190216064453125 HTTP/1.1" 200 - "https://njcca.net/HolyCross/wp-cron.php?doing_wp_cron=1677912632.5082619190216064453125" "WordPress/6.1.1; https://njcca.net/HolyCross" "njcca.net"
192.0.102.40 - - [03/Mar/2023:22:51:20 -0800] "HEAD /BibleStudy HTTP/1.1" 301 - "-" "jetmon/1.0 (Jetpack Site Uptime Monitor by WordPress.com)" "njcca.net"
192.0.102.40 - - [03/Mar/2023:22:51:20 -0800] "HEAD /BibleStudy/ HTTP/1.1" 200 - "-" "jetmon/1.0 (Jetpack Site Uptime Monitor by WordPress.com)" "njcca.net"
51.222.253.19 - - [03/Mar/2023:22:51:46 -0800] "GET /HolyCross/?author=1&paged=32 HTTP/1.1" 200 51312 "-" "Mozilla/5.0 (compatible; AhrefsBot/7.0; +http://ahrefs.com/robot/)" "njcca.net"
10.247.24.80 - - [03/Mar/2023:22:51:23 -0800] "POST /BibleStudy/wp-cron.php?doing_wp_cron=1677912683.6717600822448730468750 HTTP/1.1" 500 100 "https://njcca.net/BibleStudy/wp-cron.php?doing_wp_cron=1677912683.6717600822448730468750" "WordPress/6.0.3; https://njcca.net/BibleStudy" "njcca.net"
192.0.102.40 - - [03/Mar/2023:22:58:53 -0800] "HEAD /HolyCross HTTP/1.1" 301 - "-" "jetmon/1.0 (Jetpack Site Uptime Monitor by WordPress.com)" "njcca.net"
192.0.102.40 - - [03/Mar/2023:22:58:53 -0800] "HEAD /HolyCross/ HTTP/1.1" 200 - "-" "jetmon/1.0 (Jetpack Site Uptime Monitor by WordPress.com)" "njcca.net"
10.247.24.81 - - [03/Mar/2023:22:58:59 -0800] "POST /HolyCross/wp-cron.php?doing_wp_cron=1677913139.6348140239715576171875 HTTP/1.1" 200 - "https://njcca.net/HolyCross/wp-cron.php?doing_wp_cron=1677913139.6348140239715576171875" "WordPress/6.1.1; https://njcca.net/HolyCross" "njcca.net"
192.0.102.40 - - [03/Mar/2023:22:59:09 -0800] "HEAD /BibleStudy HTTP/1.1" 301 - "-" "jetmon/1.0 (Jetpack Site Uptime Monitor by WordPress.com)" "njcca.net"
192.0.102.40 - - [03/Mar/2023:22:59:09 -0800] "HEAD /BibleStudy/ HTTP/1.1" 200 - "-" "jetmon/1.0 (Jetpack Site Uptime Monitor by WordPress.com)" "njcca.net"
10.247.24.81 - - [03/Mar/2023:22:59:13 -0800] "POST /BibleStudy/wp-cron.php?doing_wp_cron=1677913153.4693520069122314453125 HTTP/1.1" 500 100 "https://njcca.net/BibleStudy/wp-cron.php?doing_wp_cron=1677913153.4693520069122314453125" "WordPress/6.0.3; https://njcca.net/BibleStudy" "njcca.net"
207.241.236.58 - - [03/Mar/2023:23:02:13 -0800] "GET /HolyCross/?p=6351 HTTP/1.1" 200 27576 "-" "Mozilla/5.0 (compatible; archive.org_bot +http://archive.org/details/archive.org_bot)" "njcca.net"
10.247.24.81 - - [03/Mar/2023:23:02:17 -0800] "POST /HolyCross/wp-cron.php?doing_wp_cron=1677913337.2158930301666259765625 HTTP/1.1" 200 - "https://njcca.net/HolyCross/wp-cron.php?doing_wp_cron=1677913337.2158930301666259765625" "WordPress/6.1.1; https://njcca.net/HolyCross" "njcca.net"
192.0.102.40 - - [03/Mar/2023:23:06:03 -0800] "HEAD /HolyCross HTTP/1.1" 301 - "-" "jetmon/1.0 (Jetpack Site Uptime Monitor by WordPress.com)" "njcca.net"
192.0.102.40 - - [03/Mar/2023:23:06:03 -0800] "HEAD /HolyCross/ HTTP/1.1" 200 - "-" "jetmon/1.0 (Jetpack Site Uptime Monitor by WordPress.com)" "njcca.net"
10.247.24.80 - - [03/Mar/2023:23:06:07 -0800] "POST /HolyCross/wp-cron.php?doing_wp_cron=1677913567.4144830703735351562500 HTTP/1.1" 200 - "https://njcca.net/HolyCross/wp-cron.php?doing_wp_cron=1677913567.4144830703735351562500" "WordPress/6.1.1; https://njcca.net/HolyCross" "njcca.net"
192.0.102.40 - - [03/Mar/2023:23:06:25 -0800] "HEAD /BibleStudy HTTP/1.1" 301 - "-" "jetmon/1.0 (Jetpack Site Uptime Monitor by WordPress.com)" "njcca.net"
192.0.102.40 - - [03/Mar/2023:23:06:25 -0800] "HEAD /BibleStudy/ HTTP/1.1" 200 - "-" "jetmon/1.0 (Jetpack Site Uptime Monitor by WordPress.com)" "njcca.net"
10.247.24.80 - - [03/Mar/2023:23:06:28 -0800] "POST /BibleStudy/wp-cron.php?doing_wp_cron=1677913588.7485361099243164062500 HTTP/1.1" 500 100 "https://njcca.net/BibleStudy/wp-cron.php?doing_wp_cron=1677913588.7485361099243164062500" "WordPress/6.0.3; https://njcca.net/BibleStudy" "njcca.net"
109.172.109.28 - - [03/Mar/2023:23:08:56 -0800] "GET /praiseyeshua/2015/06/28/video/ HTTP/1.1" 404 73 "https://njcca.net/praiseyeshua/2015/06/28/video/" "Mozilla/5.0 (Windows NT 6.1; WOW64) AppleWebKit/537.36 (KHTML, like Gecko) Chrome/90.0.4430.93 Safari/537.36" "njcca.net"
109.172.109.28 - - [03/Mar/2023:23:08:57 -0800] "GET / HTTP/1.1" 200 51141 "https://njcca.net/" "Mozilla/5.0 (Windows NT 6.1; WOW64) AppleWebKit/537.36 (KHTML, like Gecko) Chrome/90.0.4430.93 Safari/537.36" "njcca.net"
10.247.24.79 - - [03/Mar/2023:23:09:01 -0800] "POST /HolyCross/wp-cron.php?doing_wp_cron=1677913741.0103559494018554687500 HTTP/1.1" 200 - "https://njcca.net/HolyCross/wp-cron.php?doing_wp_cron=1677913741.0103559494018554687500" "WordPress/6.1.1; https://njcca.net/HolyCross" "njcca.net"
192.0.102.40 - - [03/Mar/2023:23:14:43 -0800] "HEAD /BibleStudy HTTP/1.1" 301 - "-" "jetmon/1.0 (Jetpack Site Uptime Monitor by WordPress.com)" "njcca.net"
192.0.102.40 - - [03/Mar/2023:23:14:46 -0800] "HEAD /HolyCross HTTP/1.1" 301 - "-" "jetmon/1.0 (Jetpack Site Uptime Monitor by WordPress.com)" "njcca.net"
192.0.102.40 - - [03/Mar/2023:23:14:43 -0800] "HEAD /BibleStudy/ HTTP/1.1" 200 - "-" "jetmon/1.0 (Jetpack Site Uptime Monitor by WordPress.com)" "njcca.net"
192.0.102.40 - - [03/Mar/2023:23:14:46 -0800] "HEAD /HolyCross/ HTTP/1.1" 200 - "-" "jetmon/1.0 (Jetpack Site Uptime Monitor by WordPress.com)" "njcca.net"
10.247.24.79 - - [03/Mar/2023:23:14:50 -0800] "POST /HolyCross/wp-cron.php?doing_wp_cron=1677914090.2653069496154785156250 HTTP/1.1" 200 - "https://njcca.net/HolyCross/wp-cron.php?doing_wp_cron=1677914090.2653069496154785156250" "WordPress/6.1.1; https://njcca.net/HolyCross" "njcca.net"
114.119.141.73 - - [03/Mar/2023:23:16:31 -0800] "GET /HolyCross/?paged=5 HTTP/1.1" 200 53144 "https://njcca.net/HolyCross/?paged=32" "Mozilla/5.0 (Linux; Android 7.0;) AppleWebKit/537.36 (KHTML, like Gecko) Mobile Safari/537.36 (compatible; PetalBot;+https://webmaster.petalsearch.com/site/petalbot)" "njcca.net"
10.247.24.80 - - [03/Mar/2023:23:16:35 -0800] "POST /HolyCross/wp-cron.php?doing_wp_cron=1677914195.3246650695800781250000 HTTP/1.1" 200 - "https://njcca.net/HolyCross/wp-cron.php?doing_wp_cron=1677914195.3246650695800781250000" "WordPress/6.1.1; https://njcca.net/HolyCross" "njcca.net"
207.241.236.58 - - [03/Mar/2023:23:17:16 -0800] "GET /HolyCross/?p=6351 HTTP/1.1" 200 27576 "-" "Mozilla/5.0 (compatible; archive.org_bot +http://archive.org/details/archive.org_bot)" "njcca.net"
10.247.24.81 - - [03/Mar/2023:23:14:49 -0800] "POST /BibleStudy/wp-cron.php?doing_wp_cron=1677914089.8432691097259521484375 HTTP/1.1" 500 100 "https://njcca.net/BibleStudy/wp-cron.php?doing_wp_cron=1677914089.8432691097259521484375" "WordPress/6.0.3; https://njcca.net/BibleStudy" "njcca.net"
192.0.102.40 - - [03/Mar/2023:23:22:02 -0800] "HEAD /BibleStudy HTTP/1.1" 301 - "-" "jetmon/1.0 (Jetpack Site Uptime Monitor by WordPress.com)" "njcca.net"
192.0.102.40 - - [03/Mar/2023:23:22:02 -0800] "HEAD /BibleStudy/ HTTP/1.1" 200 - "-" "jetmon/1.0 (Jetpack Site Uptime Monitor by WordPress.com)" "njcca.net"
192.0.102.40 - - [03/Mar/2023:23:22:16 -0800] "HEAD /HolyCross HTTP/1.1" 301 - "-" "jetmon/1.0 (Jetpack Site Uptime Monitor by WordPress.com)" "njcca.net"
192.0.102.40 - - [03/Mar/2023:23:22:16 -0800] "HEAD /HolyCross/ HTTP/1.1" 200 - "-" "jetmon/1.0 (Jetpack Site Uptime Monitor by WordPress.com)" "njcca.net"
10.247.24.79 - - [03/Mar/2023:23:22:21 -0800] "POST /HolyCross/wp-cron.php?doing_wp_cron=1677914541.0701470375061035156250 HTTP/1.1" 200 - "https://njcca.net/HolyCross/wp-cron.php?doing_wp_cron=1677914541.0701470375061035156250" "WordPress/6.1.1; https://njcca.net/HolyCross" "njcca.net"
114.119.149.137 - - [03/Mar/2023:23:22:22 -0800] "GET /?paged=31 HTTP/1.1" 200 50848 "https://njcca.net/?paged=6" "Mozilla/5.0 (Linux; Android 7.0;) AppleWebKit/537.36 (KHTML, like Gecko) Mobile Safari/537.36 (compatible; PetalBot;+https://webmaster.petalsearch.com/site/petalbot)" "njcca.net"
10.247.24.81 - - [03/Mar/2023:23:22:07 -0800] "POST /BibleStudy/wp-cron.php?doing_wp_cron=1677914526.9920120239257812500000 HTTP/1.1" 500 100 "https://njcca.net/BibleStudy/wp-cron.php?doing_wp_cron=1677914526.9920120239257812500000" "WordPress/6.0.3; https://njcca.net/BibleStudy" "njcca.net"
192.0.102.40 - - [03/Mar/2023:23:30:29 -0800] "HEAD /BibleStudy HTTP/1.1" 301 - "-" "jetmon/1.0 (Jetpack Site Uptime Monitor by WordPress.com)" "njcca.net"
192.0.102.40 - - [03/Mar/2023:23:30:29 -0800] "HEAD /BibleStudy/ HTTP/1.1" 200 - "-" "jetmon/1.0 (Jetpack Site Uptime Monitor by WordPress.com)" "njcca.net"
192.0.102.40 - - [03/Mar/2023:23:30:51 -0800] "HEAD /HolyCross HTTP/1.1" 301 - "-" "jetmon/1.0 (Jetpack Site Uptime Monitor by WordPress.com)" "njcca.net"
192.0.102.40 - - [03/Mar/2023:23:30:51 -0800] "HEAD /HolyCross/ HTTP/1.1" 200 - "-" "jetmon/1.0 (Jetpack Site Uptime Monitor by WordPress.com)" "njcca.net"
10.247.24.80 - - [03/Mar/2023:23:30:55 -0800] "POST /HolyCross/wp-cron.php?doing_wp_cron=1677915055.7365429401397705078125 HTTP/1.1" 200 - "https://njcca.net/HolyCross/wp-cron.php?doing_wp_cron=1677915055.7365429401397705078125" "WordPress/6.1.1; https://njcca.net/HolyCross" "njcca.net"
10.247.24.79 - - [03/Mar/2023:23:30:35 -0800] "POST /BibleStudy/wp-cron.php?doing_wp_cron=1677915035.1345639228820800781250 HTTP/1.1" 500 100 "https://njcca.net/BibleStudy/wp-cron.php?doing_wp_cron=1677915035.1345639228820800781250" "WordPress/6.0.3; https://njcca.net/BibleStudy" "njcca.net"
207.241.236.58 - - [03/Mar/2023:23:32:18 -0800] "GET /HolyCross/?p=6351 HTTP/1.1" 200 27576 "-" "Mozilla/5.0 (compatible; archive.org_bot +http://archive.org/details/archive.org_bot)" "njcca.net"
192.0.102.40 - - [03/Mar/2023:23:37:32 -0800] "HEAD /HolyCross HTTP/1.1" 301 - "-" "jetmon/1.0 (Jetpack Site Uptime Monitor by WordPress.com)" "njcca.net"
192.0.102.40 - - [03/Mar/2023:23:37:37 -0800] "HEAD /BibleStudy HTTP/1.1" 301 - "-" "jetmon/1.0 (Jetpack Site Uptime Monitor by WordPress.com)" "njcca.net"
192.0.102.40 - - [03/Mar/2023:23:37:32 -0800] "HEAD /HolyCross/ HTTP/1.1" 200 - "-" "jetmon/1.0 (Jetpack Site Uptime Monitor by WordPress.com)" "njcca.net"
10.247.24.80 - - [03/Mar/2023:23:37:36 -0800] "POST /HolyCross/wp-cron.php?doing_wp_cron=1677915456.7284419536590576171875 HTTP/1.1" 200 - "https://njcca.net/HolyCross/wp-cron.php?doing_wp_cron=1677915456.7284419536590576171875" "WordPress/6.1.1; https://njcca.net/HolyCross" "njcca.net"
192.0.102.40 - - [03/Mar/2023:23:37:37 -0800] "HEAD /BibleStudy/ HTTP/1.1" 200 - "-" "jetmon/1.0 (Jetpack Site Uptime Monitor by WordPress.com)" "njcca.net"
10.247.24.80 - - [03/Mar/2023:23:37:41 -0800] "POST /BibleStudy/wp-cron.php?doing_wp_cron=1677915461.5887980461120605468750 HTTP/1.1" 500 100 "https://njcca.net/BibleStudy/wp-cron.php?doing_wp_cron=1677915461.5887980461120605468750" "WordPress/6.0.3; https://njcca.net/BibleStudy" "njcca.net"
5.78.75.30 - - [03/Mar/2023:23:43:55 -0800] "GET /wp-includes/ HTTP/1.1" 404 88 "-" "Mozlila/5.0 (Linux; Android 7.0; SM-G892A Bulid/NRD90M; wv) AppleWebKit/537.36 (KHTML, like Gecko) Version/4.0 Chrome/60.0.3112.107 Moblie Safari/537.36" "njcca.net"
185.196.220.26 - - [03/Mar/2023:23:44:28 -0800] "GET /wp-content/plugins/zendrop-dropshipping-and-fulfillment/readme.txt HTTP/1.1" 404 88 "-" "Mozilla/5.0 (Macintosh; Intel Mac OS X 13_1) AppleWebKit/537.36 (KHTML, like Gecko) Chrome/109.0.0.0 Safari/537.36" "njcca.net"
192.0.102.40 - - [03/Mar/2023:23:46:09 -0800] "HEAD /HolyCross HTTP/1.1" 301 - "-" "jetmon/1.0 (Jetpack Site Uptime Monitor by WordPress.com)" "njcca.net"
192.0.102.40 - - [03/Mar/2023:23:46:17 -0800] "HEAD /BibleStudy HTTP/1.1" 301 - "-" "jetmon/1.0 (Jetpack Site Uptime Monitor by WordPress.com)" "njcca.net"
192.0.102.40 - - [03/Mar/2023:23:46:09 -0800] "HEAD /HolyCross/ HTTP/1.1" 200 - "-" "jetmon/1.0 (Jetpack Site Uptime Monitor by WordPress.com)" "njcca.net"
10.247.24.81 - - [03/Mar/2023:23:46:16 -0800] "POST /HolyCross/wp-cron.php?doing_wp_cron=1677915976.0438530445098876953125 HTTP/1.1" 200 - "https://njcca.net/HolyCross/wp-cron.php?doing_wp_cron=1677915976.0438530445098876953125" "WordPress/6.1.1; https://njcca.net/HolyCross" "njcca.net"
192.0.102.40 - - [03/Mar/2023:23:46:17 -0800] "HEAD /BibleStudy/ HTTP/1.1" 200 - "-" "jetmon/1.0 (Jetpack Site Uptime Monitor by WordPress.com)" "njcca.net"
207.241.236.58 - - [03/Mar/2023:23:47:20 -0800] "GET /HolyCross/?p=6351 HTTP/1.1" 200 27576 "-" "Mozilla/5.0 (compatible; archive.org_bot +http://archive.org/details/archive.org_bot)" "njcca.net"
10.247.24.80 - - [03/Mar/2023:23:47:24 -0800] "POST /HolyCross/wp-cron.php?doing_wp_cron=1677916044.0085968971252441406250 HTTP/1.1" 200 - "https://njcca.net/HolyCross/wp-cron.php?doing_wp_cron=1677916044.0085968971252441406250" "WordPress/6.1.1; https://njcca.net/HolyCross" "njcca.net"
10.247.24.81 - - [03/Mar/2023:23:46:22 -0800] "POST /BibleStudy/wp-cron.php?doing_wp_cron=1677915982.0890529155731201171875 HTTP/1.1" 500 100 "https://njcca.net/BibleStudy/wp-cron.php?doing_wp_cron=1677915982.0890529155731201171875" "WordPress/6.0.3; https://njcca.net/BibleStudy" "njcca.net"
192.0.102.40 - - [03/Mar/2023:23:53:05 -0800] "HEAD /BibleStudy HTTP/1.1" 301 - "-" "jetmon/1.0 (Jetpack Site Uptime Monitor by WordPress.com)" "njcca.net"
192.0.102.40 - - [03/Mar/2023:23:53:05 -0800] "HEAD /BibleStudy/ HTTP/1.1" 500 - "-" "jetmon/1.0 (Jetpack Site Uptime Monitor by WordPress.com)" "njcca.net"
192.0.102.40 - - [03/Mar/2023:23:53:08 -0800] "HEAD /HolyCross HTTP/1.1" 301 - "-" "jetmon/1.0 (Jetpack Site Uptime Monitor by WordPress.com)" "njcca.net"
192.0.102.40 - - [03/Mar/2023:23:53:08 -0800] "HEAD /HolyCross/ HTTP/1.1" 500 - "-" "jetmon/1.0 (Jetpack Site Uptime Monitor by WordPress.com)" "njcca.net"
114.119.151.119 - - [03/Mar/2023:23:58:23 -0800] "GET /HolyCross/index.php/2018/12/?paged=25 HTTP/1.1" 200 51058 "https://njcca.net/HolyCross/index.php/2018/12/?paged=29" "Mozilla/5.0 (Linux; Android 7.0;) AppleWebKit/537.36 (KHTML, like Gecko) Mobile Safari/537.36 (compatible; PetalBot;+https://webmaster.petalsearch.com/site/petalbot)" "njcca.net"
10.247.24.79 - - [03/Mar/2023:23:58:29 -0800] "POST /HolyCross/wp-cron.php?doing_wp_cron=1677916709.2154340744018554687500 HTTP/1.1" 200 - "https://njcca.net/HolyCross/wp-cron.php?doing_wp_cron=1677916709.2154340744018554687500" "WordPress/6.1.1; https://njcca.net/HolyCross" "njcca.net"
192.0.102.40 - - [04/Mar/2023:00:01:47 -0800] "HEAD /HolyCross HTTP/1.1" 301 - "-" "jetmon/1.0 (Jetpack Site Uptime Monitor by WordPress.com)" "njcca.net"
192.0.102.40 - - [04/Mar/2023:00:01:47 -0800] "HEAD /HolyCross/ HTTP/1.1" 200 - "-" "jetmon/1.0 (Jetpack Site Uptime Monitor by WordPress.com)" "njcca.net"
10.247.24.79 - - [04/Mar/2023:00:01:51 -0800] "POST /HolyCross/wp-cron.php?doing_wp_cron=1677916911.2546648979187011718750 HTTP/1.1" 200 - "https://njcca.net/HolyCross/wp-cron.php?doing_wp_cron=1677916911.2546648979187011718750" "WordPress/6.1.1; https://njcca.net/HolyCross" "njcca.net"
207.241.236.58 - - [04/Mar/2023:00:02:22 -0800] "GET /HolyCross/?p=6351 HTTP/1.1" 200 27576 "-" "Mozilla/5.0 (compatible; archive.org_bot +http://archive.org/details/archive.org_bot)" "njcca.net"
192.0.102.40 - - [04/Mar/2023:00:02:49 -0800] "HEAD /BibleStudy HTTP/1.1" 301 - "-" "jetmon/1.0 (Jetpack Site Uptime Monitor by WordPress.com)" "njcca.net"
192.0.102.40 - - [04/Mar/2023:00:02:49 -0800] "HEAD /BibleStudy/ HTTP/1.1" 200 - "-" "jetmon/1.0 (Jetpack Site Uptime Monitor by WordPress.com)" "njcca.net"
10.247.24.79 - - [04/Mar/2023:00:02:53 -0800] "POST /BibleStudy/wp-cron.php?doing_wp_cron=1677916973.9282898902893066406250 HTTP/1.1" 500 100 "https://njcca.net/BibleStudy/wp-cron.php?doing_wp_cron=1677916973.9282898902893066406250" "WordPress/6.0.3; https://njcca.net/BibleStudy" "njcca.net"
58.250.125.107 - - [04/Mar/2023:00:08:09 -0800] "GET / HTTP/1.1" 200 51100 "-" "Sogou web spider/4.0(+http://www.sogou.com/docs/help/webmasters.htm#07)" "njcca.net"
10.247.24.80 - - [04/Mar/2023:00:08:13 -0800] "POST /HolyCross/wp-cron.php?doing_wp_cron=1677917293.4929080009460449218750 HTTP/1.1" 200 - "https://njcca.net/HolyCross/wp-cron.php?doing_wp_cron=1677917293.4929080009460449218750" "WordPress/6.1.1; https://njcca.net/HolyCross" "njcca.net"
192.0.102.40 - - [04/Mar/2023:00:09:33 -0800] "HEAD /BibleStudy HTTP/1.1" 301 - "-" "jetmon/1.0 (Jetpack Site Uptime Monitor by WordPress.com)" "njcca.net"
192.0.102.40 - - [04/Mar/2023:00:09:37 -0800] "HEAD /HolyCross HTTP/1.1" 301 - "-" "jetmon/1.0 (Jetpack Site Uptime Monitor by WordPress.com)" "njcca.net"
192.0.102.40 - - [04/Mar/2023:00:09:33 -0800] "HEAD /BibleStudy/ HTTP/1.1" 200 - "-" "jetmon/1.0 (Jetpack Site Uptime Monitor by WordPress.com)" "njcca.net"
192.0.102.40 - - [04/Mar/2023:00:09:37 -0800] "HEAD /HolyCross/ HTTP/1.1" 200 - "-" "jetmon/1.0 (Jetpack Site Uptime Monitor by WordPress.com)" "njcca.net"
10.247.24.80 - - [04/Mar/2023:00:09:40 -0800] "POST /HolyCross/wp-cron.php?doing_wp_cron=1677917380.7025029659271240234375 HTTP/1.1" 200 - "https://njcca.net/HolyCross/wp-cron.php?doing_wp_cron=1677917380.7025029659271240234375" "WordPress/6.1.1; https://njcca.net/HolyCross" "njcca.net"
114.119.141.9 - - [04/Mar/2023:00:09:51 -0800] "GET /HolyCross/index.php/2018/12/?paged=19 HTTP/1.1" 200 53050 "https://njcca.net/HolyCross/index.php/2018/12/?paged=20" "Mozilla/5.0 (Linux; Android 7.0;) AppleWebKit/537.36 (KHTML, like Gecko) Mobile Safari/537.36 (compatible; PetalBot;+https://webmaster.petalsearch.com/site/petalbot)" "njcca.net"
10.247.24.79 - - [04/Mar/2023:00:09:36 -0800] "POST /BibleStudy/wp-cron.php?doing_wp_cron=1677917376.8831510543823242187500 HTTP/1.1" 500 100 "https://njcca.net/BibleStudy/wp-cron.php?doing_wp_cron=1677917376.8831510543823242187500" "WordPress/6.0.3; https://njcca.net/BibleStudy" "njcca.net"
197.205.129.168 - - [04/Mar/2023:00:12:02 -0800] "GET /phpmyadmin/ HTTP/1.1" 404 88 "-" "Mozilla/5.0 (Windows NT 6.0; rv:34.0) Gecko/20100101 Firefox/34.0" "njcca.net"
197.205.129.168 - - [04/Mar/2023:00:12:08 -0800] "GET /administrator/ HTTP/1.1" 404 88 "-" "Mozilla/5.0 (Windows NT 6.0; rv:34.0) Gecko/20100101 Firefox/34.0" "njcca.net"
197.205.129.168 - - [04/Mar/2023:00:12:08 -0800] "GET /administrator/index.php HTTP/1.1" 404 88 "https://njcca.net/administrator/" "Mozilla/5.0 (Windows NT 6.0; rv:34.0) Gecko/20100101 Firefox/34.0" "njcca.net"
197.205.129.168 - - [04/Mar/2023:00:12:11 -0800] "GET /phpmyadmin/ HTTP/1.1" 404 88 "-" "Mozilla/5.0 (Windows NT 6.0; rv:34.0) Gecko/20100101 Firefox/34.0" "njcca.net"
197.205.129.168 - - [04/Mar/2023:00:12:16 -0800] "GET /wp-login.php HTTP/1.1" 404 88 "-" "Mozilla/5.0 (Windows NT 6.0; rv:34.0) Gecko/20100101 Firefox/34.0" "njcca.net"
197.205.129.168 - - [04/Mar/2023:00:12:16 -0800] "GET /wp-admin/ HTTP/1.1" 404 88 "https://njcca.net/wp-login.php" "Mozilla/5.0 (Windows NT 6.0; rv:34.0) Gecko/20100101 Firefox/34.0" "njcca.net"
197.205.129.168 - - [04/Mar/2023:00:12:20 -0800] "GET /phpMyAdmin/ HTTP/1.1" 200 3557 "-" "Mozilla/5.0 (Windows NT 6.0; rv:34.0) Gecko/20100101 Firefox/34.0" "njcca.net"
197.205.129.168 - - [04/Mar/2023:00:12:21 -0800] "POST /phpMyAdmin/index.php HTTP/1.1" 200 3661 "https://njcca.net/phpMyAdmin/" "Mozilla/5.0 (Windows NT 6.0; rv:34.0) Gecko/20100101 Firefox/34.0" "njcca.net"
197.205.129.168 - - [04/Mar/2023:00:12:29 -0800] "GET /admin.php HTTP/1.1" 404 88 "-" "Mozilla/5.0 (Windows NT 6.0; rv:34.0) Gecko/20100101 Firefox/34.0" "njcca.net"
197.205.129.168 - - [04/Mar/2023:00:12:36 -0800] "GET /admin HTTP/1.1" 404 88 "-" "Mozilla/5.0 (Windows NT 6.0; rv:34.0) Gecko/20100101 Firefox/34.0" "njcca.net"
197.205.129.168 - - [04/Mar/2023:00:12:41 -0800] "GET /phpMyAdmin/ HTTP/1.1" 200 3561 "-" "Mozilla/5.0 (Windows NT 6.0; rv:34.0) Gecko/20100101 Firefox/34.0" "njcca.net"
197.205.129.168 - - [04/Mar/2023:00:12:42 -0800] "POST /phpMyAdmin/index.php HTTP/1.1" 200 3649 "https://njcca.net/phpMyAdmin/" "Mozilla/5.0 (Windows NT 6.0; rv:34.0) Gecko/20100101 Firefox/34.0" "njcca.net"
197.205.129.168 - - [04/Mar/2023:00:12:47 -0800] "GET /admin HTTP/1.1" 404 88 "-" "Mozilla/5.0 (Windows NT 6.0; rv:34.0) Gecko/20100101 Firefox/34.0" "njcca.net"
197.205.129.168 - - [04/Mar/2023:00:12:50 -0800] "GET /phpMyAdmin/ HTTP/1.1" 200 3553 "-" "Mozilla/5.0 (Windows NT 6.0; rv:34.0) Gecko/20100101 Firefox/34.0" "njcca.net"
197.205.129.168 - - [04/Mar/2023:00:12:51 -0800] "POST /phpMyAdmin/index.php HTTP/1.1" 200 3644 "https://njcca.net/phpMyAdmin/" "Mozilla/5.0 (Windows NT 6.0; rv:34.0) Gecko/20100101 Firefox/34.0" "njcca.net"
