10.247.24.79 - - [04/Mar/2023:07:02:27 -0800] "GET /HolyCross/index.php?rest_route=%2Fjetpack%2Fv4%2Fsync%2Fspawn-sync&time=1677942147&request_lock_id=1677942147.406 HTTP/1.1" 200 17 "https://njcca.net/HolyCross/index.php?rest_route=%2Fjetpack%2Fv4%2Fsync%2Fspawn-sync&time=1677942147&request_lock_id=1677942147.406" "WordPress/6.1.1; https://njcca.net/HolyCross" "njcca.net"
103.12.160.45 - - [04/Mar/2023:07:02:28 -0800] "GET /HolyCross/?p=1317&unapproved=205&moderation-hash=7dae12f2fa80a2f6fbf563aa80f7e87e HTTP/1.1" 200 40825 "-" "Mozilla/5.0 (Windows NT 10.0; Win64; x64) AppleWebKit/537.36 (KHTML, like Gecko) Chrome/85.0.4183.121 Safari/537.36" "njcca.net"
103.12.160.45 - - [04/Mar/2023:07:02:33 -0800] "POST /HolyCross/wp-comments-post.php HTTP/1.1" 429 2682 "-" "Mozilla/5.0 (Windows NT 10.0; Win64; x64) AppleWebKit/537.36 (KHTML, like Gecko) Chrome/85.0.4183.121 Safari/537.36" "njcca.net"
192.0.89.215 - - [04/Mar/2023:07:02:35 -0800] "GET /HolyCross/index.php/feed HTTP/1.1" 200 51340 "-" "wp.com feedbot/1.0 (+https://wp.com)" "njcca.net"
103.12.160.45 - - [04/Mar/2023:07:02:37 -0800] "POST /HolyCross/wp-comments-post.php HTTP/1.1" 200 - "-" "Mozilla/5.0 (Windows NT 10.0; Win64; x64) AppleWebKit/537.36 (KHTML, like Gecko) Chrome/85.0.4183.121 Safari/537.36" "njcca.net"
103.12.160.45 - - [04/Mar/2023:07:02:40 -0800] "GET /HolyCross/?p=1235 HTTP/1.1" 200 41003 "-" "Mozilla/5.0 (Windows NT 10.0; Win64; x64) AppleWebKit/537.36 (KHTML, like Gecko) Chrome/85.0.4183.121 Safari/537.36" "njcca.net"
103.12.160.45 - - [04/Mar/2023:07:02:57 -0800] "GET /HolyCross/?p=1235 HTTP/1.1" 200 41003 "-" "Mozilla/5.0 (Windows NT 10.0; Win64; x64) AppleWebKit/537.36 (KHTML, like Gecko) Chrome/85.0.4183.121 Safari/537.36" "njcca.net"
35.78.210.145 - - [04/Mar/2023:07:03:05 -0800] "GET / HTTP/1.1" 200 1433 "-" "Mozilla/5.0 (Windows NT 10.0; Win64; x64) AppleWebKit/537.36 (KHTML, like Gecko) Chrome/99.0.4844.74 Safari/537.36" "praise.njcca.net"
35.78.210.145 - - [04/Mar/2023:07:03:06 -0800] "GET / HTTP/1.1" 200 1433 "-" "Mozilla/5.0 (Windows NT 10.0; Win64; x64) AppleWebKit/537.36 (KHTML, like Gecko) Chrome/99.0.4844.74 Safari/537.36" "praise.njcca.net"
192.0.89.215 - - [04/Mar/2023:07:03:04 -0800] "GET /HolyCross/index.php/feed HTTP/1.1" 200 51340 "-" "wp.com feedbot/1.0 (+https://wp.com)" "njcca.net"
192.0.89.215 - - [04/Mar/2023:07:03:07 -0800] "GET /HolyCross/?feed=rss2 HTTP/1.1" 200 33208 "https://njcca.net/HolyCross/?feed=rss2" "wp.com feedbot/1.0 (+https://wp.com)" "njcca.net"
192.0.89.215 - - [04/Mar/2023:07:03:11 -0800] "GET /HolyCross/?feed=comments-rss2 HTTP/1.1" 200 8540 "https://njcca.net/HolyCross/?feed=comments-rss2" "wp.com feedbot/1.0 (+https://wp.com)" "njcca.net"
192.0.89.215 - - [04/Mar/2023:07:03:14 -0800] "GET /feed/ HTTP/1.1" 404 88 "https://njcca.net/feed/" "wp.com feedbot/1.0 (+https://wp.com)" "njcca.net"
103.12.160.45 - - [04/Mar/2023:07:03:19 -0800] "GET /HolyCross/?p=1235&replytocom=24 HTTP/1.1" 200 41044 "-" "Mozilla/5.0 (Windows NT 10.0; Win64; x64) AppleWebKit/537.36 (KHTML, like Gecko) Chrome/85.0.4183.121 Safari/537.36" "njcca.net"
103.12.160.45 - - [04/Mar/2023:07:03:35 -0800] "GET /HolyCross/?p=1235 HTTP/1.1" 200 41004 "-" "Mozilla/5.0 (Windows NT 10.0; Win64; x64) AppleWebKit/537.36 (KHTML, like Gecko) Chrome/85.0.4183.121 Safari/537.36" "njcca.net"
10.247.24.80 - - [04/Mar/2023:07:03:37 -0800] "POST /HolyCross/wp-cron.php?doing_wp_cron=1677942217.8379600048065185546875 HTTP/1.1" 200 - "https://njcca.net/HolyCross/wp-cron.php?doing_wp_cron=1677942217.8379600048065185546875" "WordPress/6.1.1; https://njcca.net/HolyCross" "njcca.net"
103.12.160.45 - - [04/Mar/2023:07:03:52 -0800] "GET /HolyCross/wp-login.php HTTP/1.1" 200 7251 "-" "Mozilla/5.0 (Windows NT 10.0; Win64; x64) AppleWebKit/537.36 (KHTML, like Gecko) Chrome/85.0.4183.121 Safari/537.36" "njcca.net"
103.12.160.45 - - [04/Mar/2023:07:04:09 -0800] "GET /HolyCross/wp-login.php?action=lostpassword HTTP/1.1" 200 4571 "-" "Mozilla/5.0 (Windows NT 10.0; Win64; x64) AppleWebKit/537.36 (KHTML, like Gecko) Chrome/85.0.4183.121 Safari/537.36" "njcca.net"
192.0.102.40 - - [04/Mar/2023:07:05:34 -0800] "HEAD /HolyCross HTTP/1.1" 301 - "-" "jetmon/1.0 (Jetpack Site Uptime Monitor by WordPress.com)" "njcca.net"
192.0.102.40 - - [04/Mar/2023:07:05:34 -0800] "HEAD /HolyCross/ HTTP/1.1" 200 - "-" "jetmon/1.0 (Jetpack Site Uptime Monitor by WordPress.com)" "njcca.net"
10.247.24.80 - - [04/Mar/2023:07:05:39 -0800] "POST /HolyCross/wp-cron.php?doing_wp_cron=1677942339.7654840946197509765625 HTTP/1.1" 200 - "https://njcca.net/HolyCross/wp-cron.php?doing_wp_cron=1677942339.7654840946197509765625" "WordPress/6.1.1; https://njcca.net/HolyCross" "njcca.net"
192.0.102.40 - - [04/Mar/2023:07:05:43 -0800] "HEAD /BibleStudy HTTP/1.1" 301 - "-" "jetmon/1.0 (Jetpack Site Uptime Monitor by WordPress.com)" "njcca.net"
192.0.102.40 - - [04/Mar/2023:07:05:43 -0800] "HEAD /BibleStudy/ HTTP/1.1" 200 - "-" "jetmon/1.0 (Jetpack Site Uptime Monitor by WordPress.com)" "njcca.net"
10.247.24.80 - - [04/Mar/2023:07:05:46 -0800] "POST /BibleStudy/wp-cron.php?doing_wp_cron=1677942346.6882920265197753906250 HTTP/1.1" 500 100 "https://njcca.net/BibleStudy/wp-cron.php?doing_wp_cron=1677942346.6882920265197753906250" "WordPress/6.0.3; https://njcca.net/BibleStudy" "njcca.net"
192.0.102.40 - - [04/Mar/2023:07:12:21 -0800] "HEAD /HolyCross HTTP/1.1" 301 - "-" "jetmon/1.0 (Jetpack Site Uptime Monitor by WordPress.com)" "njcca.net"
192.0.102.40 - - [04/Mar/2023:07:12:21 -0800] "HEAD /HolyCross/ HTTP/1.1" 200 - "-" "jetmon/1.0 (Jetpack Site Uptime Monitor by WordPress.com)" "njcca.net"
10.247.24.81 - - [04/Mar/2023:07:12:26 -0800] "POST /HolyCross/wp-cron.php?doing_wp_cron=1677942746.2334489822387695312500 HTTP/1.1" 200 - "https://njcca.net/HolyCross/wp-cron.php?doing_wp_cron=1677942746.2334489822387695312500" "WordPress/6.1.1; https://njcca.net/HolyCross" "njcca.net"
192.0.102.40 - - [04/Mar/2023:07:12:58 -0800] "HEAD /BibleStudy HTTP/1.1" 301 - "-" "jetmon/1.0 (Jetpack Site Uptime Monitor by WordPress.com)" "njcca.net"
192.0.102.40 - - [04/Mar/2023:07:12:58 -0800] "HEAD /BibleStudy/ HTTP/1.1" 200 - "-" "jetmon/1.0 (Jetpack Site Uptime Monitor by WordPress.com)" "njcca.net"
10.247.24.79 - - [04/Mar/2023:07:13:02 -0800] "POST /BibleStudy/wp-cron.php?doing_wp_cron=1677942782.5644669532775878906250 HTTP/1.1" 500 100 "https://njcca.net/BibleStudy/wp-cron.php?doing_wp_cron=1677942782.5644669532775878906250" "WordPress/6.0.3; https://njcca.net/BibleStudy" "njcca.net"
123.125.109.39 - - [04/Mar/2023:07:19:35 -0800] "GET / HTTP/1.1" 200 51141 "-" "Sogou web spider/4.0(+http://www.sogou.com/docs/help/webmasters.htm#07)" "njcca.net"
10.247.24.79 - - [04/Mar/2023:07:19:41 -0800] "POST /HolyCross/wp-cron.php?doing_wp_cron=1677943181.5060720443725585937500 HTTP/1.1" 200 - "https://njcca.net/HolyCross/wp-cron.php?doing_wp_cron=1677943181.5060720443725585937500" "WordPress/6.1.1; https://njcca.net/HolyCross" "njcca.net"
192.0.102.40 - - [04/Mar/2023:07:21:10 -0800] "HEAD /HolyCross HTTP/1.1" 301 - "-" "jetmon/1.0 (Jetpack Site Uptime Monitor by WordPress.com)" "njcca.net"
192.0.102.40 - - [04/Mar/2023:07:21:10 -0800] "HEAD /HolyCross/ HTTP/1.1" 200 - "-" "jetmon/1.0 (Jetpack Site Uptime Monitor by WordPress.com)" "njcca.net"
10.247.24.80 - - [04/Mar/2023:07:21:14 -0800] "POST /HolyCross/wp-cron.php?doing_wp_cron=1677943273.9575600624084472656250 HTTP/1.1" 200 - "https://njcca.net/HolyCross/wp-cron.php?doing_wp_cron=1677943273.9575600624084472656250" "WordPress/6.1.1; https://njcca.net/HolyCross" "njcca.net"
192.0.102.40 - - [04/Mar/2023:07:21:26 -0800] "HEAD /BibleStudy HTTP/1.1" 301 - "-" "jetmon/1.0 (Jetpack Site Uptime Monitor by WordPress.com)" "njcca.net"
192.0.102.40 - - [04/Mar/2023:07:21:26 -0800] "HEAD /BibleStudy/ HTTP/1.1" 200 - "-" "jetmon/1.0 (Jetpack Site Uptime Monitor by WordPress.com)" "njcca.net"
52.13.104.99 - - [04/Mar/2023:07:22:09 -0800] "GET /pdf/Paul/32_may_god_bless_you.pdf HTTP/1.1" 200 410763 "-" "Mozilla/5.0 (iPhone; CPU iPhone OS 16_0 like Mac OS X) AppleWebKit/605.1.15 (KHTML, like Gecko) CriOS/105.0.5195.129 Mobile/15E148 Safari/604.1" "praise.njcca.net"
10.247.24.81 - - [04/Mar/2023:07:21:30 -0800] "POST /BibleStudy/wp-cron.php?doing_wp_cron=1677943290.8363211154937744140625 HTTP/1.1" 500 2565 "https://njcca.net/BibleStudy/wp-cron.php?doing_wp_cron=1677943290.8363211154937744140625" "WordPress/6.0.3; https://njcca.net/BibleStudy" "njcca.net"
192.0.102.40 - - [04/Mar/2023:07:28:02 -0800] "HEAD /HolyCross HTTP/1.1" 301 - "-" "jetmon/1.0 (Jetpack Site Uptime Monitor by WordPress.com)" "njcca.net"
192.0.102.40 - - [04/Mar/2023:07:28:02 -0800] "HEAD /HolyCross/ HTTP/1.1" 200 - "-" "jetmon/1.0 (Jetpack Site Uptime Monitor by WordPress.com)" "njcca.net"
10.247.24.79 - - [04/Mar/2023:07:28:09 -0800] "POST /HolyCross/wp-cron.php?doing_wp_cron=1677943689.6558289527893066406250 HTTP/1.1" 200 - "https://njcca.net/HolyCross/wp-cron.php?doing_wp_cron=1677943689.6558289527893066406250" "WordPress/6.1.1; https://njcca.net/HolyCross" "njcca.net"
73.193.242.162 - - [04/Mar/2023:07:29:38 -0800] "GET /HolyCross/?p=6342 HTTP/1.1" 200 39050 "https://www.rcan.org/" "Mozilla/5.0 (Windows NT 10.0; Win64; x64) AppleWebKit/537.36 (KHTML, like Gecko) Chrome/110.0.0.0 Safari/537.36 Edg/110.0.1587.57" "njcca.net"
10.247.24.81 - - [04/Mar/2023:07:29:42 -0800] "POST /HolyCross/wp-cron.php?doing_wp_cron=1677943782.0468199253082275390625 HTTP/1.1" 200 - "https://njcca.net/HolyCross/wp-cron.php?doing_wp_cron=1677943782.0468199253082275390625" "WordPress/6.1.1; https://njcca.net/HolyCross" "njcca.net"
73.193.242.162 - - [04/Mar/2023:07:29:45 -0800] "GET /HolyCross/wp-content/themes/church/style.css?ver=6.1.1 HTTP/1.1" 200 5377 "https://njcca.net/HolyCross/?p=6342" "Mozilla/5.0 (Windows NT 10.0; Win64; x64) AppleWebKit/537.36 (KHTML, like Gecko) Chrome/110.0.0.0 Safari/537.36 Edg/110.0.1587.57" "njcca.net"
73.193.242.162 - - [04/Mar/2023:07:29:45 -0800] "GET /HolyCross/wp-content/themes/church/js/tinynav.js?ver=6.1.1 HTTP/1.1" 200 585 "https://njcca.net/HolyCross/?p=6342" "Mozilla/5.0 (Windows NT 10.0; Win64; x64) AppleWebKit/537.36 (KHTML, like Gecko) Chrome/110.0.0.0 Safari/537.36 Edg/110.0.1587.57" "njcca.net"
73.193.242.162 - - [04/Mar/2023:07:29:46 -0800] "GET /HolyCross/wp-includes/js/wp-emoji-release.min.js?ver=6.1.1 HTTP/1.1" 200 5009 "https://njcca.net/HolyCross/?p=6342" "Mozilla/5.0 (Windows NT 10.0; Win64; x64) AppleWebKit/537.36 (KHTML, like Gecko) Chrome/110.0.0.0 Safari/537.36 Edg/110.0.1587.57" "njcca.net"
73.193.242.162 - - [04/Mar/2023:07:29:46 -0800] "GET /HolyCross/wp-content/themes/church/images/bg.png HTTP/1.1" 200 45221 "https://njcca.net/HolyCross/wp-content/themes/church/style.css?ver=6.1.1" "Mozilla/5.0 (Windows NT 10.0; Win64; x64) AppleWebKit/537.36 (KHTML, like Gecko) Chrome/110.0.0.0 Safari/537.36 Edg/110.0.1587.57" "njcca.net"
192.0.99.179 - - [04/Mar/2023:07:29:48 -0800] "GET /HolyCross/wp-content/uploads/2023/02/Screen-Shot-2020-02-20-at-10.26.06.png HTTP/1.1" 200 1010524 "-" "Photon/1.0" "njcca.net"
73.193.242.162 - - [04/Mar/2023:07:29:49 -0800] "GET /HolyCross/?p=6342&relatedposts=1 HTTP/1.1" 200 3202 "https://njcca.net/HolyCross/?p=6342" "Mozilla/5.0 (Windows NT 10.0; Win64; x64) AppleWebKit/537.36 (KHTML, like Gecko) Chrome/110.0.0.0 Safari/537.36 Edg/110.0.1587.57" "njcca.net"
73.193.242.162 - - [04/Mar/2023:07:30:01 -0800] "GET /HolyCross/?p=6351 HTTP/1.1" 200 38485 "https://njcca.net/HolyCross/?p=6342" "Mozilla/5.0 (Windows NT 10.0; Win64; x64) AppleWebKit/537.36 (KHTML, like Gecko) Chrome/110.0.0.0 Safari/537.36 Edg/110.0.1587.57" "njcca.net"
10.247.24.81 - - [04/Mar/2023:07:30:04 -0800] "POST /HolyCross/wp-cron.php?doing_wp_cron=1677943804.1753768920898437500000 HTTP/1.1" 200 - "https://njcca.net/HolyCross/wp-cron.php?doing_wp_cron=1677943804.1753768920898437500000" "WordPress/6.1.1; https://njcca.net/HolyCross" "njcca.net"
73.193.242.162 - - [04/Mar/2023:07:30:07 -0800] "GET /HolyCross/?p=6351&relatedposts=1 HTTP/1.1" 200 3202 "https://njcca.net/HolyCross/?p=6351" "Mozilla/5.0 (Windows NT 10.0; Win64; x64) AppleWebKit/537.36 (KHTML, like Gecko) Chrome/110.0.0.0 Safari/537.36 Edg/110.0.1587.57" "njcca.net"
192.0.102.40 - - [04/Mar/2023:07:30:34 -0800] "HEAD /BibleStudy HTTP/1.1" 301 - "-" "jetmon/1.0 (Jetpack Site Uptime Monitor by WordPress.com)" "njcca.net"
192.0.102.40 - - [04/Mar/2023:07:30:34 -0800] "HEAD /BibleStudy/ HTTP/1.1" 200 - "-" "jetmon/1.0 (Jetpack Site Uptime Monitor by WordPress.com)" "njcca.net"
73.193.242.162 - - [04/Mar/2023:07:31:26 -0800] "GET /HolyCross/?p=6351 HTTP/1.1" 200 38486 "https://www.rcan.org/" "Mozilla/5.0 (Windows NT 10.0; Win64; x64) AppleWebKit/537.36 (KHTML, like Gecko) Chrome/110.0.0.0 Safari/537.36 Edg/110.0.1587.57" "njcca.net"
73.193.242.162 - - [04/Mar/2023:07:31:34 -0800] "GET /HolyCross/?p=6351&relatedposts=1 HTTP/1.1" 200 3202 "https://njcca.net/HolyCross/?p=6351" "Mozilla/5.0 (Windows NT 10.0; Win64; x64) AppleWebKit/537.36 (KHTML, like Gecko) Chrome/110.0.0.0 Safari/537.36 Edg/110.0.1587.57" "njcca.net"
10.247.24.81 - - [04/Mar/2023:07:30:38 -0800] "POST /BibleStudy/wp-cron.php?doing_wp_cron=1677943838.0665659904479980468750 HTTP/1.1" 500 100 "https://njcca.net/BibleStudy/wp-cron.php?doing_wp_cron=1677943838.0665659904479980468750" "WordPress/6.0.3; https://njcca.net/BibleStudy" "njcca.net"
192.0.102.40 - - [04/Mar/2023:07:37:02 -0800] "HEAD /HolyCross HTTP/1.1" 301 - "-" "jetmon/1.0 (Jetpack Site Uptime Monitor by WordPress.com)" "njcca.net"
192.0.102.40 - - [04/Mar/2023:07:37:02 -0800] "HEAD /HolyCross/ HTTP/1.1" 200 - "-" "jetmon/1.0 (Jetpack Site Uptime Monitor by WordPress.com)" "njcca.net"
10.247.24.81 - - [04/Mar/2023:07:37:06 -0800] "POST /HolyCross/wp-cron.php?doing_wp_cron=1677944226.6252889633178710937500 HTTP/1.1" 200 - "https://njcca.net/HolyCross/wp-cron.php?doing_wp_cron=1677944226.6252889633178710937500" "WordPress/6.1.1; https://njcca.net/HolyCross" "njcca.net"
54.185.110.177 - - [04/Mar/2023:07:37:13 -0800] "GET / HTTP/1.1" 200 51100 "-" "Mozilla/5.0 (X11; Linux x86_64) AppleWebKit/537.36 (KHTML, like Gecko) Chrome/83.0.4103.97 Safari/537.36" "njcca.net"
35.165.106.241 - - [04/Mar/2023:07:37:14 -0800] "GET / HTTP/1.1" 200 51100 "-" "Mozilla/5.0 (X11; Linux x86_64) AppleWebKit/537.36 (KHTML, like Gecko) Chrome/83.0.4103.97 Safari/537.36" "njcca.net"
34.211.49.203 - - [04/Mar/2023:07:37:44 -0800] "GET /favicon.ico HTTP/1.1" 404 88 "http://njcca.net/favicon.ico" "Mozilla/5.0 (X11; Linux x86_64) AppleWebKit/537.36 (KHTML, like Gecko) Chrome/83.0.4103.97 Safari/537.36" "njcca.net"
34.211.49.203 - - [04/Mar/2023:07:37:44 -0800] "GET / HTTP/1.1" 200 51100 "http://njcca.net" "Mozilla/5.0 (X11; Linux x86_64) AppleWebKit/537.36 (KHTML, like Gecko) Chrome/83.0.4103.97 Safari/537.36" "njcca.net"
192.0.102.40 - - [04/Mar/2023:07:37:53 -0800] "HEAD /BibleStudy HTTP/1.1" 301 - "-" "jetmon/1.0 (Jetpack Site Uptime Monitor by WordPress.com)" "njcca.net"
192.0.102.40 - - [04/Mar/2023:07:37:53 -0800] "HEAD /BibleStudy/ HTTP/1.1" 200 - "-" "jetmon/1.0 (Jetpack Site Uptime Monitor by WordPress.com)" "njcca.net"
10.247.24.81 - - [04/Mar/2023:07:37:57 -0800] "POST /BibleStudy/wp-cron.php?doing_wp_cron=1677944277.4194839000701904296875 HTTP/1.1" 500 100 "https://njcca.net/BibleStudy/wp-cron.php?doing_wp_cron=1677944277.4194839000701904296875" "WordPress/6.0.3; https://njcca.net/BibleStudy" "njcca.net"
192.0.102.40 - - [04/Mar/2023:07:43:32 -0800] "HEAD /BibleStudy HTTP/1.1" 301 - "-" "jetmon/1.0 (Jetpack Site Uptime Monitor by WordPress.com)" "njcca.net"
192.0.102.40 - - [04/Mar/2023:07:43:32 -0800] "HEAD /BibleStudy/ HTTP/1.1" 200 - "-" "jetmon/1.0 (Jetpack Site Uptime Monitor by WordPress.com)" "njcca.net"
192.0.102.40 - - [04/Mar/2023:07:43:43 -0800] "HEAD /HolyCross HTTP/1.1" 301 - "-" "jetmon/1.0 (Jetpack Site Uptime Monitor by WordPress.com)" "njcca.net"
192.0.102.40 - - [04/Mar/2023:07:43:43 -0800] "HEAD /HolyCross/ HTTP/1.1" 200 - "-" "jetmon/1.0 (Jetpack Site Uptime Monitor by WordPress.com)" "njcca.net"
10.247.24.79 - - [04/Mar/2023:07:43:46 -0800] "POST /HolyCross/wp-cron.php?doing_wp_cron=1677944626.5958569049835205078125 HTTP/1.1" 200 - "https://njcca.net/HolyCross/wp-cron.php?doing_wp_cron=1677944626.5958569049835205078125" "WordPress/6.1.1; https://njcca.net/HolyCross" "njcca.net"
66.249.66.38 - - [04/Mar/2023:07:46:27 -0800] "GET /robots.txt HTTP/1.1" 404 88 "-" "Mozilla/5.0 (compatible; Googlebot/2.1; +http://www.google.com/bot.html)" "praise.njcca.net"
217.138.192.221 - - [04/Mar/2023:07:46:27 -0800] "GET /praiseyeshua/2015/06/28/video/ HTTP/1.1" 404 73 "https://njcca.net/praiseyeshua/2015/06/28/video/" "Mozilla/5.0 (Windows NT 6.2; Win64; x64) AppleWebKit/537.36 (KHTML, like Gecko) Chrome/90.0.4430.72 Safari/537.36" "njcca.net"
217.138.192.221 - - [04/Mar/2023:07:46:28 -0800] "GET / HTTP/1.1" 200 51100 "https://njcca.net/" "Mozilla/5.0 (Windows NT 6.2; Win64; x64) AppleWebKit/537.36 (KHTML, like Gecko) Chrome/90.0.4430.72 Safari/537.36" "njcca.net"
10.247.24.80 - - [04/Mar/2023:07:46:33 -0800] "POST /HolyCross/wp-cron.php?doing_wp_cron=1677944793.0961470603942871093750 HTTP/1.1" 200 - "https://njcca.net/HolyCross/wp-cron.php?doing_wp_cron=1677944793.0961470603942871093750" "WordPress/6.1.1; https://njcca.net/HolyCross" "njcca.net"
217.138.192.221 - - [04/Mar/2023:07:46:36 -0800] "GET /HolyCross/?page_id=1147 HTTP/1.1" 200 33264 "https://njcca.net/HolyCross/?page_id=1147" "Mozilla/5.0 (Windows NT 6.2; Win64; x64) AppleWebKit/537.36 (KHTML, like Gecko) Chrome/90.0.4430.72 Safari/537.36" "njcca.net"
10.247.24.79 - - [04/Mar/2023:07:43:37 -0800] "POST /BibleStudy/wp-cron.php?doing_wp_cron=1677944617.6795001029968261718750 HTTP/1.1" 500 100 "https://njcca.net/BibleStudy/wp-cron.php?doing_wp_cron=1677944617.6795001029968261718750" "WordPress/6.0.3; https://njcca.net/BibleStudy" "njcca.net"
114.119.138.177 - - [04/Mar/2023:07:49:27 -0800] "GET /HolyCross/?m=201811 HTTP/1.1" 200 38438 "https://njcca.net/HolyCross/wp-trackback.php?p=6267" "Mozilla/5.0 (Linux; Android 7.0;) AppleWebKit/537.36 (KHTML, like Gecko) Mobile Safari/537.36 (compatible; PetalBot;+https://webmaster.petalsearch.com/site/petalbot)" "njcca.net"
10.247.24.80 - - [04/Mar/2023:07:49:31 -0800] "POST /HolyCross/wp-cron.php?doing_wp_cron=1677944971.1161708831787109375000 HTTP/1.1" 200 - "https://njcca.net/HolyCross/wp-cron.php?doing_wp_cron=1677944971.1161708831787109375000" "WordPress/6.1.1; https://njcca.net/HolyCross" "njcca.net"
192.0.102.40 - - [04/Mar/2023:07:52:44 -0800] "HEAD /BibleStudy HTTP/1.1" 301 - "-" "jetmon/1.0 (Jetpack Site Uptime Monitor by WordPress.com)" "njcca.net"
192.0.102.40 - - [04/Mar/2023:07:52:44 -0800] "HEAD /BibleStudy/ HTTP/1.1" 200 - "-" "jetmon/1.0 (Jetpack Site Uptime Monitor by WordPress.com)" "njcca.net"
192.0.102.40 - - [04/Mar/2023:07:53:38 -0800] "HEAD /HolyCross HTTP/1.1" 301 - "-" "jetmon/1.0 (Jetpack Site Uptime Monitor by WordPress.com)" "njcca.net"
192.0.102.40 - - [04/Mar/2023:07:53:39 -0800] "HEAD /HolyCross/ HTTP/1.1" 200 - "-" "jetmon/1.0 (Jetpack Site Uptime Monitor by WordPress.com)" "njcca.net"
10.247.24.80 - - [04/Mar/2023:07:53:42 -0800] "POST /HolyCross/wp-cron.php?doing_wp_cron=1677945222.7425611019134521484375 HTTP/1.1" 200 - "https://njcca.net/HolyCross/wp-cron.php?doing_wp_cron=1677945222.7425611019134521484375" "WordPress/6.1.1; https://njcca.net/HolyCross" "njcca.net"
10.247.24.79 - - [04/Mar/2023:07:52:50 -0800] "POST /BibleStudy/wp-cron.php?doing_wp_cron=1677945170.3078699111938476562500 HTTP/1.1" 500 100 "https://njcca.net/BibleStudy/wp-cron.php?doing_wp_cron=1677945170.3078699111938476562500" "WordPress/6.0.3; https://njcca.net/BibleStudy" "njcca.net"
192.0.102.40 - - [04/Mar/2023:07:59:35 -0800] "HEAD /HolyCross HTTP/1.1" 301 - "-" "jetmon/1.0 (Jetpack Site Uptime Monitor by WordPress.com)" "njcca.net"
192.0.102.40 - - [04/Mar/2023:07:59:36 -0800] "HEAD /HolyCross/ HTTP/1.1" 200 - "-" "jetmon/1.0 (Jetpack Site Uptime Monitor by WordPress.com)" "njcca.net"
10.247.24.80 - - [04/Mar/2023:07:59:41 -0800] "POST /HolyCross/wp-cron.php?doing_wp_cron=1677945581.1152141094207763671875 HTTP/1.1" 200 - "https://njcca.net/HolyCross/wp-cron.php?doing_wp_cron=1677945581.1152141094207763671875" "WordPress/6.1.1; https://njcca.net/HolyCross" "njcca.net"
192.0.102.40 - - [04/Mar/2023:07:59:49 -0800] "HEAD /BibleStudy HTTP/1.1" 301 - "-" "jetmon/1.0 (Jetpack Site Uptime Monitor by WordPress.com)" "njcca.net"
192.0.102.40 - - [04/Mar/2023:07:59:50 -0800] "HEAD /BibleStudy/ HTTP/1.1" 200 - "-" "jetmon/1.0 (Jetpack Site Uptime Monitor by WordPress.com)" "njcca.net"
73.193.242.162 - - [04/Mar/2023:08:00:06 -0800] "GET /HolyCross/?p=6351 HTTP/1.1" 200 38485 "https://www.rcan.org/" "Mozilla/5.0 (Windows NT 10.0; Win64; x64) AppleWebKit/537.36 (KHTML, like Gecko) Chrome/110.0.0.0 Safari/537.36 Edg/110.0.1587.57" "njcca.net"
10.247.24.79 - - [04/Mar/2023:08:00:09 -0800] "POST /HolyCross/wp-cron.php?doing_wp_cron=1677945609.2159531116485595703125 HTTP/1.1" 200 - "https://njcca.net/HolyCross/wp-cron.php?doing_wp_cron=1677945609.2159531116485595703125" "WordPress/6.1.1; https://njcca.net/HolyCross" "njcca.net"
73.193.242.162 - - [04/Mar/2023:08:00:15 -0800] "GET /HolyCross/?p=6351&relatedposts=1 HTTP/1.1" 200 3202 "https://njcca.net/HolyCross/?p=6351" "Mozilla/5.0 (Windows NT 10.0; Win64; x64) AppleWebKit/537.36 (KHTML, like Gecko) Chrome/110.0.0.0 Safari/537.36 Edg/110.0.1587.57" "njcca.net"
104.248.1.96 - - [04/Mar/2023:08:01:25 -0800] "GET /wp-content/plugins/core-fork/index.php HTTP/1.1" 404 73 "njcca.net" "Mozilla/5.1 (Windows NT 6.0; WOW64) AppleWebKit/537.37 (KHTML, like Gecko) Chrome/58.0.1145.75 Safari/537.37" "njcca.net"
10.247.24.81 - - [04/Mar/2023:07:59:54 -0800] "POST /BibleStudy/wp-cron.php?doing_wp_cron=1677945594.5378079414367675781250 HTTP/1.1" 500 100 "https://njcca.net/BibleStudy/wp-cron.php?doing_wp_cron=1677945594.5378079414367675781250" "WordPress/6.0.3; https://njcca.net/BibleStudy" "njcca.net"
192.99.15.34 - - [04/Mar/2023:08:05:53 -0800] "GET /robots.txt HTTP/1.1" 200 36 "-" "Mozilla/5.0 (compatible; MJ12bot/v1.4.8; http://mj12bot.com/)" "njcca.net"
192.99.15.34 - - [04/Mar/2023:08:05:55 -0800] "GET /HolyCross/?p=1235 HTTP/1.1" 200 41004 "-" "Mozilla/5.0 (compatible; MJ12bot/v1.4.8; http://mj12bot.com/)" "njcca.net"
10.247.24.80 - - [04/Mar/2023:08:06:00 -0800] "POST /HolyCross/wp-cron.php?doing_wp_cron=1677945960.8755059242248535156250 HTTP/1.1" 200 - "https://njcca.net/HolyCross/wp-cron.php?doing_wp_cron=1677945960.8755059242248535156250" "WordPress/6.1.1; https://njcca.net/HolyCross" "njcca.net"
192.0.102.40 - - [04/Mar/2023:08:08:19 -0800] "HEAD /HolyCross HTTP/1.1" 301 - "-" "jetmon/1.0 (Jetpack Site Uptime Monitor by WordPress.com)" "njcca.net"
192.0.102.40 - - [04/Mar/2023:08:08:21 -0800] "HEAD /BibleStudy HTTP/1.1" 301 - "-" "jetmon/1.0 (Jetpack Site Uptime Monitor by WordPress.com)" "njcca.net"
192.0.102.40 - - [04/Mar/2023:08:08:19 -0800] "HEAD /HolyCross/ HTTP/1.1" 200 - "-" "jetmon/1.0 (Jetpack Site Uptime Monitor by WordPress.com)" "njcca.net"
192.0.102.40 - - [04/Mar/2023:08:08:21 -0800] "HEAD /BibleStudy/ HTTP/1.1" 200 - "-" "jetmon/1.0 (Jetpack Site Uptime Monitor by WordPress.com)" "njcca.net"
106.55.207.123 - - [04/Mar/2023:08:09:58 -0800] "GET /HolyCross/?p=6351 HTTP/1.1" 200 27576 "-" "python-requests/2.26.0" "njcca.net"
10.247.24.81 - - [04/Mar/2023:08:10:02 -0800] "POST /HolyCross/wp-cron.php?doing_wp_cron=1677946202.8165259361267089843750 HTTP/1.1" 200 - "https://njcca.net/HolyCross/wp-cron.php?doing_wp_cron=1677946202.8165259361267089843750" "WordPress/6.1.1; https://njcca.net/HolyCross" "njcca.net"
106.55.207.123 - - [04/Mar/2023:08:10:02 -0800] "GET /HolyCross/?p=6351 HTTP/1.1" 200 27576 "-" "python-requests/2.26.0" "njcca.net"
114.119.150.158 - - [04/Mar/2023:08:10:31 -0800] "GET /pdf/Paul/5_lily_in_the_wind.pdf HTTP/1.1" 200 143683 "http://praise.njcca.net/Ministry2.html" "Mozilla/5.0 (Linux; Android 7.0;) AppleWebKit/537.36 (KHTML, like Gecko) Mobile Safari/537.36 (compatible; PetalBot;+https://webmaster.petalsearch.com/site/petalbot)" "praise.njcca.net"
10.247.24.81 - - [04/Mar/2023:08:08:25 -0800] "POST /BibleStudy/wp-cron.php?doing_wp_cron=1677946105.6892299652099609375000 HTTP/1.1" 500 100 "https://njcca.net/BibleStudy/wp-cron.php?doing_wp_cron=1677946105.6892299652099609375000" "WordPress/6.0.3; https://njcca.net/BibleStudy" "njcca.net"
192.0.102.40 - - [04/Mar/2023:08:15:24 -0800] "HEAD /HolyCross HTTP/1.1" 301 - "-" "jetmon/1.0 (Jetpack Site Uptime Monitor by WordPress.com)" "njcca.net"
192.0.102.40 - - [04/Mar/2023:08:15:24 -0800] "HEAD /HolyCross/ HTTP/1.1" 200 - "-" "jetmon/1.0 (Jetpack Site Uptime Monitor by WordPress.com)" "njcca.net"
146.70.89.50 - - [04/Mar/2023:08:15:30 -0800] "GET /praiseyeshua/2015/06/28/video/ HTTP/1.1" 404 73 "https://njcca.net/praiseyeshua/2015/06/28/video/" "Mozilla/5.0 (Windows NT 6.3; Win64; x64) AppleWebKit/537.36 (KHTML, like Gecko) Chrome/90.0.4430.93 Safari/537.36" "njcca.net"
10.247.24.81 - - [04/Mar/2023:08:15:27 -0800] "POST /HolyCross/wp-cron.php?doing_wp_cron=1677946527.8845911026000976562500 HTTP/1.1" 200 - "https://njcca.net/HolyCross/wp-cron.php?doing_wp_cron=1677946527.8845911026000976562500" "WordPress/6.1.1; https://njcca.net/HolyCross" "njcca.net"
146.70.89.50 - - [04/Mar/2023:08:15:31 -0800] "GET / HTTP/1.1" 200 51100 "https://njcca.net/" "Mozilla/5.0 (Windows NT 6.3; Win64; x64) AppleWebKit/537.36 (KHTML, like Gecko) Chrome/90.0.4430.93 Safari/537.36" "njcca.net"
192.0.102.40 - - [04/Mar/2023:08:15:37 -0800] "HEAD /BibleStudy HTTP/1.1" 301 - "-" "jetmon/1.0 (Jetpack Site Uptime Monitor by WordPress.com)" "njcca.net"
146.70.89.50 - - [04/Mar/2023:08:15:36 -0800] "GET /HolyCross/?page_id=1147 HTTP/1.1" 200 33264 "https://njcca.net/HolyCross/?page_id=1147" "Mozilla/5.0 (Windows NT 6.3; Win64; x64) AppleWebKit/537.36 (KHTML, like Gecko) Chrome/90.0.4430.93 Safari/537.36" "njcca.net"
192.0.102.40 - - [04/Mar/2023:08:15:37 -0800] "HEAD /BibleStudy/ HTTP/1.1" 200 - "-" "jetmon/1.0 (Jetpack Site Uptime Monitor by WordPress.com)" "njcca.net"
10.247.24.81 - - [04/Mar/2023:08:15:41 -0800] "POST /BibleStudy/wp-cron.php?doing_wp_cron=1677946541.8881649971008300781250 HTTP/1.1" 500 100 "https://njcca.net/BibleStudy/wp-cron.php?doing_wp_cron=1677946541.8881649971008300781250" "WordPress/6.0.3; https://njcca.net/BibleStudy" "njcca.net"
216.244.66.239 - - [04/Mar/2023:08:19:46 -0800] "GET /robots.txt HTTP/1.1" 200 36 "-" "Mozilla/5.0 (compatible; DotBot/1.2; +https://opensiteexplorer.org/dotbot; help@moz.com)" "njcca.net"
114.119.153.132 - - [04/Mar/2023:08:20:11 -0800] "GET /HolyCross/index.php/comments/feed/ HTTP/1.1" 200 51440 "https://njcca.net/HolyCross/index.php/comments/feed/?paged=16" "Mozilla/5.0 (Linux; Android 7.0;) AppleWebKit/537.36 (KHTML, like Gecko) Mobile Safari/537.36 (compatible; PetalBot;+https://webmaster.petalsearch.com/site/petalbot)" "njcca.net"
10.247.24.80 - - [04/Mar/2023:08:20:15 -0800] "POST /HolyCross/wp-cron.php?doing_wp_cron=1677946814.9548580646514892578125 HTTP/1.1" 200 - "https://njcca.net/HolyCross/wp-cron.php?doing_wp_cron=1677946814.9548580646514892578125" "WordPress/6.1.1; https://njcca.net/HolyCross" "njcca.net"
192.0.102.40 - - [04/Mar/2023:08:23:56 -0800] "HEAD /HolyCross HTTP/1.1" 301 - "-" "jetmon/1.0 (Jetpack Site Uptime Monitor by WordPress.com)" "njcca.net"
192.0.102.40 - - [04/Mar/2023:08:23:56 -0800] "HEAD /HolyCross/ HTTP/1.1" 200 - "-" "jetmon/1.0 (Jetpack Site Uptime Monitor by WordPress.com)" "njcca.net"
10.247.24.81 - - [04/Mar/2023:08:24:00 -0800] "POST /HolyCross/wp-cron.php?doing_wp_cron=1677947040.3051159381866455078125 HTTP/1.1" 200 - "https://njcca.net/HolyCross/wp-cron.php?doing_wp_cron=1677947040.3051159381866455078125" "WordPress/6.1.1; https://njcca.net/HolyCross" "njcca.net"
192.0.102.40 - - [04/Mar/2023:08:24:14 -0800] "HEAD /BibleStudy HTTP/1.1" 301 - "-" "jetmon/1.0 (Jetpack Site Uptime Monitor by WordPress.com)" "njcca.net"
192.0.102.40 - - [04/Mar/2023:08:24:14 -0800] "HEAD /BibleStudy/ HTTP/1.1" 200 - "-" "jetmon/1.0 (Jetpack Site Uptime Monitor by WordPress.com)" "njcca.net"
114.119.133.223 - - [04/Mar/2023:08:26:56 -0800] "GET /robots.txt HTTP/1.1" 404 88 "-" "Mozilla/5.0 (compatible;PetalBot;+https://webmaster.petalsearch.com/site/petalbot)" "praise.njcca.net"
10.247.24.80 - - [04/Mar/2023:08:24:19 -0800] "POST /BibleStudy/wp-cron.php?doing_wp_cron=1677947059.2267820835113525390625 HTTP/1.1" 500 100 "https://njcca.net/BibleStudy/wp-cron.php?doing_wp_cron=1677947059.2267820835113525390625" "WordPress/6.0.3; https://njcca.net/BibleStudy" "njcca.net"
192.0.102.40 - - [04/Mar/2023:08:31:03 -0800] "HEAD /HolyCross HTTP/1.1" 301 - "-" "jetmon/1.0 (Jetpack Site Uptime Monitor by WordPress.com)" "njcca.net"
192.0.102.40 - - [04/Mar/2023:08:31:04 -0800] "HEAD /HolyCross/ HTTP/1.1" 200 - "-" "jetmon/1.0 (Jetpack Site Uptime Monitor by WordPress.com)" "njcca.net"
10.247.24.81 - - [04/Mar/2023:08:31:08 -0800] "POST /HolyCross/wp-cron.php?doing_wp_cron=1677947468.0293090343475341796875 HTTP/1.1" 200 - "https://njcca.net/HolyCross/wp-cron.php?doing_wp_cron=1677947468.0293090343475341796875" "WordPress/6.1.1; https://njcca.net/HolyCross" "njcca.net"
192.0.102.40 - - [04/Mar/2023:08:31:23 -0800] "HEAD /BibleStudy HTTP/1.1" 301 - "-" "jetmon/1.0 (Jetpack Site Uptime Monitor by WordPress.com)" "njcca.net"
192.0.102.40 - - [04/Mar/2023:08:31:23 -0800] "HEAD /BibleStudy/ HTTP/1.1" 200 - "-" "jetmon/1.0 (Jetpack Site Uptime Monitor by WordPress.com)" "njcca.net"
114.119.154.77 - - [04/Mar/2023:08:32:11 -0800] "GET /HolyCross/index.php/author/administrator/?paged=12 HTTP/1.1" 200 50482 "https://njcca.net/HolyCross/index.php/author/administrator/?paged=8" "Mozilla/5.0 (Linux; Android 7.0;) AppleWebKit/537.36 (KHTML, like Gecko) Mobile Safari/537.36 (compatible; PetalBot;+https://webmaster.petalsearch.com/site/petalbot)" "njcca.net"
10.247.24.80 - - [04/Mar/2023:08:31:27 -0800] "POST /BibleStudy/wp-cron.php?doing_wp_cron=1677947487.2795720100402832031250 HTTP/1.1" 500 100 "https://njcca.net/BibleStudy/wp-cron.php?doing_wp_cron=1677947487.2795720100402832031250" "WordPress/6.0.3; https://njcca.net/BibleStudy" "njcca.net"
192.0.102.40 - - [04/Mar/2023:08:39:39 -0800] "HEAD /HolyCross HTTP/1.1" 301 - "-" "jetmon/1.0 (Jetpack Site Uptime Monitor by WordPress.com)" "njcca.net"
192.0.102.40 - - [04/Mar/2023:08:39:39 -0800] "HEAD /HolyCross/ HTTP/1.1" 200 - "-" "jetmon/1.0 (Jetpack Site Uptime Monitor by WordPress.com)" "njcca.net"
192.0.102.40 - - [04/Mar/2023:08:39:47 -0800] "HEAD /BibleStudy HTTP/1.1" 301 - "-" "jetmon/1.0 (Jetpack Site Uptime Monitor by WordPress.com)" "njcca.net"
10.247.24.79 - - [04/Mar/2023:08:39:48 -0800] "GET /HolyCross/ HTTP/1.1" 200 51241 "https://njcca.net/HolyCross/" "WordPress/6.1.1; https://njcca.net/HolyCross" "njcca.net"
192.0.102.40 - - [04/Mar/2023:08:39:47 -0800] "HEAD /BibleStudy/ HTTP/1.1" 200 - "-" "jetmon/1.0 (Jetpack Site Uptime Monitor by WordPress.com)" "njcca.net"
10.247.24.81 - - [04/Mar/2023:08:39:44 -0800] "POST /HolyCross/wp-cron.php?doing_wp_cron=1677947984.7140390872955322265625 HTTP/1.1" 200 - "https://njcca.net/HolyCross/wp-cron.php?doing_wp_cron=1677947984.7140390872955322265625" "WordPress/6.1.1; https://njcca.net/HolyCross" "njcca.net"
10.247.24.81 - - [04/Mar/2023:08:39:51 -0800] "POST /BibleStudy/wp-cron.php?doing_wp_cron=1677947991.0693900585174560546875 HTTP/1.1" 500 100 "https://njcca.net/BibleStudy/wp-cron.php?doing_wp_cron=1677947991.0693900585174560546875" "WordPress/6.0.3; https://njcca.net/BibleStudy" "njcca.net"
114.119.150.38 - - [04/Mar/2023:08:43:03 -0800] "GET /HolyCross/wp-trackback.php?p=6248 HTTP/1.1" 302 - "https://njcca.net/HolyCross/?p=6248" "Mozilla/5.0 (Linux; Android 7.0;) AppleWebKit/537.36 (KHTML, like Gecko) Mobile Safari/537.36 (compatible; PetalBot;+https://webmaster.petalsearch.com/site/petalbot)" "njcca.net"
10.247.24.81 - - [04/Mar/2023:08:43:07 -0800] "POST /HolyCross/wp-cron.php?doing_wp_cron=1677948187.5946269035339355468750 HTTP/1.1" 200 - "https://njcca.net/HolyCross/wp-cron.php?doing_wp_cron=1677948187.5946269035339355468750" "WordPress/6.1.1; https://njcca.net/HolyCross" "njcca.net"
114.119.150.38 - - [04/Mar/2023:08:43:10 -0800] "GET /HolyCross/?p=6248 HTTP/1.1" 200 36073 "https://njcca.net/HolyCross/?p=6248" "Mozilla/5.0 (Linux; Android 7.0;) AppleWebKit/537.36 (KHTML, like Gecko) Mobile Safari/537.36 (compatible; PetalBot;+https://webmaster.petalsearch.com/site/petalbot)" "njcca.net"
114.119.157.234 - - [04/Mar/2023:08:45:34 -0800] "GET /robots.txt HTTP/1.1" 200 52 "-" "Mozilla/5.0 (compatible;PetalBot;+https://webmaster.petalsearch.com/site/petalbot)" "njcca.net"
192.0.102.40 - - [04/Mar/2023:08:46:35 -0800] "HEAD /HolyCross HTTP/1.1" 301 - "-" "jetmon/1.0 (Jetpack Site Uptime Monitor by WordPress.com)" "njcca.net"
192.0.102.40 - - [04/Mar/2023:08:46:35 -0800] "HEAD /HolyCross/ HTTP/1.1" 200 - "-" "jetmon/1.0 (Jetpack Site Uptime Monitor by WordPress.com)" "njcca.net"
10.247.24.79 - - [04/Mar/2023:08:46:40 -0800] "POST /HolyCross/wp-cron.php?doing_wp_cron=1677948400.3409669399261474609375 HTTP/1.1" 200 - "https://njcca.net/HolyCross/wp-cron.php?doing_wp_cron=1677948400.3409669399261474609375" "WordPress/6.1.1; https://njcca.net/HolyCross" "njcca.net"
192.0.102.40 - - [04/Mar/2023:08:46:59 -0800] "HEAD /BibleStudy HTTP/1.1" 301 - "-" "jetmon/1.0 (Jetpack Site Uptime Monitor by WordPress.com)" "njcca.net"
192.0.102.40 - - [04/Mar/2023:08:46:59 -0800] "HEAD /BibleStudy/ HTTP/1.1" 200 - "-" "jetmon/1.0 (Jetpack Site Uptime Monitor by WordPress.com)" "njcca.net"
10.247.24.81 - - [04/Mar/2023:08:47:03 -0800] "POST /BibleStudy/wp-cron.php?doing_wp_cron=1677948423.8459880352020263671875 HTTP/1.1" 500 100 "https://njcca.net/BibleStudy/wp-cron.php?doing_wp_cron=1677948423.8459880352020263671875" "WordPress/6.0.3; https://njcca.net/BibleStudy" "njcca.net"
216.244.66.239 - - [04/Mar/2023:08:49:31 -0800] "GET /HolyCross/index.php/url.php?url=http%3A%2F%2Fwww.phpmyadmin.net%2F&lang=en&collation_connection=utf8_general_ci&token=860f029e1e04e53921681965b07e8b60 HTTP/1.1" 200 52800 "-" "Mozilla/5.0 (compatible; DotBot/1.2; +https://opensiteexplorer.org/dotbot; help@moz.com)" "njcca.net"
192.0.101.160 - - [04/Mar/2023:08:49:42 -0800] "POST /HolyCross/xmlrpc.php?for=jetpack&token=bV%23NxKV%2A0P%23z2%28q0I%2Az%24U4w0Px%283I%26Qg%3A1%3A0&timestamp=1677948582&nonce=A4pVqoXgSn&body-hash=IOEewC8IMhz9HnYPVRoX%2FM0wQoM%3D&signature=GDqPNs09HQ9Q%2BZgozJiEF9WIAEU%3D HTTP/1.1" 200 1897 "https://njcca.net/HolyCross/xmlrpc.php?for=jetpack&token=bV%23NxKV%2A0P%23z2%28q0I%2Az%24U4w0Px%283I%26Qg%3A1%3A0&timestamp=1677948582&nonce=A4pVqoXgSn&body-hash=IOEewC8IMhz9HnYPVRoX%2FM0wQoM%3D&signature=GDqPNs09HQ9Q%2BZgozJiEF9WIAEU%3D" "Jetpack by WordPress.com" "njcca.net"
10.247.24.81 - - [04/Mar/2023:08:49:35 -0800] "POST /HolyCross/wp-cron.php?doing_wp_cron=1677948575.6668469905853271484375 HTTP/1.1" 200 - "https://njcca.net/HolyCross/wp-cron.php?doing_wp_cron=1677948575.6668469905853271484375" "WordPress/6.1.1; https://njcca.net/HolyCross" "njcca.net"
10.247.24.80 - - [04/Mar/2023:08:49:46 -0800] "GET /HolyCross/index.php?rest_route=%2Fjetpack%2Fv4%2Fsync%2Fspawn-sync&time=1677948586&request_lock_id=1677948586.3575 HTTP/1.1" 200 17 "https://njcca.net/HolyCross/index.php?rest_route=%2Fjetpack%2Fv4%2Fsync%2Fspawn-sync&time=1677948586&request_lock_id=1677948586.3575" "WordPress/6.1.1; https://njcca.net/HolyCross" "njcca.net"
87.250.224.29 - - [04/Mar/2023:08:54:44 -0800] "GET /robots.txt HTTP/1.1" 404 73 "-" "Mozilla/5.0 (compatible; YandexBot/3.0; +http://yandex.com/bots)" "praise.njcca.net"
5.255.253.160 - - [04/Mar/2023:08:54:47 -0800] "GET / HTTP/1.1" 200 1433 "-" "Mozilla/5.0 (compatible; YandexBot/3.0; +http://yandex.com/bots)" "praise.njcca.net"
192.0.102.40 - - [04/Mar/2023:08:55:19 -0800] "HEAD /HolyCross HTTP/1.1" 301 - "-" "jetmon/1.0 (Jetpack Site Uptime Monitor by WordPress.com)" "njcca.net"
192.0.102.40 - - [04/Mar/2023:08:55:19 -0800] "HEAD /HolyCross/ HTTP/1.1" 200 - "-" "jetmon/1.0 (Jetpack Site Uptime Monitor by WordPress.com)" "njcca.net"
10.247.24.80 - - [04/Mar/2023:08:55:23 -0800] "POST /HolyCross/wp-cron.php?doing_wp_cron=1677948923.4118111133575439453125 HTTP/1.1" 200 - "https://njcca.net/HolyCross/wp-cron.php?doing_wp_cron=1677948923.4118111133575439453125" "WordPress/6.1.1; https://njcca.net/HolyCross" "njcca.net"
192.0.102.40 - - [04/Mar/2023:08:56:12 -0800] "HEAD /BibleStudy HTTP/1.1" 301 - "-" "jetmon/1.0 (Jetpack Site Uptime Monitor by WordPress.com)" "njcca.net"
192.0.102.40 - - [04/Mar/2023:08:56:12 -0800] "HEAD /BibleStudy/ HTTP/1.1" 200 - "-" "jetmon/1.0 (Jetpack Site Uptime Monitor by WordPress.com)" "njcca.net"
10.247.24.79 - - [04/Mar/2023:08:56:16 -0800] "POST /BibleStudy/wp-cron.php?doing_wp_cron=1677948976.0627019405364990234375 HTTP/1.1" 500 100 "https://njcca.net/BibleStudy/wp-cron.php?doing_wp_cron=1677948976.0627019405364990234375" "WordPress/6.0.3; https://njcca.net/BibleStudy" "njcca.net"
114.119.139.166 - - [04/Mar/2023:08:59:57 -0800] "GET /HolyCross/index.php/2018/12/26/hello-world/?paged=11 HTTP/1.1" 200 51665 "https://njcca.net/HolyCross/index.php/2018/12/26/hello-world/?paged=12" "Mozilla/5.0 (Linux; Android 7.0;) AppleWebKit/537.36 (KHTML, like Gecko) Mobile Safari/537.36 (compatible; PetalBot;+https://webmaster.petalsearch.com/site/petalbot)" "njcca.net"
10.247.24.81 - - [04/Mar/2023:09:00:01 -0800] "POST /HolyCross/wp-cron.php?doing_wp_cron=1677949201.0148549079895019531250 HTTP/1.1" 200 - "https://njcca.net/HolyCross/wp-cron.php?doing_wp_cron=1677949201.0148549079895019531250" "WordPress/6.1.1; https://njcca.net/HolyCross" "njcca.net"
192.0.102.40 - - [04/Mar/2023:09:02:31 -0800] "HEAD /HolyCross HTTP/1.1" 301 - "-" "jetmon/1.0 (Jetpack Site Uptime Monitor by WordPress.com)" "njcca.net"
192.0.102.40 - - [04/Mar/2023:09:02:31 -0800] "HEAD /HolyCross/ HTTP/1.1" 200 - "-" "jetmon/1.0 (Jetpack Site Uptime Monitor by WordPress.com)" "njcca.net"
162.55.85.226 - - [04/Mar/2023:09:04:10 -0800] "GET /robots.txt HTTP/1.1" 200 52 "-" "Mozilla/5.0 (compatible; BLEXBot/1.0; +http://webmeup-crawler.com/)" "njcca.net"
162.55.85.226 - - [04/Mar/2023:09:04:12 -0800] "GET /HolyCross/?p=2349 HTTP/1.1" 200 35280 "-" "Mozilla/5.0 (compatible; BLEXBot/1.0; +http://webmeup-crawler.com/)" "njcca.net"
162.55.85.226 - - [04/Mar/2023:09:04:13 -0800] "GET /?paged=25 HTTP/1.1" 200 50526 "-" "Mozilla/5.0 (compatible; BLEXBot/1.0; +http://webmeup-crawler.com/)" "njcca.net"
10.247.24.81 - - [04/Mar/2023:09:04:16 -0800] "POST /HolyCross/wp-cron.php?doing_wp_cron=1677949456.3962280750274658203125 HTTP/1.1" 200 - "https://njcca.net/HolyCross/wp-cron.php?doing_wp_cron=1677949456.3962280750274658203125" "WordPress/6.1.1; https://njcca.net/HolyCross" "njcca.net"
162.55.85.226 - - [04/Mar/2023:09:04:20 -0800] "GET /HolyCross/?p=2354 HTTP/1.1" 200 35415 "-" "Mozilla/5.0 (compatible; BLEXBot/1.0; +http://webmeup-crawler.com/)" "njcca.net"
162.55.85.226 - - [04/Mar/2023:09:04:21 -0800] "GET /?paged=26 HTTP/1.1" 200 52752 "-" "Mozilla/5.0 (compatible; BLEXBot/1.0; +http://webmeup-crawler.com/)" "njcca.net"
192.0.102.40 - - [04/Mar/2023:09:04:26 -0800] "HEAD /BibleStudy HTTP/1.1" 301 - "-" "jetmon/1.0 (Jetpack Site Uptime Monitor by WordPress.com)" "njcca.net"
162.55.85.226 - - [04/Mar/2023:09:04:28 -0800] "GET /HolyCross/?p=2361 HTTP/1.1" 200 35484 "-" "Mozilla/5.0 (compatible; BLEXBot/1.0; +http://webmeup-crawler.com/)" "njcca.net"
192.0.102.40 - - [04/Mar/2023:09:04:26 -0800] "HEAD /BibleStudy/ HTTP/1.1" 200 - "-" "jetmon/1.0 (Jetpack Site Uptime Monitor by WordPress.com)" "njcca.net"
162.55.85.226 - - [04/Mar/2023:09:04:29 -0800] "GET /?paged=27 HTTP/1.1" 200 52344 "-" "Mozilla/5.0 (compatible; BLEXBot/1.0; +http://webmeup-crawler.com/)" "njcca.net"
162.55.85.226 - - [04/Mar/2023:09:04:34 -0800] "GET /HolyCross/?p=2369 HTTP/1.1" 200 35542 "-" "Mozilla/5.0 (compatible; BLEXBot/1.0; +http://webmeup-crawler.com/)" "njcca.net"
162.55.85.226 - - [04/Mar/2023:09:04:38 -0800] "GET /?paged=28 HTTP/1.1" 200 50659 "-" "Mozilla/5.0 (compatible; BLEXBot/1.0; +http://webmeup-crawler.com/)" "njcca.net"
162.55.85.226 - - [04/Mar/2023:09:04:41 -0800] "GET /HolyCross/?p=2372 HTTP/1.1" 200 35567 "-" "Mozilla/5.0 (compatible; BLEXBot/1.0; +http://webmeup-crawler.com/)" "njcca.net"
162.55.85.226 - - [04/Mar/2023:09:04:43 -0800] "GET /?paged=6 HTTP/1.1" 200 52721 "-" "Mozilla/5.0 (compatible; BLEXBot/1.0; +http://webmeup-crawler.com/)" "njcca.net"
162.55.85.226 - - [04/Mar/2023:09:04:47 -0800] "GET /HolyCross/?p=2376 HTTP/1.1" 200 35480 "-" "Mozilla/5.0 (compatible; BLEXBot/1.0; +http://webmeup-crawler.com/)" "njcca.net"
162.55.85.226 - - [04/Mar/2023:09:04:51 -0800] "GET /?paged=7 HTTP/1.1" 200 51747 "-" "Mozilla/5.0 (compatible; BLEXBot/1.0; +http://webmeup-crawler.com/)" "njcca.net"
162.55.85.226 - - [04/Mar/2023:09:04:53 -0800] "GET /HolyCross/?p=2388 HTTP/1.1" 200 35577 "-" "Mozilla/5.0 (compatible; BLEXBot/1.0; +http://webmeup-crawler.com/)" "njcca.net"
162.55.85.226 - - [04/Mar/2023:09:05:00 -0800] "GET /HolyCross/?p=2392 HTTP/1.1" 200 35563 "-" "Mozilla/5.0 (compatible; BLEXBot/1.0; +http://webmeup-crawler.com/)" "njcca.net"
162.55.85.226 - - [04/Mar/2023:09:04:58 -0800] "GET /?paged=8 HTTP/1.1" 200 51854 "-" "Mozilla/5.0 (compatible; BLEXBot/1.0; +http://webmeup-crawler.com/)" "njcca.net"
10.247.24.79 - - [04/Mar/2023:09:05:01 -0800] "POST /HolyCross/wp-cron.php?doing_wp_cron=1677949501.5289900302886962890625 HTTP/1.1" 200 - "https://njcca.net/HolyCross/wp-cron.php?doing_wp_cron=1677949501.5289900302886962890625" "WordPress/6.1.1; https://njcca.net/HolyCross" "njcca.net"
162.55.85.226 - - [04/Mar/2023:09:05:06 -0800] "GET /HolyCross/?p=2396 HTTP/1.1" 200 35657 "-" "Mozilla/5.0 (compatible; BLEXBot/1.0; +http://webmeup-crawler.com/)" "njcca.net"
162.55.85.226 - - [04/Mar/2023:09:05:13 -0800] "GET /?paged=9 HTTP/1.1" 200 51105 "-" "Mozilla/5.0 (compatible; BLEXBot/1.0; +http://webmeup-crawler.com/)" "njcca.net"
162.55.85.226 - - [04/Mar/2023:09:05:14 -0800] "GET /HolyCross/?p=2401 HTTP/1.1" 200 35595 "-" "Mozilla/5.0 (compatible; BLEXBot/1.0; +http://webmeup-crawler.com/)" "njcca.net"
162.55.85.226 - - [04/Mar/2023:09:05:20 -0800] "GET /HolyCross/?p=2407 HTTP/1.1" 200 35771 "-" "Mozilla/5.0 (compatible; BLEXBot/1.0; +http://webmeup-crawler.com/)" "njcca.net"
162.55.85.226 - - [04/Mar/2023:09:05:22 -0800] "GET /HolyCross/ HTTP/1.1" 200 51200 "-" "Mozilla/5.0 (compatible; BLEXBot/1.0; +http://webmeup-crawler.com/)" "njcca.net"
162.55.85.226 - - [04/Mar/2023:09:05:26 -0800] "GET /HolyCross/?p=2416 HTTP/1.1" 200 35774 "-" "Mozilla/5.0 (compatible; BLEXBot/1.0; +http://webmeup-crawler.com/)" "njcca.net"
162.55.85.226 - - [04/Mar/2023:09:05:31 -0800] "GET /HolyCross/?p=2424 HTTP/1.1" 200 35916 "-" "Mozilla/5.0 (compatible; BLEXBot/1.0; +http://webmeup-crawler.com/)" "njcca.net"
162.55.85.226 - - [04/Mar/2023:09:05:37 -0800] "GET /HolyCross/?p=2432 HTTP/1.1" 200 35714 "-" "Mozilla/5.0 (compatible; BLEXBot/1.0; +http://webmeup-crawler.com/)" "njcca.net"
162.55.85.226 - - [04/Mar/2023:09:05:43 -0800] "GET /HolyCross/?p=2440 HTTP/1.1" 200 35772 "-" "Mozilla/5.0 (compatible; BLEXBot/1.0; +http://webmeup-crawler.com/)" "njcca.net"
162.55.85.226 - - [04/Mar/2023:09:05:49 -0800] "GET /HolyCross/?p=2444 HTTP/1.1" 200 35851 "-" "Mozilla/5.0 (compatible; BLEXBot/1.0; +http://webmeup-crawler.com/)" "njcca.net"
162.55.85.226 - - [04/Mar/2023:09:05:56 -0800] "GET /HolyCross/?p=2447 HTTP/1.1" 200 35367 "-" "Mozilla/5.0 (compatible; BLEXBot/1.0; +http://webmeup-crawler.com/)" "njcca.net"
162.55.85.226 - - [04/Mar/2023:09:06:03 -0800] "GET /HolyCross/?p=2451 HTTP/1.1" 200 35654 "-" "Mozilla/5.0 (compatible; BLEXBot/1.0; +http://webmeup-crawler.com/)" "njcca.net"
162.55.85.226 - - [04/Mar/2023:09:06:04 -0800] "GET /HolyCross/?author=1&paged=2 HTTP/1.1" 200 52626 "-" "Mozilla/5.0 (compatible; BLEXBot/1.0; +http://webmeup-crawler.com/)" "njcca.net"
162.55.85.226 - - [04/Mar/2023:09:06:09 -0800] "GET /HolyCross/?p=2457 HTTP/1.1" 200 35838 "-" "Mozilla/5.0 (compatible; BLEXBot/1.0; +http://webmeup-crawler.com/)" "njcca.net"
10.247.24.81 - - [04/Mar/2023:09:04:30 -0800] "POST /BibleStudy/wp-cron.php?doing_wp_cron=1677949470.5223600864410400390625 HTTP/1.1" 500 100 "https://njcca.net/BibleStudy/wp-cron.php?doing_wp_cron=1677949470.5223600864410400390625" "WordPress/6.0.3; https://njcca.net/BibleStudy" "njcca.net"
216.244.66.239 - - [04/Mar/2023:09:06:13 -0800] "GET /robots.txt HTTP/1.1" 200 36 "-" "Mozilla/5.0 (compatible; DotBot/1.2; +https://opensiteexplorer.org/dotbot; help@moz.com)" "njcca.net"
162.55.85.226 - - [04/Mar/2023:09:06:11 -0800] "GET /HolyCross/?author=1&paged=29 HTTP/1.1" 200 51895 "-" "Mozilla/5.0 (compatible; BLEXBot/1.0; +http://webmeup-crawler.com/)" "njcca.net"
162.55.85.226 - - [04/Mar/2023:09:06:15 -0800] "GET /HolyCross/?p=246 HTTP/1.1" 200 37833 "-" "Mozilla/5.0 (compatible; BLEXBot/1.0; +http://webmeup-crawler.com/)" "njcca.net"
162.55.85.226 - - [04/Mar/2023:09:06:17 -0800] "GET /HolyCross/?author=1&paged=3 HTTP/1.1" 200 52956 "-" "Mozilla/5.0 (compatible; BLEXBot/1.0; +http://webmeup-crawler.com/)" "njcca.net"
162.55.85.226 - - [04/Mar/2023:09:06:21 -0800] "GET /HolyCross/?p=2461 HTTP/1.1" 200 35664 "-" "Mozilla/5.0 (compatible; BLEXBot/1.0; +http://webmeup-crawler.com/)" "njcca.net"
162.55.85.226 - - [04/Mar/2023:09:06:29 -0800] "GET /HolyCross/?p=2471 HTTP/1.1" 200 35859 "-" "Mozilla/5.0 (compatible; BLEXBot/1.0; +http://webmeup-crawler.com/)" "njcca.net"
162.55.85.226 - - [04/Mar/2023:09:06:36 -0800] "GET /HolyCross/?p=2475 HTTP/1.1" 200 35764 "-" "Mozilla/5.0 (compatible; BLEXBot/1.0; +http://webmeup-crawler.com/)" "njcca.net"
162.55.85.226 - - [04/Mar/2023:09:06:42 -0800] "GET /HolyCross/?p=2481 HTTP/1.1" 200 35722 "-" "Mozilla/5.0 (compatible; BLEXBot/1.0; +http://webmeup-crawler.com/)" "njcca.net"
162.55.85.226 - - [04/Mar/2023:09:06:49 -0800] "GET /HolyCross/?p=2484 HTTP/1.1" 200 36807 "-" "Mozilla/5.0 (compatible; BLEXBot/1.0; +http://webmeup-crawler.com/)" "njcca.net"
162.55.85.226 - - [04/Mar/2023:09:06:56 -0800] "GET /HolyCross/?p=2494 HTTP/1.1" 200 35886 "-" "Mozilla/5.0 (compatible; BLEXBot/1.0; +http://webmeup-crawler.com/)" "njcca.net"
162.55.85.226 - - [04/Mar/2023:09:07:05 -0800] "GET /HolyCross/?p=2499 HTTP/1.1" 200 35728 "-" "Mozilla/5.0 (compatible; BLEXBot/1.0; +http://webmeup-crawler.com/)" "njcca.net"
162.55.85.226 - - [04/Mar/2023:09:07:13 -0800] "GET /HolyCross/?p=2503 HTTP/1.1" 200 35744 "-" "Mozilla/5.0 (compatible; BLEXBot/1.0; +http://webmeup-crawler.com/)" "njcca.net"
162.55.85.226 - - [04/Mar/2023:09:07:19 -0800] "GET /HolyCross/?p=2506 HTTP/1.1" 200 35728 "-" "Mozilla/5.0 (compatible; BLEXBot/1.0; +http://webmeup-crawler.com/)" "njcca.net"
162.55.85.226 - - [04/Mar/2023:09:07:25 -0800] "GET /HolyCross/?p=2511 HTTP/1.1" 200 35255 "-" "Mozilla/5.0 (compatible; BLEXBot/1.0; +http://webmeup-crawler.com/)" "njcca.net"
162.55.85.226 - - [04/Mar/2023:09:07:29 -0800] "GET /HolyCross/?author=1&paged=30 HTTP/1.1" 200 52387 "-" "Mozilla/5.0 (compatible; BLEXBot/1.0; +http://webmeup-crawler.com/)" "njcca.net"
162.55.85.226 - - [04/Mar/2023:09:07:32 -0800] "GET /HolyCross/?p=2520 HTTP/1.1" 200 35460 "-" "Mozilla/5.0 (compatible; BLEXBot/1.0; +http://webmeup-crawler.com/)" "njcca.net"
162.55.85.226 - - [04/Mar/2023:09:07:38 -0800] "GET /HolyCross/?author=1&paged=31 HTTP/1.1" 200 51309 "-" "Mozilla/5.0 (compatible; BLEXBot/1.0; +http://webmeup-crawler.com/)" "njcca.net"
162.55.85.226 - - [04/Mar/2023:09:07:39 -0800] "GET /HolyCross/?p=2523 HTTP/1.1" 200 35576 "-" "Mozilla/5.0 (compatible; BLEXBot/1.0; +http://webmeup-crawler.com/)" "njcca.net"
162.55.85.226 - - [04/Mar/2023:09:07:45 -0800] "GET /HolyCross/?p=2530 HTTP/1.1" 200 35352 "-" "Mozilla/5.0 (compatible; BLEXBot/1.0; +http://webmeup-crawler.com/)" "njcca.net"
162.55.85.226 - - [04/Mar/2023:09:07:46 -0800] "GET /HolyCross/?author=1&paged=32 HTTP/1.1" 200 51312 "-" "Mozilla/5.0 (compatible; BLEXBot/1.0; +http://webmeup-crawler.com/)" "njcca.net"
162.55.85.226 - - [04/Mar/2023:09:07:52 -0800] "GET /HolyCross/?p=2536 HTTP/1.1" 200 35175 "-" "Mozilla/5.0 (compatible; BLEXBot/1.0; +http://webmeup-crawler.com/)" "njcca.net"
162.55.85.226 - - [04/Mar/2023:09:07:53 -0800] "GET /HolyCross/?author=1&paged=33 HTTP/1.1" 200 42200 "-" "Mozilla/5.0 (compatible; BLEXBot/1.0; +http://webmeup-crawler.com/)" "njcca.net"
162.55.85.226 - - [04/Mar/2023:09:07:58 -0800] "GET /HolyCross/?p=2544 HTTP/1.1" 200 35381 "-" "Mozilla/5.0 (compatible; BLEXBot/1.0; +http://webmeup-crawler.com/)" "njcca.net"
162.55.85.226 - - [04/Mar/2023:09:08:04 -0800] "GET /HolyCross/?p=255 HTTP/1.1" 200 38171 "-" "Mozilla/5.0 (compatible; BLEXBot/1.0; +http://webmeup-crawler.com/)" "njcca.net"
162.55.85.226 - - [04/Mar/2023:09:08:08 -0800] "GET /HolyCross/?author=1&paged=4 HTTP/1.1" 200 53799 "-" "Mozilla/5.0 (compatible; BLEXBot/1.0; +http://webmeup-crawler.com/)" "njcca.net"
162.55.85.226 - - [04/Mar/2023:09:08:10 -0800] "GET /HolyCross/?p=2553 HTTP/1.1" 200 35433 "-" "Mozilla/5.0 (compatible; BLEXBot/1.0; +http://webmeup-crawler.com/)" "njcca.net"
162.55.85.226 - - [04/Mar/2023:09:08:15 -0800] "GET /HolyCross/?p=2569 HTTP/1.1" 200 35429 "-" "Mozilla/5.0 (compatible; BLEXBot/1.0; +http://webmeup-crawler.com/)" "njcca.net"
162.55.85.226 - - [04/Mar/2023:09:08:19 -0800] "GET /HolyCross/?author=1&paged=5 HTTP/1.1" 200 53916 "-" "Mozilla/5.0 (compatible; BLEXBot/1.0; +http://webmeup-crawler.com/)" "njcca.net"
162.55.85.226 - - [04/Mar/2023:09:08:21 -0800] "GET /HolyCross/?p=2585 HTTP/1.1" 200 35390 "-" "Mozilla/5.0 (compatible; BLEXBot/1.0; +http://webmeup-crawler.com/)" "njcca.net"
162.55.85.226 - - [04/Mar/2023:09:08:27 -0800] "GET /HolyCross/?author=2 HTTP/1.1" 200 37733 "-" "Mozilla/5.0 (compatible; BLEXBot/1.0; +http://webmeup-crawler.com/)" "njcca.net"
162.55.85.226 - - [04/Mar/2023:09:08:26 -0800] "GET /HolyCross/?p=2590 HTTP/1.1" 200 35398 "-" "Mozilla/5.0 (compatible; BLEXBot/1.0; +http://webmeup-crawler.com/)" "njcca.net"
