165.231.182.35 - - [04/Mar/2023:01:33:17 -0800] "GET /HolyCross/?cat=7%2F%2A%2A%2Fand%28select%2B1%2F%2A%2A%2Ffrom%2F%2A%2A%2Fpg_sleep%280%29%29%3E0%2F%2A%2A%2F HTTP/1.1" 404 31891 "-" "Mozilla/5.0 (iPhone14,3; U; CPU iPhone OS 15_0 like Mac OS X) AppleWebKit/602.1.50 (KHTML, like Gecko) Version/10.0 Mobile/19A346 Safari/602.1" "njcca.net"
91.90.126.75 - - [04/Mar/2023:01:33:17 -0800] "GET /HolyCross/?page_id=%28select%2Afrom%28select%2Bsleep%286%29union%2F%2A%2A%2Fselect%2B1%29a%29 HTTP/1.1" 200 55152 "-" "Mozilla/5.0 (iPhone14,3; U; CPU iPhone OS 15_0 like Mac OS X) AppleWebKit/602.1.50 (KHTML, like Gecko) Version/10.0 Mobile/19A346 Safari/602.1" "njcca.net"
165.231.182.35 - - [04/Mar/2023:01:33:20 -0800] "GET /HolyCross/?cat=7%2F%2A%2A%2Fand%28select%2B1%2F%2A%2A%2Ffrom%2F%2A%2A%2Fpg_sleep%286%29%29%3E0%2F%2A%2A%2F HTTP/1.1" 404 31891 "-" "Mozilla/5.0 (iPhone14,3; U; CPU iPhone OS 15_0 like Mac OS X) AppleWebKit/602.1.50 (KHTML, like Gecko) Version/10.0 Mobile/19A346 Safari/602.1" "njcca.net"
91.90.126.75 - - [04/Mar/2023:01:33:20 -0800] "GET /HolyCross/?page_id=365%27and%28select%2Afrom%28select%2Bsleep%280%29%29a%2F%2A%2A%2Funion%2F%2A%2A%2Fselect%2B1%29%3D%27 HTTP/1.1" 200 33105 "-" "Mozilla/5.0 (iPhone14,3; U; CPU iPhone OS 15_0 like Mac OS X) AppleWebKit/602.1.50 (KHTML, like Gecko) Version/10.0 Mobile/19A346 Safari/602.1" "njcca.net"
165.231.182.35 - - [04/Mar/2023:01:33:22 -0800] "GET /HolyCross/?cat=7%27%2F%2A%2A%2Fand%28select%271%27from%2F%2A%2A%2Fpg_sleep%280%29%29%3A%3Atext%3E%270 HTTP/1.1" 404 31891 "-" "Mozilla/5.0 (iPhone14,3; U; CPU iPhone OS 15_0 like Mac OS X) AppleWebKit/602.1.50 (KHTML, like Gecko) Version/10.0 Mobile/19A346 Safari/602.1" "njcca.net"
91.90.126.75 - - [04/Mar/2023:01:33:23 -0800] "GET /HolyCross/?page_id=365%27and%28select%2Afrom%28select%2Bsleep%286%29%29a%2F%2A%2A%2Funion%2F%2A%2A%2Fselect%2B1%29%3D%27 HTTP/1.1" 200 33105 "-" "Mozilla/5.0 (iPhone14,3; U; CPU iPhone OS 15_0 like Mac OS X) AppleWebKit/602.1.50 (KHTML, like Gecko) Version/10.0 Mobile/19A346 Safari/602.1" "njcca.net"
165.231.182.35 - - [04/Mar/2023:01:33:25 -0800] "GET /HolyCross/?cat=7%27%2F%2A%2A%2Fand%28select%271%27from%2F%2A%2A%2Fpg_sleep%286%29%29%3A%3Atext%3E%270 HTTP/1.1" 404 31891 "-" "Mozilla/5.0 (iPhone14,3; U; CPU iPhone OS 15_0 like Mac OS X) AppleWebKit/602.1.50 (KHTML, like Gecko) Version/10.0 Mobile/19A346 Safari/602.1" "njcca.net"
91.90.126.75 - - [04/Mar/2023:01:33:27 -0800] "GET /HolyCross/?page_id=365%22and%28select%2Afrom%28select%2Bsleep%280%29%29a%2F%2A%2A%2Funion%2F%2A%2A%2Fselect%2B1%29%3D%22 HTTP/1.1" 200 33105 "-" "Mozilla/5.0 (iPhone14,3; U; CPU iPhone OS 15_0 like Mac OS X) AppleWebKit/602.1.50 (KHTML, like Gecko) Version/10.0 Mobile/19A346 Safari/602.1" "njcca.net"
165.231.182.35 - - [04/Mar/2023:01:33:29 -0800] "GET /HolyCross/?cat=7%2F%2A%2A%2Fand%28select%2B1%29%3E0waitfor%2F%2A%2A%2Fdelay%270%3A0%3A0%27%2F%2A%2A%2F HTTP/1.1" 404 31891 "-" "Mozilla/5.0 (iPhone14,3; U; CPU iPhone OS 15_0 like Mac OS X) AppleWebKit/602.1.50 (KHTML, like Gecko) Version/10.0 Mobile/19A346 Safari/602.1" "njcca.net"
10.247.24.80 - - [04/Mar/2023:01:33:29 -0800] "POST /HolyCross/wp-cron.php?doing_wp_cron=1677922409.6668050289154052734375 HTTP/1.1" 200 - "https://njcca.net/HolyCross/wp-cron.php?doing_wp_cron=1677922409.6668050289154052734375" "WordPress/6.1.1; https://njcca.net/HolyCross" "njcca.net"
91.90.126.75 - - [04/Mar/2023:01:33:31 -0800] "GET /HolyCross/?page_id=365%22and%28select%2Afrom%28select%2Bsleep%286%29%29a%2F%2A%2A%2Funion%2F%2A%2A%2Fselect%2B1%29%3D%22 HTTP/1.1" 200 33105 "-" "Mozilla/5.0 (iPhone14,3; U; CPU iPhone OS 15_0 like Mac OS X) AppleWebKit/602.1.50 (KHTML, like Gecko) Version/10.0 Mobile/19A346 Safari/602.1" "njcca.net"
165.231.182.35 - - [04/Mar/2023:01:33:32 -0800] "GET /HolyCross/?cat=7%2F%2A%2A%2Fand%28select%2B1%29%3E0waitfor%2F%2A%2A%2Fdelay%270%3A0%3A6%27%2F%2A%2A%2F HTTP/1.1" 404 31891 "-" "Mozilla/5.0 (iPhone14,3; U; CPU iPhone OS 15_0 like Mac OS X) AppleWebKit/602.1.50 (KHTML, like Gecko) Version/10.0 Mobile/19A346 Safari/602.1" "njcca.net"
165.231.182.35 - - [04/Mar/2023:01:33:34 -0800] "GET /HolyCross/?cat=7%27and%28select%2B1%29%3E0waitfor%2F%2A%2A%2Fdelay%270%3A0%3A0 HTTP/1.1" 404 31891 "-" "Mozilla/5.0 (iPhone14,3; U; CPU iPhone OS 15_0 like Mac OS X) AppleWebKit/602.1.50 (KHTML, like Gecko) Version/10.0 Mobile/19A346 Safari/602.1" "njcca.net"
91.90.126.75 - - [04/Mar/2023:01:33:35 -0800] "GET /HolyCross/?page_id=365%2F%2A%2A%2Fand%28select%2B1%2F%2A%2A%2Ffrom%2F%2A%2A%2Fpg_sleep%280%29%29%3E0%2F%2A%2A%2F HTTP/1.1" 200 33105 "-" "Mozilla/5.0 (iPhone14,3; U; CPU iPhone OS 15_0 like Mac OS X) AppleWebKit/602.1.50 (KHTML, like Gecko) Version/10.0 Mobile/19A346 Safari/602.1" "njcca.net"
165.231.182.35 - - [04/Mar/2023:01:33:37 -0800] "GET /HolyCross/?cat=7%27and%28select%2B1%29%3E0waitfor%2F%2A%2A%2Fdelay%270%3A0%3A6 HTTP/1.1" 404 31891 "-" "Mozilla/5.0 (iPhone14,3; U; CPU iPhone OS 15_0 like Mac OS X) AppleWebKit/602.1.50 (KHTML, like Gecko) Version/10.0 Mobile/19A346 Safari/602.1" "njcca.net"
91.90.126.75 - - [04/Mar/2023:01:33:38 -0800] "GET /HolyCross/?page_id=365%2F%2A%2A%2Fand%28select%2B1%2F%2A%2A%2Ffrom%2F%2A%2A%2Fpg_sleep%286%29%29%3E0%2F%2A%2A%2F HTTP/1.1" 200 33105 "-" "Mozilla/5.0 (iPhone14,3; U; CPU iPhone OS 15_0 like Mac OS X) AppleWebKit/602.1.50 (KHTML, like Gecko) Version/10.0 Mobile/19A346 Safari/602.1" "njcca.net"
165.231.182.35 - - [04/Mar/2023:01:33:40 -0800] "GET /HolyCross/?cat=7%2F%2A%2A%2Fand%2F%2A%2A%2F2%3DDBMS_PIPE.RECEIVE_MESSAGE%28%27o%27%2C0%29 HTTP/1.1" 404 31891 "-" "Mozilla/5.0 (iPhone14,3; U; CPU iPhone OS 15_0 like Mac OS X) AppleWebKit/602.1.50 (KHTML, like Gecko) Version/10.0 Mobile/19A346 Safari/602.1" "njcca.net"
91.90.126.75 - - [04/Mar/2023:01:33:41 -0800] "GET /HolyCross/?page_id=365%27%2F%2A%2A%2Fand%28select%271%27from%2F%2A%2A%2Fpg_sleep%280%29%29%3A%3Atext%3E%270 HTTP/1.1" 200 33105 "-" "Mozilla/5.0 (iPhone14,3; U; CPU iPhone OS 15_0 like Mac OS X) AppleWebKit/602.1.50 (KHTML, like Gecko) Version/10.0 Mobile/19A346 Safari/602.1" "njcca.net"
165.231.182.35 - - [04/Mar/2023:01:33:43 -0800] "GET /HolyCross/?cat=7%2F%2A%2A%2Fand%2F%2A%2A%2F4%3DDBMS_PIPE.RECEIVE_MESSAGE%28%27l%27%2C6%29 HTTP/1.1" 200 45960 "-" "Mozilla/5.0 (iPhone14,3; U; CPU iPhone OS 15_0 like Mac OS X) AppleWebKit/602.1.50 (KHTML, like Gecko) Version/10.0 Mobile/19A346 Safari/602.1" "njcca.net"
91.90.126.75 - - [04/Mar/2023:01:33:45 -0800] "GET /HolyCross/?page_id=365%27%2F%2A%2A%2Fand%28select%271%27from%2F%2A%2A%2Fpg_sleep%286%29%29%3A%3Atext%3E%270 HTTP/1.1" 200 33105 "-" "Mozilla/5.0 (iPhone14,3; U; CPU iPhone OS 15_0 like Mac OS X) AppleWebKit/602.1.50 (KHTML, like Gecko) Version/10.0 Mobile/19A346 Safari/602.1" "njcca.net"
165.231.182.35 - - [04/Mar/2023:01:33:46 -0800] "GET /HolyCross/?cat=7%27%2F%2A%2A%2Fand%2F%2A%2A%2FDBMS_PIPE.RECEIVE_MESSAGE%28%27l%27%2C0%29%3D%27l HTTP/1.1" 200 45960 "-" "Mozilla/5.0 (iPhone14,3; U; CPU iPhone OS 15_0 like Mac OS X) AppleWebKit/602.1.50 (KHTML, like Gecko) Version/10.0 Mobile/19A346 Safari/602.1" "njcca.net"
91.90.126.75 - - [04/Mar/2023:01:33:48 -0800] "GET /HolyCross/?page_id=365%2F%2A%2A%2Fand%28select%2B1%29%3E0waitfor%2F%2A%2A%2Fdelay%270%3A0%3A0%27%2F%2A%2A%2F HTTP/1.1" 200 33105 "-" "Mozilla/5.0 (iPhone14,3; U; CPU iPhone OS 15_0 like Mac OS X) AppleWebKit/602.1.50 (KHTML, like Gecko) Version/10.0 Mobile/19A346 Safari/602.1" "njcca.net"
165.231.182.35 - - [04/Mar/2023:01:33:49 -0800] "GET /HolyCross/?cat=7%27%2F%2A%2A%2Fand%2F%2A%2A%2FDBMS_PIPE.RECEIVE_MESSAGE%28%27e%27%2C6%29%3D%27e HTTP/1.1" 200 45960 "-" "Mozilla/5.0 (iPhone14,3; U; CPU iPhone OS 15_0 like Mac OS X) AppleWebKit/602.1.50 (KHTML, like Gecko) Version/10.0 Mobile/19A346 Safari/602.1" "njcca.net"
91.90.126.75 - - [04/Mar/2023:01:33:52 -0800] "GET /HolyCross/?page_id=365%2F%2A%2A%2Fand%28select%2B1%29%3E0waitfor%2F%2A%2A%2Fdelay%270%3A0%3A6%27%2F%2A%2A%2F HTTP/1.1" 200 33105 "-" "Mozilla/5.0 (iPhone14,3; U; CPU iPhone OS 15_0 like Mac OS X) AppleWebKit/602.1.50 (KHTML, like Gecko) Version/10.0 Mobile/19A346 Safari/602.1" "njcca.net"
91.90.126.75 - - [04/Mar/2023:01:33:55 -0800] "GET /HolyCross/?page_id=365%27and%28select%2B1%29%3E0waitfor%2F%2A%2A%2Fdelay%270%3A0%3A0 HTTP/1.1" 200 33105 "-" "Mozilla/5.0 (iPhone14,3; U; CPU iPhone OS 15_0 like Mac OS X) AppleWebKit/602.1.50 (KHTML, like Gecko) Version/10.0 Mobile/19A346 Safari/602.1" "njcca.net"
91.90.126.75 - - [04/Mar/2023:01:33:58 -0800] "GET /HolyCross/?page_id=365%27and%28select%2B1%29%3E0waitfor%2F%2A%2A%2Fdelay%270%3A0%3A6 HTTP/1.1" 200 33105 "-" "Mozilla/5.0 (iPhone14,3; U; CPU iPhone OS 15_0 like Mac OS X) AppleWebKit/602.1.50 (KHTML, like Gecko) Version/10.0 Mobile/19A346 Safari/602.1" "njcca.net"
91.90.126.75 - - [04/Mar/2023:01:34:02 -0800] "GET /HolyCross/?page_id=365%2F%2A%2A%2Fand%2F%2A%2A%2F2%3DDBMS_PIPE.RECEIVE_MESSAGE%28%27w%27%2C0%29 HTTP/1.1" 200 33105 "-" "Mozilla/5.0 (iPhone14,3; U; CPU iPhone OS 15_0 like Mac OS X) AppleWebKit/602.1.50 (KHTML, like Gecko) Version/10.0 Mobile/19A346 Safari/602.1" "njcca.net"
91.90.126.75 - - [04/Mar/2023:01:34:05 -0800] "GET /HolyCross/?page_id=365%2F%2A%2A%2Fand%2F%2A%2A%2F0%3DDBMS_PIPE.RECEIVE_MESSAGE%28%27e%27%2C6%29 HTTP/1.1" 200 33105 "-" "Mozilla/5.0 (iPhone14,3; U; CPU iPhone OS 15_0 like Mac OS X) AppleWebKit/602.1.50 (KHTML, like Gecko) Version/10.0 Mobile/19A346 Safari/602.1" "njcca.net"
91.90.126.75 - - [04/Mar/2023:01:34:09 -0800] "GET /HolyCross/?page_id=365%27%2F%2A%2A%2Fand%2F%2A%2A%2FDBMS_PIPE.RECEIVE_MESSAGE%28%27h%27%2C0%29%3D%27h HTTP/1.1" 200 33105 "-" "Mozilla/5.0 (iPhone14,3; U; CPU iPhone OS 15_0 like Mac OS X) AppleWebKit/602.1.50 (KHTML, like Gecko) Version/10.0 Mobile/19A346 Safari/602.1" "njcca.net"
91.90.126.75 - - [04/Mar/2023:01:34:13 -0800] "GET /HolyCross/?page_id=365%27%2F%2A%2A%2Fand%2F%2A%2A%2FDBMS_PIPE.RECEIVE_MESSAGE%28%27k%27%2C6%29%3D%27k HTTP/1.1" 200 33105 "-" "Mozilla/5.0 (iPhone14,3; U; CPU iPhone OS 15_0 like Mac OS X) AppleWebKit/602.1.50 (KHTML, like Gecko) Version/10.0 Mobile/19A346 Safari/602.1" "njcca.net"
192.0.102.40 - - [04/Mar/2023:01:35:51 -0800] "HEAD /BibleStudy HTTP/1.1" 301 - "-" "jetmon/1.0 (Jetpack Site Uptime Monitor by WordPress.com)" "njcca.net"
192.0.102.40 - - [04/Mar/2023:01:35:51 -0800] "HEAD /BibleStudy/ HTTP/1.1" 200 - "-" "jetmon/1.0 (Jetpack Site Uptime Monitor by WordPress.com)" "njcca.net"
192.0.102.40 - - [04/Mar/2023:01:35:59 -0800] "HEAD /HolyCross HTTP/1.1" 301 - "-" "jetmon/1.0 (Jetpack Site Uptime Monitor by WordPress.com)" "njcca.net"
192.0.102.40 - - [04/Mar/2023:01:35:59 -0800] "HEAD /HolyCross/ HTTP/1.1" 200 - "-" "jetmon/1.0 (Jetpack Site Uptime Monitor by WordPress.com)" "njcca.net"
10.247.24.81 - - [04/Mar/2023:01:36:03 -0800] "POST /HolyCross/wp-cron.php?doing_wp_cron=1677922563.3818860054016113281250 HTTP/1.1" 200 - "https://njcca.net/HolyCross/wp-cron.php?doing_wp_cron=1677922563.3818860054016113281250" "WordPress/6.1.1; https://njcca.net/HolyCross" "njcca.net"
10.247.24.80 - - [04/Mar/2023:01:35:55 -0800] "POST /BibleStudy/wp-cron.php?doing_wp_cron=1677922555.2490289211273193359375 HTTP/1.1" 500 100 "https://njcca.net/BibleStudy/wp-cron.php?doing_wp_cron=1677922555.2490289211273193359375" "WordPress/6.0.3; https://njcca.net/BibleStudy" "njcca.net"
114.119.157.124 - - [04/Mar/2023:01:39:20 -0800] "GET /HolyCross/?page_id=1593 HTTP/1.1" 200 49102 "https://njcca.net/HolyCross/?p=1628" "Mozilla/5.0 (Linux; Android 7.0;) AppleWebKit/537.36 (KHTML, like Gecko) Mobile Safari/537.36 (compatible; PetalBot;+https://webmaster.petalsearch.com/site/petalbot)" "njcca.net"
10.247.24.79 - - [04/Mar/2023:01:39:24 -0800] "POST /HolyCross/wp-cron.php?doing_wp_cron=1677922764.7734990119934082031250 HTTP/1.1" 200 - "https://njcca.net/HolyCross/wp-cron.php?doing_wp_cron=1677922764.7734990119934082031250" "WordPress/6.1.1; https://njcca.net/HolyCross" "njcca.net"
192.0.102.40 - - [04/Mar/2023:01:43:01 -0800] "HEAD /HolyCross HTTP/1.1" 301 - "-" "jetmon/1.0 (Jetpack Site Uptime Monitor by WordPress.com)" "njcca.net"
192.0.102.40 - - [04/Mar/2023:01:43:03 -0800] "HEAD /BibleStudy HTTP/1.1" 301 - "-" "jetmon/1.0 (Jetpack Site Uptime Monitor by WordPress.com)" "njcca.net"
192.0.102.40 - - [04/Mar/2023:01:43:01 -0800] "HEAD /HolyCross/ HTTP/1.1" 200 - "-" "jetmon/1.0 (Jetpack Site Uptime Monitor by WordPress.com)" "njcca.net"
192.0.102.40 - - [04/Mar/2023:01:43:04 -0800] "HEAD /BibleStudy/ HTTP/1.1" 200 - "-" "jetmon/1.0 (Jetpack Site Uptime Monitor by WordPress.com)" "njcca.net"
10.247.24.79 - - [04/Mar/2023:01:43:05 -0800] "POST /HolyCross/wp-cron.php?doing_wp_cron=1677922985.6778180599212646484375 HTTP/1.1" 200 - "https://njcca.net/HolyCross/wp-cron.php?doing_wp_cron=1677922985.6778180599212646484375" "WordPress/6.1.1; https://njcca.net/HolyCross" "njcca.net"
10.247.24.81 - - [04/Mar/2023:01:43:08 -0800] "POST /BibleStudy/wp-cron.php?doing_wp_cron=1677922988.3509099483489990234375 HTTP/1.1" 500 100 "https://njcca.net/BibleStudy/wp-cron.php?doing_wp_cron=1677922988.3509099483489990234375" "WordPress/6.0.3; https://njcca.net/BibleStudy" "njcca.net"
114.119.158.82 - - [04/Mar/2023:01:45:32 -0800] "GET /HolyCross/index.php/author/administrator/?paged=31 HTTP/1.1" 200 51381 "https://njcca.net/HolyCross/index.php/author/administrator/?paged=17" "Mozilla/5.0 (Linux; Android 7.0;) AppleWebKit/537.36 (KHTML, like Gecko) Mobile Safari/537.36 (compatible; PetalBot;+https://webmaster.petalsearch.com/site/petalbot)" "njcca.net"
10.247.24.81 - - [04/Mar/2023:01:45:35 -0800] "POST /HolyCross/wp-cron.php?doing_wp_cron=1677923135.5439000129699707031250 HTTP/1.1" 200 - "https://njcca.net/HolyCross/wp-cron.php?doing_wp_cron=1677923135.5439000129699707031250" "WordPress/6.1.1; https://njcca.net/HolyCross" "njcca.net"
207.241.236.58 - - [04/Mar/2023:01:47:39 -0800] "GET /HolyCross/?p=6351 HTTP/1.1" 200 27576 "-" "Mozilla/5.0 (compatible; archive.org_bot +http://archive.org/details/archive.org_bot)" "njcca.net"
10.247.24.80 - - [04/Mar/2023:01:47:43 -0800] "POST /HolyCross/wp-cron.php?doing_wp_cron=1677923263.5127139091491699218750 HTTP/1.1" 200 - "https://njcca.net/HolyCross/wp-cron.php?doing_wp_cron=1677923263.5127139091491699218750" "WordPress/6.1.1; https://njcca.net/HolyCross" "njcca.net"
114.119.128.127 - - [04/Mar/2023:01:50:18 -0800] "GET /HolyCross/?page_id=1385 HTTP/1.1" 200 32447 "https://njcca.net/HolyCross/?p=1628" "Mozilla/5.0 (Linux; Android 7.0;) AppleWebKit/537.36 (KHTML, like Gecko) Mobile Safari/537.36 (compatible; PetalBot;+https://webmaster.petalsearch.com/site/petalbot)" "njcca.net"
10.247.24.79 - - [04/Mar/2023:01:50:22 -0800] "POST /HolyCross/wp-cron.php?doing_wp_cron=1677923422.5088438987731933593750 HTTP/1.1" 200 - "https://njcca.net/HolyCross/wp-cron.php?doing_wp_cron=1677923422.5088438987731933593750" "WordPress/6.1.1; https://njcca.net/HolyCross" "njcca.net"
192.0.102.40 - - [04/Mar/2023:01:51:25 -0800] "HEAD /HolyCross HTTP/1.1" 301 - "-" "jetmon/1.0 (Jetpack Site Uptime Monitor by WordPress.com)" "njcca.net"
192.0.102.40 - - [04/Mar/2023:01:51:25 -0800] "HEAD /HolyCross/ HTTP/1.1" 200 - "-" "jetmon/1.0 (Jetpack Site Uptime Monitor by WordPress.com)" "njcca.net"
10.247.24.81 - - [04/Mar/2023:01:51:29 -0800] "POST /HolyCross/wp-cron.php?doing_wp_cron=1677923489.3289790153503417968750 HTTP/1.1" 200 - "https://njcca.net/HolyCross/wp-cron.php?doing_wp_cron=1677923489.3289790153503417968750" "WordPress/6.1.1; https://njcca.net/HolyCross" "njcca.net"
192.0.102.40 - - [04/Mar/2023:01:51:39 -0800] "HEAD /BibleStudy HTTP/1.1" 301 - "-" "jetmon/1.0 (Jetpack Site Uptime Monitor by WordPress.com)" "njcca.net"
192.0.102.40 - - [04/Mar/2023:01:51:39 -0800] "HEAD /BibleStudy/ HTTP/1.1" 200 - "-" "jetmon/1.0 (Jetpack Site Uptime Monitor by WordPress.com)" "njcca.net"
10.247.24.79 - - [04/Mar/2023:01:51:43 -0800] "POST /BibleStudy/wp-cron.php?doing_wp_cron=1677923503.3161671161651611328125 HTTP/1.1" 500 100 "https://njcca.net/BibleStudy/wp-cron.php?doing_wp_cron=1677923503.3161671161651611328125" "WordPress/6.0.3; https://njcca.net/BibleStudy" "njcca.net"
114.119.152.221 - - [04/Mar/2023:01:56:41 -0800] "GET /HolyCross/?p=6262 HTTP/1.1" 200 38174 "https://njcca.net/HolyCross/index.php/comments/feed/?paged=2" "Mozilla/5.0 (Linux; Android 7.0;) AppleWebKit/537.36 (KHTML, like Gecko) Mobile Safari/537.36 (compatible; PetalBot;+https://webmaster.petalsearch.com/site/petalbot)" "njcca.net"
10.247.24.81 - - [04/Mar/2023:01:56:45 -0800] "POST /HolyCross/wp-cron.php?doing_wp_cron=1677923805.8561561107635498046875 HTTP/1.1" 200 - "https://njcca.net/HolyCross/wp-cron.php?doing_wp_cron=1677923805.8561561107635498046875" "WordPress/6.1.1; https://njcca.net/HolyCross" "njcca.net"
192.0.102.40 - - [04/Mar/2023:01:58:29 -0800] "HEAD /HolyCross HTTP/1.1" 301 - "-" "jetmon/1.0 (Jetpack Site Uptime Monitor by WordPress.com)" "njcca.net"
192.0.102.40 - - [04/Mar/2023:01:58:29 -0800] "HEAD /HolyCross/ HTTP/1.1" 200 - "-" "jetmon/1.0 (Jetpack Site Uptime Monitor by WordPress.com)" "njcca.net"
10.247.24.80 - - [04/Mar/2023:01:58:33 -0800] "POST /HolyCross/wp-cron.php?doing_wp_cron=1677923913.8383569717407226562500 HTTP/1.1" 200 - "https://njcca.net/HolyCross/wp-cron.php?doing_wp_cron=1677923913.8383569717407226562500" "WordPress/6.1.1; https://njcca.net/HolyCross" "njcca.net"
192.0.102.40 - - [04/Mar/2023:01:59:13 -0800] "HEAD /BibleStudy HTTP/1.1" 301 - "-" "jetmon/1.0 (Jetpack Site Uptime Monitor by WordPress.com)" "njcca.net"
192.0.102.40 - - [04/Mar/2023:01:59:13 -0800] "HEAD /BibleStudy/ HTTP/1.1" 200 - "-" "jetmon/1.0 (Jetpack Site Uptime Monitor by WordPress.com)" "njcca.net"
10.247.24.80 - - [04/Mar/2023:01:59:17 -0800] "POST /BibleStudy/wp-cron.php?doing_wp_cron=1677923957.5332860946655273437500 HTTP/1.1" 500 100 "https://njcca.net/BibleStudy/wp-cron.php?doing_wp_cron=1677923957.5332860946655273437500" "WordPress/6.0.3; https://njcca.net/BibleStudy" "njcca.net"
114.119.144.15 - - [04/Mar/2023:02:02:30 -0800] "GET /HolyCross/?p=6165 HTTP/1.1" 200 39646 "https://njcca.net/?paged=3" "Mozilla/5.0 (Linux; Android 7.0;) AppleWebKit/537.36 (KHTML, like Gecko) Mobile Safari/537.36 (compatible; PetalBot;+https://webmaster.petalsearch.com/site/petalbot)" "njcca.net"
10.247.24.80 - - [04/Mar/2023:02:02:33 -0800] "POST /HolyCross/wp-cron.php?doing_wp_cron=1677924153.5742170810699462890625 HTTP/1.1" 200 - "https://njcca.net/HolyCross/wp-cron.php?doing_wp_cron=1677924153.5742170810699462890625" "WordPress/6.1.1; https://njcca.net/HolyCross" "njcca.net"
207.241.236.58 - - [04/Mar/2023:02:02:41 -0800] "GET /HolyCross/?p=6351 HTTP/1.1" 200 27576 "-" "Mozilla/5.0 (compatible; archive.org_bot +http://archive.org/details/archive.org_bot)" "njcca.net"
192.0.102.40 - - [04/Mar/2023:02:07:17 -0800] "HEAD /HolyCross HTTP/1.1" 301 - "-" "jetmon/1.0 (Jetpack Site Uptime Monitor by WordPress.com)" "njcca.net"
192.0.102.40 - - [04/Mar/2023:02:07:22 -0800] "HEAD /BibleStudy HTTP/1.1" 301 - "-" "jetmon/1.0 (Jetpack Site Uptime Monitor by WordPress.com)" "njcca.net"
192.0.102.40 - - [04/Mar/2023:02:07:17 -0800] "HEAD /HolyCross/ HTTP/1.1" 200 - "-" "jetmon/1.0 (Jetpack Site Uptime Monitor by WordPress.com)" "njcca.net"
10.247.24.81 - - [04/Mar/2023:02:07:21 -0800] "POST /HolyCross/wp-cron.php?doing_wp_cron=1677924441.8556981086730957031250 HTTP/1.1" 200 - "https://njcca.net/HolyCross/wp-cron.php?doing_wp_cron=1677924441.8556981086730957031250" "WordPress/6.1.1; https://njcca.net/HolyCross" "njcca.net"
192.0.102.40 - - [04/Mar/2023:02:07:22 -0800] "HEAD /BibleStudy/ HTTP/1.1" 200 - "-" "jetmon/1.0 (Jetpack Site Uptime Monitor by WordPress.com)" "njcca.net"
114.119.136.15 - - [04/Mar/2023:02:07:25 -0800] "GET /HolyCross/?p=6139 HTTP/1.1" 200 39194 "https://njcca.net/HolyCross/index.php/2018/12/26/hello-world/?paged=4" "Mozilla/5.0 (Linux; Android 7.0;) AppleWebKit/537.36 (KHTML, like Gecko) Mobile Safari/537.36 (compatible; PetalBot;+https://webmaster.petalsearch.com/site/petalbot)" "njcca.net"
10.247.24.81 - - [04/Mar/2023:02:07:26 -0800] "POST /BibleStudy/wp-cron.php?doing_wp_cron=1677924446.4740819931030273437500 HTTP/1.1" 500 100 "https://njcca.net/BibleStudy/wp-cron.php?doing_wp_cron=1677924446.4740819931030273437500" "WordPress/6.0.3; https://njcca.net/BibleStudy" "njcca.net"
114.119.136.215 - - [04/Mar/2023:02:13:27 -0800] "GET /pdf/Philip/11_our_father.pdf HTTP/1.1" 200 154208 "http://praise.njcca.net/Ministry1.html" "Mozilla/5.0 (Linux; Android 7.0;) AppleWebKit/537.36 (KHTML, like Gecko) Mobile Safari/537.36 (compatible; PetalBot;+https://webmaster.petalsearch.com/site/petalbot)" "praise.njcca.net"
192.0.102.40 - - [04/Mar/2023:02:14:21 -0800] "HEAD /HolyCross HTTP/1.1" 301 - "-" "jetmon/1.0 (Jetpack Site Uptime Monitor by WordPress.com)" "njcca.net"
192.0.102.40 - - [04/Mar/2023:02:14:24 -0800] "HEAD /BibleStudy HTTP/1.1" 301 - "-" "jetmon/1.0 (Jetpack Site Uptime Monitor by WordPress.com)" "njcca.net"
192.0.102.40 - - [04/Mar/2023:02:14:21 -0800] "HEAD /HolyCross/ HTTP/1.1" 200 - "-" "jetmon/1.0 (Jetpack Site Uptime Monitor by WordPress.com)" "njcca.net"
10.247.24.80 - - [04/Mar/2023:02:14:25 -0800] "POST /HolyCross/wp-cron.php?doing_wp_cron=1677924865.6961131095886230468750 HTTP/1.1" 200 - "https://njcca.net/HolyCross/wp-cron.php?doing_wp_cron=1677924865.6961131095886230468750" "WordPress/6.1.1; https://njcca.net/HolyCross" "njcca.net"
192.0.102.40 - - [04/Mar/2023:02:14:24 -0800] "HEAD /BibleStudy/ HTTP/1.1" 200 - "-" "jetmon/1.0 (Jetpack Site Uptime Monitor by WordPress.com)" "njcca.net"
10.247.24.81 - - [04/Mar/2023:02:14:29 -0800] "POST /BibleStudy/wp-cron.php?doing_wp_cron=1677924868.9539999961853027343750 HTTP/1.1" 500 100 "https://njcca.net/BibleStudy/wp-cron.php?doing_wp_cron=1677924868.9539999961853027343750" "WordPress/6.0.3; https://njcca.net/BibleStudy" "njcca.net"
202.175.50.143 - - [04/Mar/2023:02:17:26 -0800] "GET /pdf/Paul/57_the_lord_bless_you.pdf HTTP/1.1" 200 118265 "https://www.google.com/" "Mozilla/5.0 (Linux; Android 10; EVR-L29) AppleWebKit/537.36 (KHTML, like Gecko) Chrome/110.0.0.0 Mobile Safari/537.36" "praise.njcca.net"
207.241.236.58 - - [04/Mar/2023:02:17:43 -0800] "GET /HolyCross/?p=6351 HTTP/1.1" 200 27576 "-" "Mozilla/5.0 (compatible; archive.org_bot +http://archive.org/details/archive.org_bot)" "njcca.net"
10.247.24.81 - - [04/Mar/2023:02:17:47 -0800] "POST /HolyCross/wp-cron.php?doing_wp_cron=1677925067.6034810543060302734375 HTTP/1.1" 200 - "https://njcca.net/HolyCross/wp-cron.php?doing_wp_cron=1677925067.6034810543060302734375" "WordPress/6.1.1; https://njcca.net/HolyCross" "njcca.net"
114.119.159.243 - - [04/Mar/2023:02:19:01 -0800] "GET /HolyCross/?paged=29 HTTP/1.1" 200 51235 "https://njcca.net/HolyCross/?paged=7" "Mozilla/5.0 (Linux; Android 7.0;) AppleWebKit/537.36 (KHTML, like Gecko) Mobile Safari/537.36 (compatible; PetalBot;+https://webmaster.petalsearch.com/site/petalbot)" "njcca.net"
10.247.24.79 - - [04/Mar/2023:02:19:05 -0800] "POST /HolyCross/wp-cron.php?doing_wp_cron=1677925145.5587990283966064453125 HTTP/1.1" 200 - "https://njcca.net/HolyCross/wp-cron.php?doing_wp_cron=1677925145.5587990283966064453125" "WordPress/6.1.1; https://njcca.net/HolyCross" "njcca.net"
192.0.102.40 - - [04/Mar/2023:02:22:50 -0800] "HEAD /BibleStudy HTTP/1.1" 301 - "-" "jetmon/1.0 (Jetpack Site Uptime Monitor by WordPress.com)" "njcca.net"
192.0.102.40 - - [04/Mar/2023:02:22:50 -0800] "HEAD /BibleStudy/ HTTP/1.1" 200 - "-" "jetmon/1.0 (Jetpack Site Uptime Monitor by WordPress.com)" "njcca.net"
192.0.102.40 - - [04/Mar/2023:02:22:57 -0800] "HEAD /HolyCross HTTP/1.1" 301 - "-" "jetmon/1.0 (Jetpack Site Uptime Monitor by WordPress.com)" "njcca.net"
192.0.102.40 - - [04/Mar/2023:02:22:57 -0800] "HEAD /HolyCross/ HTTP/1.1" 200 - "-" "jetmon/1.0 (Jetpack Site Uptime Monitor by WordPress.com)" "njcca.net"
10.247.24.79 - - [04/Mar/2023:02:23:00 -0800] "POST /HolyCross/wp-cron.php?doing_wp_cron=1677925380.7943010330200195312500 HTTP/1.1" 200 - "https://njcca.net/HolyCross/wp-cron.php?doing_wp_cron=1677925380.7943010330200195312500" "WordPress/6.1.1; https://njcca.net/HolyCross" "njcca.net"
114.119.150.2 - - [04/Mar/2023:02:23:50 -0800] "GET /HolyCross/?page_id=833 HTTP/1.1" 200 33755 "https://njcca.net/HolyCross/?p=1628" "Mozilla/5.0 (Linux; Android 7.0;) AppleWebKit/537.36 (KHTML, like Gecko) Mobile Safari/537.36 (compatible; PetalBot;+https://webmaster.petalsearch.com/site/petalbot)" "njcca.net"
10.247.24.80 - - [04/Mar/2023:02:23:53 -0800] "POST /HolyCross/wp-cron.php?doing_wp_cron=1677925433.3745460510253906250000 HTTP/1.1" 200 - "https://njcca.net/HolyCross/wp-cron.php?doing_wp_cron=1677925433.3745460510253906250000" "WordPress/6.1.1; https://njcca.net/HolyCross" "njcca.net"
10.247.24.79 - - [04/Mar/2023:02:22:55 -0800] "POST /BibleStudy/wp-cron.php?doing_wp_cron=1677925375.0243020057678222656250 HTTP/1.1" 500 100 "https://njcca.net/BibleStudy/wp-cron.php?doing_wp_cron=1677925375.0243020057678222656250" "WordPress/6.0.3; https://njcca.net/BibleStudy" "njcca.net"
114.119.152.177 - - [04/Mar/2023:02:29:05 -0800] "GET /HolyCross/?page_id=691 HTTP/1.1" 200 34871 "https://njcca.net/HolyCross/?p=1628" "Mozilla/5.0 (Linux; Android 7.0;) AppleWebKit/537.36 (KHTML, like Gecko) Mobile Safari/537.36 (compatible; PetalBot;+https://webmaster.petalsearch.com/site/petalbot)" "njcca.net"
10.247.24.80 - - [04/Mar/2023:02:29:09 -0800] "POST /HolyCross/wp-cron.php?doing_wp_cron=1677925749.6981070041656494140625 HTTP/1.1" 200 - "https://njcca.net/HolyCross/wp-cron.php?doing_wp_cron=1677925749.6981070041656494140625" "WordPress/6.1.1; https://njcca.net/HolyCross" "njcca.net"
192.0.102.40 - - [04/Mar/2023:02:30:06 -0800] "HEAD /BibleStudy HTTP/1.1" 301 - "-" "jetmon/1.0 (Jetpack Site Uptime Monitor by WordPress.com)" "njcca.net"
192.0.102.40 - - [04/Mar/2023:02:30:11 -0800] "HEAD /HolyCross HTTP/1.1" 301 - "-" "jetmon/1.0 (Jetpack Site Uptime Monitor by WordPress.com)" "njcca.net"
192.0.102.40 - - [04/Mar/2023:02:30:06 -0800] "HEAD /BibleStudy/ HTTP/1.1" 200 - "-" "jetmon/1.0 (Jetpack Site Uptime Monitor by WordPress.com)" "njcca.net"
192.0.102.40 - - [04/Mar/2023:02:30:11 -0800] "HEAD /HolyCross/ HTTP/1.1" 200 - "-" "jetmon/1.0 (Jetpack Site Uptime Monitor by WordPress.com)" "njcca.net"
10.247.24.80 - - [04/Mar/2023:02:30:14 -0800] "POST /HolyCross/wp-cron.php?doing_wp_cron=1677925814.3257160186767578125000 HTTP/1.1" 200 - "https://njcca.net/HolyCross/wp-cron.php?doing_wp_cron=1677925814.3257160186767578125000" "WordPress/6.1.1; https://njcca.net/HolyCross" "njcca.net"
207.241.236.58 - - [04/Mar/2023:02:32:46 -0800] "GET /HolyCross/?p=6351 HTTP/1.1" 200 27576 "-" "Mozilla/5.0 (compatible; archive.org_bot +http://archive.org/details/archive.org_bot)" "njcca.net"
10.247.24.81 - - [04/Mar/2023:02:30:10 -0800] "POST /BibleStudy/wp-cron.php?doing_wp_cron=1677925810.7689681053161621093750 HTTP/1.1" 500 100 "https://njcca.net/BibleStudy/wp-cron.php?doing_wp_cron=1677925810.7689681053161621093750" "WordPress/6.0.3; https://njcca.net/BibleStudy" "njcca.net"
114.119.156.86 - - [04/Mar/2023:02:35:16 -0800] "GET /HolyCross/?p=6077 HTTP/1.1" 200 38798 "https://njcca.net/HolyCross/index.php/author/administrator/?paged=5" "Mozilla/5.0 (Linux; Android 7.0;) AppleWebKit/537.36 (KHTML, like Gecko) Mobile Safari/537.36 (compatible; PetalBot;+https://webmaster.petalsearch.com/site/petalbot)" "njcca.net"
10.247.24.81 - - [04/Mar/2023:02:35:20 -0800] "POST /HolyCross/wp-cron.php?doing_wp_cron=1677926120.4579839706420898437500 HTTP/1.1" 200 - "https://njcca.net/HolyCross/wp-cron.php?doing_wp_cron=1677926120.4579839706420898437500" "WordPress/6.1.1; https://njcca.net/HolyCross" "njcca.net"
192.0.102.40 - - [04/Mar/2023:02:38:37 -0800] "HEAD /HolyCross HTTP/1.1" 301 - "-" "jetmon/1.0 (Jetpack Site Uptime Monitor by WordPress.com)" "njcca.net"
192.0.102.40 - - [04/Mar/2023:02:38:37 -0800] "HEAD /HolyCross/ HTTP/1.1" 200 - "-" "jetmon/1.0 (Jetpack Site Uptime Monitor by WordPress.com)" "njcca.net"
192.0.102.40 - - [04/Mar/2023:02:38:43 -0800] "HEAD /BibleStudy HTTP/1.1" 301 - "-" "jetmon/1.0 (Jetpack Site Uptime Monitor by WordPress.com)" "njcca.net"
10.247.24.80 - - [04/Mar/2023:02:38:41 -0800] "POST /HolyCross/wp-cron.php?doing_wp_cron=1677926321.0601129531860351562500 HTTP/1.1" 200 - "https://njcca.net/HolyCross/wp-cron.php?doing_wp_cron=1677926321.0601129531860351562500" "WordPress/6.1.1; https://njcca.net/HolyCross" "njcca.net"
192.0.102.40 - - [04/Mar/2023:02:38:43 -0800] "HEAD /BibleStudy/ HTTP/1.1" 200 - "-" "jetmon/1.0 (Jetpack Site Uptime Monitor by WordPress.com)" "njcca.net"
114.119.141.133 - - [04/Mar/2023:02:40:20 -0800] "GET /HolyCross/?p=6043 HTTP/1.1" 200 37822 "https://njcca.net/HolyCross/index.php/category/uncategorized/?paged=5" "Mozilla/5.0 (Linux; Android 7.0;) AppleWebKit/537.36 (KHTML, like Gecko) Mobile Safari/537.36 (compatible; PetalBot;+https://webmaster.petalsearch.com/site/petalbot)" "njcca.net"
10.247.24.79 - - [04/Mar/2023:02:40:24 -0800] "POST /HolyCross/wp-cron.php?doing_wp_cron=1677926424.4395310878753662109375 HTTP/1.1" 200 - "https://njcca.net/HolyCross/wp-cron.php?doing_wp_cron=1677926424.4395310878753662109375" "WordPress/6.1.1; https://njcca.net/HolyCross" "njcca.net"
10.247.24.81 - - [04/Mar/2023:02:38:48 -0800] "POST /BibleStudy/wp-cron.php?doing_wp_cron=1677926328.0012021064758300781250 HTTP/1.1" 500 100 "https://njcca.net/BibleStudy/wp-cron.php?doing_wp_cron=1677926328.0012021064758300781250" "WordPress/6.0.3; https://njcca.net/BibleStudy" "njcca.net"
192.0.102.40 - - [04/Mar/2023:02:46:01 -0800] "HEAD /HolyCross HTTP/1.1" 301 - "-" "jetmon/1.0 (Jetpack Site Uptime Monitor by WordPress.com)" "njcca.net"
192.0.102.40 - - [04/Mar/2023:02:46:02 -0800] "HEAD /HolyCross/ HTTP/1.1" 200 - "-" "jetmon/1.0 (Jetpack Site Uptime Monitor by WordPress.com)" "njcca.net"
192.0.102.40 - - [04/Mar/2023:02:46:08 -0800] "HEAD /BibleStudy HTTP/1.1" 301 - "-" "jetmon/1.0 (Jetpack Site Uptime Monitor by WordPress.com)" "njcca.net"
10.247.24.79 - - [04/Mar/2023:02:46:06 -0800] "POST /HolyCross/wp-cron.php?doing_wp_cron=1677926766.0535240173339843750000 HTTP/1.1" 200 - "https://njcca.net/HolyCross/wp-cron.php?doing_wp_cron=1677926766.0535240173339843750000" "WordPress/6.1.1; https://njcca.net/HolyCross" "njcca.net"
114.119.134.238 - - [04/Mar/2023:02:46:07 -0800] "GET /HolyCross/index.php/category/uncategorized/?paged=6 HTTP/1.1" 200 53409 "https://njcca.net/HolyCross/index.php/category/uncategorized/?paged=7" "Mozilla/5.0 (Linux; Android 7.0;) AppleWebKit/537.36 (KHTML, like Gecko) Mobile Safari/537.36 (compatible; PetalBot;+https://webmaster.petalsearch.com/site/petalbot)" "njcca.net"
192.0.102.40 - - [04/Mar/2023:02:46:08 -0800] "HEAD /BibleStudy/ HTTP/1.1" 200 - "-" "jetmon/1.0 (Jetpack Site Uptime Monitor by WordPress.com)" "njcca.net"
10.247.24.80 - - [04/Mar/2023:02:46:13 -0800] "POST /BibleStudy/wp-cron.php?doing_wp_cron=1677926772.9552540779113769531250 HTTP/1.1" 500 100 "https://njcca.net/BibleStudy/wp-cron.php?doing_wp_cron=1677926772.9552540779113769531250" "WordPress/6.0.3; https://njcca.net/BibleStudy" "njcca.net"
114.119.136.251 - - [04/Mar/2023:02:51:25 -0800] "GET /HolyCross/?p=6237 HTTP/1.1" 200 38645 "https://njcca.net/HolyCross/?C=N%3BO%3DD&paged=2" "Mozilla/5.0 (Linux; Android 7.0;) AppleWebKit/537.36 (KHTML, like Gecko) Mobile Safari/537.36 (compatible; PetalBot;+https://webmaster.petalsearch.com/site/petalbot)" "njcca.net"
10.247.24.79 - - [04/Mar/2023:02:51:29 -0800] "POST /HolyCross/wp-cron.php?doing_wp_cron=1677927089.2292590141296386718750 HTTP/1.1" 200 - "https://njcca.net/HolyCross/wp-cron.php?doing_wp_cron=1677927089.2292590141296386718750" "WordPress/6.1.1; https://njcca.net/HolyCross" "njcca.net"
192.0.102.40 - - [04/Mar/2023:02:54:25 -0800] "HEAD /HolyCross HTTP/1.1" 301 - "-" "jetmon/1.0 (Jetpack Site Uptime Monitor by WordPress.com)" "njcca.net"
192.0.102.40 - - [04/Mar/2023:02:54:28 -0800] "HEAD /BibleStudy HTTP/1.1" 301 - "-" "jetmon/1.0 (Jetpack Site Uptime Monitor by WordPress.com)" "njcca.net"
192.0.102.40 - - [04/Mar/2023:02:54:25 -0800] "HEAD /HolyCross/ HTTP/1.1" 200 - "-" "jetmon/1.0 (Jetpack Site Uptime Monitor by WordPress.com)" "njcca.net"
10.247.24.79 - - [04/Mar/2023:02:54:29 -0800] "POST /HolyCross/wp-cron.php?doing_wp_cron=1677927269.6597149372100830078125 HTTP/1.1" 200 - "https://njcca.net/HolyCross/wp-cron.php?doing_wp_cron=1677927269.6597149372100830078125" "WordPress/6.1.1; https://njcca.net/HolyCross" "njcca.net"
192.0.102.40 - - [04/Mar/2023:02:54:28 -0800] "HEAD /BibleStudy/ HTTP/1.1" 200 - "-" "jetmon/1.0 (Jetpack Site Uptime Monitor by WordPress.com)" "njcca.net"
10.247.24.80 - - [04/Mar/2023:02:54:33 -0800] "POST /BibleStudy/wp-cron.php?doing_wp_cron=1677927273.0828130245208740234375 HTTP/1.1" 500 100 "https://njcca.net/BibleStudy/wp-cron.php?doing_wp_cron=1677927273.0828130245208740234375" "WordPress/6.0.3; https://njcca.net/BibleStudy" "njcca.net"
114.119.145.233 - - [04/Mar/2023:02:56:16 -0800] "GET /HolyCross/?p=425 HTTP/1.1" 200 40496 "https://njcca.net/HolyCross/?paged=32" "Mozilla/5.0 (Linux; Android 7.0;) AppleWebKit/537.36 (KHTML, like Gecko) Mobile Safari/537.36 (compatible; PetalBot;+https://webmaster.petalsearch.com/site/petalbot)" "njcca.net"
10.247.24.79 - - [04/Mar/2023:02:56:20 -0800] "POST /HolyCross/wp-cron.php?doing_wp_cron=1677927380.6636779308319091796875 HTTP/1.1" 200 - "https://njcca.net/HolyCross/wp-cron.php?doing_wp_cron=1677927380.6636779308319091796875" "WordPress/6.1.1; https://njcca.net/HolyCross" "njcca.net"
192.0.102.40 - - [04/Mar/2023:03:01:25 -0800] "HEAD /BibleStudy HTTP/1.1" 301 - "-" "jetmon/1.0 (Jetpack Site Uptime Monitor by WordPress.com)" "njcca.net"
192.0.102.40 - - [04/Mar/2023:03:01:25 -0800] "HEAD /BibleStudy/ HTTP/1.1" 200 - "-" "jetmon/1.0 (Jetpack Site Uptime Monitor by WordPress.com)" "njcca.net"
192.0.102.40 - - [04/Mar/2023:03:01:37 -0800] "HEAD /HolyCross HTTP/1.1" 301 - "-" "jetmon/1.0 (Jetpack Site Uptime Monitor by WordPress.com)" "njcca.net"
192.0.102.40 - - [04/Mar/2023:03:01:37 -0800] "HEAD /HolyCross/ HTTP/1.1" 200 - "-" "jetmon/1.0 (Jetpack Site Uptime Monitor by WordPress.com)" "njcca.net"
10.247.24.79 - - [04/Mar/2023:03:01:42 -0800] "POST /HolyCross/wp-cron.php?doing_wp_cron=1677927702.0991709232330322265625 HTTP/1.1" 200 - "https://njcca.net/HolyCross/wp-cron.php?doing_wp_cron=1677927702.0991709232330322265625" "WordPress/6.1.1; https://njcca.net/HolyCross" "njcca.net"
114.119.145.66 - - [04/Mar/2023:03:01:48 -0800] "GET /HolyCross/?p=3879 HTTP/1.1" 200 35508 "https://njcca.net/?paged=6" "Mozilla/5.0 (Linux; Android 7.0;) AppleWebKit/537.36 (KHTML, like Gecko) Mobile Safari/537.36 (compatible; PetalBot;+https://webmaster.petalsearch.com/site/petalbot)" "njcca.net"
10.247.24.81 - - [04/Mar/2023:03:01:30 -0800] "POST /BibleStudy/wp-cron.php?doing_wp_cron=1677927690.3945879936218261718750 HTTP/1.1" 500 100 "https://njcca.net/BibleStudy/wp-cron.php?doing_wp_cron=1677927690.3945879936218261718750" "WordPress/6.0.3; https://njcca.net/BibleStudy" "njcca.net"
87.250.224.15 - - [04/Mar/2023:03:06:41 -0800] "GET /robots.txt HTTP/1.1" 200 36 "-" "Mozilla/5.0 (compatible; YandexBot/3.0; +http://yandex.com/bots)" "njcca.net"
87.250.224.15 - - [04/Mar/2023:03:06:44 -0800] "GET /HolyCross/?p=6104 HTTP/1.1" 200 39870 "-" "Mozilla/5.0 (compatible; YandexBot/3.0; +http://yandex.com/bots)" "njcca.net"
10.247.24.79 - - [04/Mar/2023:03:06:48 -0800] "POST /HolyCross/wp-cron.php?doing_wp_cron=1677928008.6630489826202392578125 HTTP/1.1" 200 - "https://njcca.net/HolyCross/wp-cron.php?doing_wp_cron=1677928008.6630489826202392578125" "WordPress/6.1.1; https://njcca.net/HolyCross" "njcca.net"
114.119.161.177 - - [04/Mar/2023:03:07:05 -0800] "GET /HolyCross/?p=2503 HTTP/1.1" 200 35744 "https://njcca.net/HolyCross/?C=S%3BO%3DA&paged=9" "Mozilla/5.0 (Linux; Android 7.0;) AppleWebKit/537.36 (KHTML, like Gecko) Mobile Safari/537.36 (compatible; PetalBot;+https://webmaster.petalsearch.com/site/petalbot)" "njcca.net"
192.0.102.40 - - [04/Mar/2023:03:10:00 -0800] "HEAD /BibleStudy HTTP/1.1" 301 - "-" "jetmon/1.0 (Jetpack Site Uptime Monitor by WordPress.com)" "njcca.net"
192.0.102.40 - - [04/Mar/2023:03:10:01 -0800] "HEAD /BibleStudy/ HTTP/1.1" 200 - "-" "jetmon/1.0 (Jetpack Site Uptime Monitor by WordPress.com)" "njcca.net"
192.0.102.40 - - [04/Mar/2023:03:10:42 -0800] "HEAD /HolyCross HTTP/1.1" 301 - "-" "jetmon/1.0 (Jetpack Site Uptime Monitor by WordPress.com)" "njcca.net"
192.0.102.40 - - [04/Mar/2023:03:10:43 -0800] "HEAD /HolyCross/ HTTP/1.1" 200 - "-" "jetmon/1.0 (Jetpack Site Uptime Monitor by WordPress.com)" "njcca.net"
10.247.24.81 - - [04/Mar/2023:03:10:47 -0800] "POST /HolyCross/wp-cron.php?doing_wp_cron=1677928247.0090990066528320312500 HTTP/1.1" 200 - "https://njcca.net/HolyCross/wp-cron.php?doing_wp_cron=1677928247.0090990066528320312500" "WordPress/6.1.1; https://njcca.net/HolyCross" "njcca.net"
10.247.24.80 - - [04/Mar/2023:03:10:04 -0800] "POST /BibleStudy/wp-cron.php?doing_wp_cron=1677928204.6489040851593017578125 HTTP/1.1" 500 100 "https://njcca.net/BibleStudy/wp-cron.php?doing_wp_cron=1677928204.6489040851593017578125" "WordPress/6.0.3; https://njcca.net/BibleStudy" "njcca.net"
114.119.132.76 - - [04/Mar/2023:03:12:16 -0800] "GET /HolyCross/?p=2407 HTTP/1.1" 200 35771 "https://njcca.net/HolyCross/?cat=7&paged=11" "Mozilla/5.0 (Linux; Android 7.0;) AppleWebKit/537.36 (KHTML, like Gecko) Mobile Safari/537.36 (compatible; PetalBot;+https://webmaster.petalsearch.com/site/petalbot)" "njcca.net"
52.167.144.148 - - [04/Mar/2023:03:14:02 -0800] "GET /pdf/Philip/7_let_me_experience_you.pdf HTTP/1.1" 304 - "-" "Mozilla/5.0 AppleWebKit/537.36 (KHTML, like Gecko; compatible; bingbot/2.0; +http://www.bing.com/bingbot.htm) Chrome/103.0.5060.134 Safari/537.36" "praise.njcca.net"
192.0.102.40 - - [04/Mar/2023:03:17:12 -0800] "HEAD /BibleStudy HTTP/1.1" 301 - "-" "jetmon/1.0 (Jetpack Site Uptime Monitor by WordPress.com)" "njcca.net"
192.0.102.40 - - [04/Mar/2023:03:17:12 -0800] "HEAD /BibleStudy/ HTTP/1.1" 200 - "-" "jetmon/1.0 (Jetpack Site Uptime Monitor by WordPress.com)" "njcca.net"
192.0.102.40 - - [04/Mar/2023:03:17:21 -0800] "HEAD /HolyCross HTTP/1.1" 301 - "-" "jetmon/1.0 (Jetpack Site Uptime Monitor by WordPress.com)" "njcca.net"
192.0.102.40 - - [04/Mar/2023:03:17:21 -0800] "HEAD /HolyCross/ HTTP/1.1" 200 - "-" "jetmon/1.0 (Jetpack Site Uptime Monitor by WordPress.com)" "njcca.net"
10.247.24.79 - - [04/Mar/2023:03:17:25 -0800] "POST /HolyCross/wp-cron.php?doing_wp_cron=1677928645.0965340137481689453125 HTTP/1.1" 200 - "https://njcca.net/HolyCross/wp-cron.php?doing_wp_cron=1677928645.0965340137481689453125" "WordPress/6.1.1; https://njcca.net/HolyCross" "njcca.net"
114.119.150.254 - - [04/Mar/2023:03:18:04 -0800] "GET /HolyCross/?p=2401 HTTP/1.1" 200 35595 "https://njcca.net/HolyCross/?cat=7&paged=11" "Mozilla/5.0 (Linux; Android 7.0;) AppleWebKit/537.36 (KHTML, like Gecko) Mobile Safari/537.36 (compatible; PetalBot;+https://webmaster.petalsearch.com/site/petalbot)" "njcca.net"
10.247.24.81 - - [04/Mar/2023:03:17:17 -0800] "POST /BibleStudy/wp-cron.php?doing_wp_cron=1677928636.9393210411071777343750 HTTP/1.1" 500 100 "https://njcca.net/BibleStudy/wp-cron.php?doing_wp_cron=1677928636.9393210411071777343750" "WordPress/6.0.3; https://njcca.net/BibleStudy" "njcca.net"
114.119.130.99 - - [04/Mar/2023:03:23:24 -0800] "GET /HolyCross/?p=2376 HTTP/1.1" 200 35480 "https://njcca.net/HolyCross/?cat=7&paged=11" "Mozilla/5.0 (Linux; Android 7.0;) AppleWebKit/537.36 (KHTML, like Gecko) Mobile Safari/537.36 (compatible; PetalBot;+https://webmaster.petalsearch.com/site/petalbot)" "njcca.net"
10.247.24.79 - - [04/Mar/2023:03:23:28 -0800] "POST /HolyCross/wp-cron.php?doing_wp_cron=1677929008.7526021003723144531250 HTTP/1.1" 200 - "https://njcca.net/HolyCross/wp-cron.php?doing_wp_cron=1677929008.7526021003723144531250" "WordPress/6.1.1; https://njcca.net/HolyCross" "njcca.net"
192.0.102.40 - - [04/Mar/2023:03:25:42 -0800] "HEAD /BibleStudy HTTP/1.1" 301 - "-" "jetmon/1.0 (Jetpack Site Uptime Monitor by WordPress.com)" "njcca.net"
192.0.102.40 - - [04/Mar/2023:03:25:42 -0800] "HEAD /BibleStudy/ HTTP/1.1" 200 - "-" "jetmon/1.0 (Jetpack Site Uptime Monitor by WordPress.com)" "njcca.net"
192.0.102.40 - - [04/Mar/2023:03:25:57 -0800] "HEAD /HolyCross HTTP/1.1" 301 - "-" "jetmon/1.0 (Jetpack Site Uptime Monitor by WordPress.com)" "njcca.net"
192.0.102.40 - - [04/Mar/2023:03:25:57 -0800] "HEAD /HolyCross/ HTTP/1.1" 200 - "-" "jetmon/1.0 (Jetpack Site Uptime Monitor by WordPress.com)" "njcca.net"
10.247.24.80 - - [04/Mar/2023:03:26:01 -0800] "POST /HolyCross/wp-cron.php?doing_wp_cron=1677929161.6486821174621582031250 HTTP/1.1" 200 - "https://njcca.net/HolyCross/wp-cron.php?doing_wp_cron=1677929161.6486821174621582031250" "WordPress/6.1.1; https://njcca.net/HolyCross" "njcca.net"
10.247.24.81 - - [04/Mar/2023:03:25:46 -0800] "POST /BibleStudy/wp-cron.php?doing_wp_cron=1677929146.5451951026916503906250 HTTP/1.1" 500 100 "https://njcca.net/BibleStudy/wp-cron.php?doing_wp_cron=1677929146.5451951026916503906250" "WordPress/6.0.3; https://njcca.net/BibleStudy" "njcca.net"
114.119.156.247 - - [04/Mar/2023:03:28:33 -0800] "GET /HolyCross/?p=2281 HTTP/1.1" 200 35606 "https://njcca.net/HolyCross/index.php/author/administrator/?paged=13" "Mozilla/5.0 (Linux; Android 7.0;) AppleWebKit/537.36 (KHTML, like Gecko) Mobile Safari/537.36 (compatible; PetalBot;+https://webmaster.petalsearch.com/site/petalbot)" "njcca.net"
10.247.24.80 - - [04/Mar/2023:03:28:37 -0800] "POST /HolyCross/wp-cron.php?doing_wp_cron=1677929317.2778398990631103515625 HTTP/1.1" 200 - "https://njcca.net/HolyCross/wp-cron.php?doing_wp_cron=1677929317.2778398990631103515625" "WordPress/6.1.1; https://njcca.net/HolyCross" "njcca.net"
192.0.102.40 - - [04/Mar/2023:03:33:04 -0800] "HEAD /HolyCross HTTP/1.1" 301 - "-" "jetmon/1.0 (Jetpack Site Uptime Monitor by WordPress.com)" "njcca.net"
192.0.102.40 - - [04/Mar/2023:03:33:07 -0800] "HEAD /BibleStudy HTTP/1.1" 301 - "-" "jetmon/1.0 (Jetpack Site Uptime Monitor by WordPress.com)" "njcca.net"
192.0.102.40 - - [04/Mar/2023:03:33:04 -0800] "HEAD /HolyCross/ HTTP/1.1" 200 - "-" "jetmon/1.0 (Jetpack Site Uptime Monitor by WordPress.com)" "njcca.net"
192.0.102.40 - - [04/Mar/2023:03:33:07 -0800] "HEAD /BibleStudy/ HTTP/1.1" 200 - "-" "jetmon/1.0 (Jetpack Site Uptime Monitor by WordPress.com)" "njcca.net"
10.247.24.81 - - [04/Mar/2023:03:33:08 -0800] "POST /HolyCross/wp-cron.php?doing_wp_cron=1677929588.5140841007232666015625 HTTP/1.1" 200 - "https://njcca.net/HolyCross/wp-cron.php?doing_wp_cron=1677929588.5140841007232666015625" "WordPress/6.1.1; https://njcca.net/HolyCross" "njcca.net"
114.119.148.202 - - [04/Mar/2023:03:33:36 -0800] "GET /HolyCross/?p=2256 HTTP/1.1" 200 35478 "https://njcca.net/?paged=13" "Mozilla/5.0 (Linux; Android 7.0;) AppleWebKit/537.36 (KHTML, like Gecko) Mobile Safari/537.36 (compatible; PetalBot;+https://webmaster.petalsearch.com/site/petalbot)" "njcca.net"
10.247.24.79 - - [04/Mar/2023:03:33:40 -0800] "POST /HolyCross/wp-cron.php?doing_wp_cron=1677929620.1679189205169677734375 HTTP/1.1" 200 - "https://njcca.net/HolyCross/wp-cron.php?doing_wp_cron=1677929620.1679189205169677734375" "WordPress/6.1.1; https://njcca.net/HolyCross" "njcca.net"
10.247.24.81 - - [04/Mar/2023:03:33:10 -0800] "POST /BibleStudy/wp-cron.php?doing_wp_cron=1677929590.8729150295257568359375 HTTP/1.1" 500 100 "https://njcca.net/BibleStudy/wp-cron.php?doing_wp_cron=1677929590.8729150295257568359375" "WordPress/6.0.3; https://njcca.net/BibleStudy" "njcca.net"
114.119.148.198 - - [04/Mar/2023:03:39:31 -0800] "GET /HolyCross/?p=1968 HTTP/1.1" 200 34896 "https://njcca.net/HolyCross/?C=S%3BO%3DA&paged=17" "Mozilla/5.0 (Linux; Android 7.0;) AppleWebKit/537.36 (KHTML, like Gecko) Mobile Safari/537.36 (compatible; PetalBot;+https://webmaster.petalsearch.com/site/petalbot)" "njcca.net"
10.247.24.80 - - [04/Mar/2023:03:39:36 -0800] "POST /HolyCross/wp-cron.php?doing_wp_cron=1677929976.1981489658355712890625 HTTP/1.1" 200 - "https://njcca.net/HolyCross/wp-cron.php?doing_wp_cron=1677929976.1981489658355712890625" "WordPress/6.1.1; https://njcca.net/HolyCross" "njcca.net"
192.0.102.40 - - [04/Mar/2023:03:41:39 -0800] "HEAD /BibleStudy HTTP/1.1" 301 - "-" "jetmon/1.0 (Jetpack Site Uptime Monitor by WordPress.com)" "njcca.net"
192.0.102.40 - - [04/Mar/2023:03:41:39 -0800] "HEAD /HolyCross HTTP/1.1" 301 - "-" "jetmon/1.0 (Jetpack Site Uptime Monitor by WordPress.com)" "njcca.net"
192.0.102.40 - - [04/Mar/2023:03:41:39 -0800] "HEAD /BibleStudy/ HTTP/1.1" 200 - "-" "jetmon/1.0 (Jetpack Site Uptime Monitor by WordPress.com)" "njcca.net"
192.0.102.40 - - [04/Mar/2023:03:41:39 -0800] "HEAD /HolyCross/ HTTP/1.1" 200 - "-" "jetmon/1.0 (Jetpack Site Uptime Monitor by WordPress.com)" "njcca.net"
10.247.24.79 - - [04/Mar/2023:03:41:43 -0800] "POST /HolyCross/wp-cron.php?doing_wp_cron=1677930103.9488010406494140625000 HTTP/1.1" 200 - "https://njcca.net/HolyCross/wp-cron.php?doing_wp_cron=1677930103.9488010406494140625000" "WordPress/6.1.1; https://njcca.net/HolyCross" "njcca.net"
114.119.132.70 - - [04/Mar/2023:03:44:31 -0800] "GET /HolyCross/?p=1956 HTTP/1.1" 200 34910 "https://njcca.net/HolyCross/index.php/comments/feed/?paged=18" "Mozilla/5.0 (Linux; Android 7.0;) AppleWebKit/537.36 (KHTML, like Gecko) Mobile Safari/537.36 (compatible; PetalBot;+https://webmaster.petalsearch.com/site/petalbot)" "njcca.net"
10.247.24.80 - - [04/Mar/2023:03:44:35 -0800] "POST /HolyCross/wp-cron.php?doing_wp_cron=1677930275.2986729145050048828125 HTTP/1.1" 200 - "https://njcca.net/HolyCross/wp-cron.php?doing_wp_cron=1677930275.2986729145050048828125" "WordPress/6.1.1; https://njcca.net/HolyCross" "njcca.net"
10.247.24.80 - - [04/Mar/2023:03:41:43 -0800] "POST /BibleStudy/wp-cron.php?doing_wp_cron=1677930103.5459380149841308593750 HTTP/1.1" 500 100 "https://njcca.net/BibleStudy/wp-cron.php?doing_wp_cron=1677930103.5459380149841308593750" "WordPress/6.0.3; https://njcca.net/BibleStudy" "njcca.net"
192.0.102.40 - - [04/Mar/2023:03:48:34 -0800] "HEAD /BibleStudy HTTP/1.1" 301 - "-" "jetmon/1.0 (Jetpack Site Uptime Monitor by WordPress.com)" "njcca.net"
192.0.102.40 - - [04/Mar/2023:03:48:34 -0800] "HEAD /BibleStudy/ HTTP/1.1" 200 - "-" "jetmon/1.0 (Jetpack Site Uptime Monitor by WordPress.com)" "njcca.net"
114.119.153.253 - - [04/Mar/2023:03:49:20 -0800] "GET /HolyCross/?p=1704 HTTP/1.1" 200 37332 "https://njcca.net/HolyCross/?C=D%3BO%3DA&paged=21" "Mozilla/5.0 (Linux; Android 7.0;) AppleWebKit/537.36 (KHTML, like Gecko) Mobile Safari/537.36 (compatible; PetalBot;+https://webmaster.petalsearch.com/site/petalbot)" "njcca.net"
10.247.24.81 - - [04/Mar/2023:03:49:24 -0800] "POST /HolyCross/wp-cron.php?doing_wp_cron=1677930564.1013948917388916015625 HTTP/1.1" 200 - "https://njcca.net/HolyCross/wp-cron.php?doing_wp_cron=1677930564.1013948917388916015625" "WordPress/6.1.1; https://njcca.net/HolyCross" "njcca.net"
192.0.102.40 - - [04/Mar/2023:03:49:58 -0800] "HEAD /HolyCross HTTP/1.1" 301 - "-" "jetmon/1.0 (Jetpack Site Uptime Monitor by WordPress.com)" "njcca.net"
192.0.102.40 - - [04/Mar/2023:03:49:58 -0800] "HEAD /HolyCross/ HTTP/1.1" 200 - "-" "jetmon/1.0 (Jetpack Site Uptime Monitor by WordPress.com)" "njcca.net"
10.247.24.80 - - [04/Mar/2023:03:50:01 -0800] "POST /HolyCross/wp-cron.php?doing_wp_cron=1677930601.1894879341125488281250 HTTP/1.1" 200 - "https://njcca.net/HolyCross/wp-cron.php?doing_wp_cron=1677930601.1894879341125488281250" "WordPress/6.1.1; https://njcca.net/HolyCross" "njcca.net"
10.247.24.81 - - [04/Mar/2023:03:48:38 -0800] "POST /BibleStudy/wp-cron.php?doing_wp_cron=1677930518.6323399543762207031250 HTTP/1.1" 500 100 "https://njcca.net/BibleStudy/wp-cron.php?doing_wp_cron=1677930518.6323399543762207031250" "WordPress/6.0.3; https://njcca.net/BibleStudy" "njcca.net"
114.119.153.214 - - [04/Mar/2023:03:54:46 -0800] "GET /HolyCross/?p=1606 HTTP/1.1" 200 37406 "https://njcca.net/HolyCross/index.php/2018/12/26/hello-world/?paged=22" "Mozilla/5.0 (Linux; Android 7.0;) AppleWebKit/537.36 (KHTML, like Gecko) Mobile Safari/537.36 (compatible; PetalBot;+https://webmaster.petalsearch.com/site/petalbot)" "njcca.net"
10.247.24.80 - - [04/Mar/2023:03:54:50 -0800] "POST /HolyCross/wp-cron.php?doing_wp_cron=1677930890.7623660564422607421875 HTTP/1.1" 200 - "https://njcca.net/HolyCross/wp-cron.php?doing_wp_cron=1677930890.7623660564422607421875" "WordPress/6.1.1; https://njcca.net/HolyCross" "njcca.net"
61.135.159.168 - - [04/Mar/2023:03:56:28 -0800] "GET / HTTP/1.1" 200 51141 "-" "Sogou web spider/4.0(+http://www.sogou.com/docs/help/webmasters.htm#07)" "njcca.net"
10.247.24.79 - - [04/Mar/2023:03:56:33 -0800] "POST /HolyCross/wp-cron.php?doing_wp_cron=1677930993.0480179786682128906250 HTTP/1.1" 200 - "https://njcca.net/HolyCross/wp-cron.php?doing_wp_cron=1677930993.0480179786682128906250" "WordPress/6.1.1; https://njcca.net/HolyCross" "njcca.net"
192.0.102.40 - - [04/Mar/2023:03:56:58 -0800] "HEAD /BibleStudy HTTP/1.1" 301 - "-" "jetmon/1.0 (Jetpack Site Uptime Monitor by WordPress.com)" "njcca.net"
192.0.102.40 - - [04/Mar/2023:03:56:58 -0800] "HEAD /BibleStudy/ HTTP/1.1" 200 - "-" "jetmon/1.0 (Jetpack Site Uptime Monitor by WordPress.com)" "njcca.net"
192.0.102.40 - - [04/Mar/2023:03:58:31 -0800] "HEAD /HolyCross HTTP/1.1" 301 - "-" "jetmon/1.0 (Jetpack Site Uptime Monitor by WordPress.com)" "njcca.net"
192.0.102.40 - - [04/Mar/2023:03:58:31 -0800] "HEAD /HolyCross/ HTTP/1.1" 200 - "-" "jetmon/1.0 (Jetpack Site Uptime Monitor by WordPress.com)" "njcca.net"
10.247.24.80 - - [04/Mar/2023:03:58:34 -0800] "POST /HolyCross/wp-cron.php?doing_wp_cron=1677931114.7890419960021972656250 HTTP/1.1" 200 - "https://njcca.net/HolyCross/wp-cron.php?doing_wp_cron=1677931114.7890419960021972656250" "WordPress/6.1.1; https://njcca.net/HolyCross" "njcca.net"
10.247.24.79 - - [04/Mar/2023:03:57:02 -0800] "POST /BibleStudy/wp-cron.php?doing_wp_cron=1677931022.1810739040374755859375 HTTP/1.1" 500 100 "https://njcca.net/BibleStudy/wp-cron.php?doing_wp_cron=1677931022.1810739040374755859375" "WordPress/6.0.3; https://njcca.net/BibleStudy" "njcca.net"
